/*
Navicat MySQL Data Transfer

Source Server         : localhost
Source Server Version : 50612
Source Host           : localhost:3306
Source Database       : krounos

Target Server Type    : MYSQL
Target Server Version : 50612
File Encoding         : 65001

Date: 2020-06-14 22:54:34
*/


-- ----------------------------
-- Table structure for `jos_aicontactsafe_contactinformations`
-- ----------------------------
CREATE TABLE `jos_aicontactsafe_contactinformations` (
  `id` int(11) unsigned NOT NULL AUTO_INCREMENT,
  `profile_id` int(11) unsigned NOT NULL,
  `info_key` varchar(50) NOT NULL DEFAULT '',
  `info_label` varchar(250) NOT NULL DEFAULT '',
  `info_value` text NOT NULL,
  PRIMARY KEY (`id`)
) ENGINE=MyISAM AUTO_INCREMENT=13 DEFAULT CHARSET=utf8;

-- ----------------------------
-- Records of jos_aicontactsafe_contactinformations
-- ----------------------------
INSERT INTO `jos_aicontactsafe_contactinformations` VALUES ('1', '1', 'contact_info', 'contact_info', '<img style=\"margin-left: 10px; float: right;\" alt=\"articles\" src=\"images/stories/articles.jpg\" width=\"128\" height=\"96\" /><div style=\"width: 150px; float: left;\">Algis Info Grup SRL<br />Str. Hărmanului Nr.63<br />bl.1A sc.A ap.8<br />Brașov, România<br />500232<br /><a target=\"_blank\" href=\"http://www.algisinfo.com/\">www.algisinfo.com</a></div>');
INSERT INTO `jos_aicontactsafe_contactinformations` VALUES ('2', '2', 'contact_info', 'contact_info', '<img style=\"margin-left: 10px; float: right;\" alt=\"articles\" src=\"images/stories/articles.jpg\" width=\"128\" height=\"96\" /><div style=\"width: 150px; float: left;\">Algis Info Grup SRL<br />Str. Hărmanului Nr.63<br />bl.1A sc.A ap.8<br />Brașov, România<br />500232<br /><a target=\"_blank\" href=\"http://www.algisinfo.com/\">www.algisinfo.com</a></div>');
INSERT INTO `jos_aicontactsafe_contactinformations` VALUES ('3', '1', 'meta_description', 'meta_description', '');
INSERT INTO `jos_aicontactsafe_contactinformations` VALUES ('4', '2', 'meta_description', 'meta_description', '');
INSERT INTO `jos_aicontactsafe_contactinformations` VALUES ('5', '1', 'meta_keywords', 'meta_keywords', '');
INSERT INTO `jos_aicontactsafe_contactinformations` VALUES ('6', '2', 'meta_keywords', 'meta_keywords', '');
INSERT INTO `jos_aicontactsafe_contactinformations` VALUES ('7', '1', 'meta_robots', 'meta_robots', '');
INSERT INTO `jos_aicontactsafe_contactinformations` VALUES ('8', '2', 'meta_robots', 'meta_robots', '');
INSERT INTO `jos_aicontactsafe_contactinformations` VALUES ('9', '1', 'thank_you_message', 'thank_you_message', 'Email sent. Thank you for your message.');
INSERT INTO `jos_aicontactsafe_contactinformations` VALUES ('10', '2', 'thank_you_message', 'thank_you_message', 'Email sent. Thank you for your message.');
INSERT INTO `jos_aicontactsafe_contactinformations` VALUES ('11', '1', 'required_field_notification', 'required_field_notification', 'Fields marked with %mark% are required.');
INSERT INTO `jos_aicontactsafe_contactinformations` VALUES ('12', '2', 'required_field_notification', 'required_field_notification', 'Fields marked with %mark% are required.');

-- ----------------------------
-- Table structure for `jos_aicontactsafe_fields`
-- ----------------------------
CREATE TABLE `jos_aicontactsafe_fields` (
  `id` int(11) unsigned NOT NULL AUTO_INCREMENT,
  `name` varchar(50) NOT NULL DEFAULT '',
  `field_label` text NOT NULL,
  `label_parameters` text NOT NULL,
  `field_label_message` text NOT NULL,
  `label_message_parameters` text NOT NULL,
  `label_after_field` tinyint(1) unsigned NOT NULL DEFAULT '0',
  `field_type` varchar(2) NOT NULL DEFAULT 'TX',
  `field_parameters` text NOT NULL,
  `field_values` text NOT NULL,
  `field_limit` int(11) NOT NULL DEFAULT '0',
  `default_value` varchar(150) NOT NULL DEFAULT '',
  `auto_fill` varchar(10) NOT NULL DEFAULT '',
  `field_sufix` text NOT NULL,
  `field_prefix` text NOT NULL,
  `ordering` int(11) NOT NULL DEFAULT '0',
  `field_required` tinyint(1) unsigned NOT NULL DEFAULT '0',
  `field_in_message` tinyint(1) unsigned NOT NULL DEFAULT '1',
  `send_message` tinyint(1) unsigned NOT NULL DEFAULT '0',
  `date_added` datetime NOT NULL DEFAULT '0000-00-00 00:00:00',
  `last_update` datetime NOT NULL DEFAULT '0000-00-00 00:00:00',
  `published` tinyint(1) unsigned NOT NULL DEFAULT '1',
  `checked_out` tinyint(1) unsigned NOT NULL DEFAULT '0',
  `checked_out_time` date NOT NULL DEFAULT '0000-00-00',
  PRIMARY KEY (`id`)
) ENGINE=MyISAM AUTO_INCREMENT=7 DEFAULT CHARSET=utf8;

-- ----------------------------
-- Records of jos_aicontactsafe_fields
-- ----------------------------
INSERT INTO `jos_aicontactsafe_fields` VALUES ('1', 'aics_name', 'Name', '', 'Name', '', '0', 'TX', 'class=\'textbox\'', '', '0', '', 'UN', '', '', '1', '1', '1', '0', '2013-03-19 10:32:01', '2013-03-19 10:32:01', '1', '0', '0000-00-00');
INSERT INTO `jos_aicontactsafe_fields` VALUES ('2', 'aics_email', 'Email', '', 'Email', '', '0', 'EM', 'class=\'email\'', '', '0', '', 'UE', '', '', '2', '1', '1', '0', '2013-03-19 10:32:01', '2013-03-19 10:32:01', '1', '0', '0000-00-00');
INSERT INTO `jos_aicontactsafe_fields` VALUES ('3', 'aics_phone', 'Phone', '', 'Phone', '', '0', 'TX', 'class=\'textbox\'', '', '15', '', '', '', '', '3', '0', '1', '0', '2013-03-19 10:32:01', '2013-03-19 10:32:01', '1', '0', '0000-00-00');
INSERT INTO `jos_aicontactsafe_fields` VALUES ('4', 'aics_subject', 'Subject', '', 'Subject', '', '0', 'TX', 'class=\'textbox\'', '', '0', '', '', '', '', '4', '1', '1', '0', '2013-03-19 10:32:01', '2013-03-19 10:32:01', '1', '0', '0000-00-00');
INSERT INTO `jos_aicontactsafe_fields` VALUES ('5', 'aics_message', 'Message', '', 'Message', '', '0', 'ED', 'class=\'editbox\'', '', '500', '', '', '', '', '5', '1', '1', '0', '2013-03-19 10:32:01', '2013-03-19 10:32:01', '1', '0', '0000-00-00');
INSERT INTO `jos_aicontactsafe_fields` VALUES ('6', 'aics_send_to_sender', 'Send a copy of this message to yourself', '', 'Send a copy of this message to yourself', '', '1', 'CK', 'class=\'checkbox\'', '', '0', '', '', '', '', '6', '0', '0', '0', '2013-03-19 10:32:01', '2013-03-19 10:32:01', '1', '0', '0000-00-00');

-- ----------------------------
-- Table structure for `jos_aicontactsafe_fieldvalues`
-- ----------------------------
CREATE TABLE `jos_aicontactsafe_fieldvalues` (
  `id` int(11) unsigned NOT NULL AUTO_INCREMENT,
  `field_id` int(11) unsigned NOT NULL,
  `message_id` int(11) unsigned NOT NULL,
  `field_value` text NOT NULL,
  `date_added` datetime NOT NULL DEFAULT '0000-00-00 00:00:00',
  `last_update` datetime NOT NULL DEFAULT '0000-00-00 00:00:00',
  `published` tinyint(1) unsigned NOT NULL DEFAULT '1',
  `checked_out` tinyint(1) unsigned NOT NULL DEFAULT '0',
  `checked_out_time` date NOT NULL DEFAULT '0000-00-00',
  PRIMARY KEY (`id`)
) ENGINE=MyISAM DEFAULT CHARSET=utf8;

-- ----------------------------
-- Records of jos_aicontactsafe_fieldvalues
-- ----------------------------

-- ----------------------------
-- Table structure for `jos_aicontactsafe_messagefiles`
-- ----------------------------
CREATE TABLE `jos_aicontactsafe_messagefiles` (
  `id` int(11) unsigned NOT NULL AUTO_INCREMENT,
  `message_id` int(11) unsigned NOT NULL,
  `name` text NOT NULL,
  `r_id` int(21) unsigned NOT NULL,
  `date_added` datetime NOT NULL DEFAULT '0000-00-00 00:00:00',
  `last_update` datetime NOT NULL DEFAULT '0000-00-00 00:00:00',
  `published` tinyint(1) unsigned NOT NULL DEFAULT '1',
  `checked_out` tinyint(1) unsigned NOT NULL DEFAULT '0',
  `checked_out_time` date NOT NULL DEFAULT '0000-00-00',
  PRIMARY KEY (`id`)
) ENGINE=MyISAM DEFAULT CHARSET=utf8;

-- ----------------------------
-- Records of jos_aicontactsafe_messagefiles
-- ----------------------------

-- ----------------------------
-- Table structure for `jos_aicontactsafe_messages`
-- ----------------------------
CREATE TABLE `jos_aicontactsafe_messages` (
  `id` int(11) unsigned NOT NULL AUTO_INCREMENT,
  `name` varchar(50) NOT NULL DEFAULT '',
  `email` varchar(100) NOT NULL DEFAULT '',
  `subject` varchar(200) NOT NULL DEFAULT '',
  `message` text NOT NULL,
  `send_to_sender` tinyint(1) unsigned NOT NULL DEFAULT '0',
  `sender_ip` varchar(20) NOT NULL DEFAULT '',
  `profile_id` int(11) unsigned NOT NULL,
  `status_id` int(11) unsigned NOT NULL,
  `manual_status` tinyint(1) unsigned NOT NULL DEFAULT '0',
  `email_destination` text NOT NULL,
  `email_reply` varchar(100) NOT NULL DEFAULT '',
  `subject_reply` text NOT NULL,
  `message_reply` text NOT NULL,
  `user_id` int(11) NOT NULL DEFAULT '0',
  `date_added` datetime NOT NULL DEFAULT '0000-00-00 00:00:00',
  `last_update` datetime NOT NULL DEFAULT '0000-00-00 00:00:00',
  `published` tinyint(1) unsigned NOT NULL DEFAULT '1',
  `checked_out` tinyint(1) unsigned NOT NULL DEFAULT '0',
  `checked_out_time` date NOT NULL DEFAULT '0000-00-00',
  PRIMARY KEY (`id`)
) ENGINE=MyISAM DEFAULT CHARSET=utf8;

-- ----------------------------
-- Records of jos_aicontactsafe_messages
-- ----------------------------

-- ----------------------------
-- Table structure for `jos_aicontactsafe_profiles`
-- ----------------------------
CREATE TABLE `jos_aicontactsafe_profiles` (
  `id` int(11) unsigned NOT NULL AUTO_INCREMENT,
  `name` varchar(50) NOT NULL DEFAULT '',
  `use_ajax` tinyint(1) unsigned NOT NULL DEFAULT '0',
  `use_message_css` tinyint(1) unsigned NOT NULL DEFAULT '0',
  `contact_form_width` int(11) NOT NULL DEFAULT '0',
  `bottom_row_space` int(11) NOT NULL DEFAULT '0',
  `align_buttons` tinyint(1) unsigned NOT NULL DEFAULT '1',
  `contact_info_width` int(11) NOT NULL DEFAULT '0',
  `use_captcha` tinyint(1) unsigned NOT NULL DEFAULT '1',
  `captcha_type` tinyint(1) unsigned NOT NULL DEFAULT '0',
  `align_captcha` tinyint(1) unsigned NOT NULL DEFAULT '1',
  `email_address` varchar(100) NOT NULL DEFAULT '',
  `always_send_to_email_address` tinyint(1) unsigned NOT NULL DEFAULT '1',
  `subject_prefix` varchar(100) NOT NULL DEFAULT '',
  `email_mode` tinyint(1) unsigned NOT NULL DEFAULT '1',
  `record_message` tinyint(1) unsigned NOT NULL DEFAULT '1',
  `record_fields` tinyint(1) unsigned NOT NULL DEFAULT '0',
  `custom_date_format` varchar(30) NOT NULL DEFAULT '%d %B %Y',
  `custom_date_years_back` int(11) NOT NULL DEFAULT '70',
  `custom_date_years_forward` int(11) NOT NULL DEFAULT '0',
  `required_field_mark` text NOT NULL,
  `display_format` int(11) NOT NULL DEFAULT '2',
  `plg_contact_info` tinyint(1) unsigned NOT NULL DEFAULT '0',
  `use_random_letters` tinyint(1) unsigned NOT NULL DEFAULT '0',
  `min_word_length` tinyint(2) unsigned NOT NULL DEFAULT '5',
  `max_word_length` tinyint(2) unsigned NOT NULL DEFAULT '8',
  `set_default` tinyint(1) unsigned NOT NULL DEFAULT '0',
  `active_fields` text NOT NULL,
  `captcha_width` smallint(4) NOT NULL DEFAULT '400',
  `captcha_height` smallint(4) NOT NULL DEFAULT '55',
  `captcha_bgcolor` varchar(10) NOT NULL DEFAULT '#FFFFFF',
  `captcha_backgroundTransparent` tinyint(1) unsigned NOT NULL DEFAULT '1',
  `captcha_colors` text NOT NULL,
  `name_field_id` int(11) unsigned NOT NULL,
  `email_field_id` int(11) unsigned NOT NULL,
  `subject_field_id` int(11) unsigned NOT NULL,
  `send_to_sender_field_id` int(11) NOT NULL,
  `redirect_on_success` text NOT NULL,
  `fields_order` text NOT NULL,
  `use_mail_template` tinyint(1) unsigned NOT NULL DEFAULT '0',
  `default_status_id` int(11) unsigned NOT NULL,
  `read_status_id` int(11) unsigned NOT NULL,
  `reply_status_id` int(11) unsigned NOT NULL,
  `date_added` datetime NOT NULL DEFAULT '0000-00-00 00:00:00',
  `last_update` datetime NOT NULL DEFAULT '0000-00-00 00:00:00',
  `published` tinyint(1) unsigned NOT NULL DEFAULT '1',
  `checked_out` tinyint(1) unsigned NOT NULL DEFAULT '0',
  `checked_out_time` date NOT NULL DEFAULT '0000-00-00',
  PRIMARY KEY (`id`)
) ENGINE=MyISAM AUTO_INCREMENT=3 DEFAULT CHARSET=utf8;

-- ----------------------------
-- Records of jos_aicontactsafe_profiles
-- ----------------------------
INSERT INTO `jos_aicontactsafe_profiles` VALUES ('1', 'Default form', '0', '1', '0', '0', '1', '0', '1', '0', '1', '', '1', '', '1', '1', '0', '%d %B %Y', '60', '0', '( ! )', '2', '0', '0', '5', '8', '1', '0', '300', '55', '#FFFFFF', '1', '#FF0000;#00FF00;#0000FF', '1', '2', '4', '6', '', '', '0', '1', '2', '3', '2009-01-01 00:00:00', '2009-01-01 00:00:00', '1', '0', '0000-00-00');
INSERT INTO `jos_aicontactsafe_profiles` VALUES ('2', 'Module form', '0', '1', '0', '0', '1', '0', '1', '0', '1', '', '1', '', '1', '1', '0', '%d %B %Y', '60', '0', '( ! )', '1', '0', '0', '5', '8', '0', '0', '180', '55', '#FFFFFF', '1', '#FF0000;#00FF00;#0000FF', '1', '2', '4', '6', '', '', '0', '1', '2', '3', '2009-01-01 00:00:00', '2009-01-01 00:00:00', '1', '0', '0000-00-00');

-- ----------------------------
-- Table structure for `jos_aicontactsafe_statuses`
-- ----------------------------
CREATE TABLE `jos_aicontactsafe_statuses` (
  `id` int(11) unsigned NOT NULL AUTO_INCREMENT,
  `name` varchar(20) NOT NULL DEFAULT '',
  `color` varchar(10) NOT NULL DEFAULT '#FFFFFF',
  `ordering` int(11) NOT NULL DEFAULT '0',
  `date_added` datetime NOT NULL DEFAULT '0000-00-00 00:00:00',
  `last_update` datetime NOT NULL DEFAULT '0000-00-00 00:00:00',
  `published` tinyint(1) unsigned NOT NULL DEFAULT '1',
  `checked_out` tinyint(1) unsigned NOT NULL DEFAULT '0',
  `checked_out_time` date NOT NULL DEFAULT '0000-00-00',
  PRIMARY KEY (`id`)
) ENGINE=MyISAM AUTO_INCREMENT=5 DEFAULT CHARSET=utf8;

-- ----------------------------
-- Records of jos_aicontactsafe_statuses
-- ----------------------------
INSERT INTO `jos_aicontactsafe_statuses` VALUES ('1', 'New', '#FF0000', '1', '2013-03-19 10:32:01', '2013-03-19 10:32:01', '1', '0', '0000-00-00');
INSERT INTO `jos_aicontactsafe_statuses` VALUES ('2', 'Read', '#000000', '2', '2013-03-19 10:32:01', '2013-03-19 10:32:01', '1', '0', '0000-00-00');
INSERT INTO `jos_aicontactsafe_statuses` VALUES ('3', 'Replied', '#009900', '3', '2013-03-19 10:32:01', '2013-03-19 10:32:01', '1', '0', '0000-00-00');
INSERT INTO `jos_aicontactsafe_statuses` VALUES ('4', 'Archived', '#CCCCCC', '4', '2013-03-19 10:32:01', '2013-03-19 10:32:01', '1', '0', '0000-00-00');

-- ----------------------------
-- Table structure for `jos_banner`
-- ----------------------------
CREATE TABLE `jos_banner` (
  `bid` int(11) NOT NULL AUTO_INCREMENT,
  `cid` int(11) NOT NULL DEFAULT '0',
  `type` varchar(30) NOT NULL DEFAULT 'banner',
  `name` varchar(255) NOT NULL DEFAULT '',
  `alias` varchar(255) NOT NULL DEFAULT '',
  `imptotal` int(11) NOT NULL DEFAULT '0',
  `impmade` int(11) NOT NULL DEFAULT '0',
  `clicks` int(11) NOT NULL DEFAULT '0',
  `imageurl` varchar(100) NOT NULL DEFAULT '',
  `clickurl` varchar(200) NOT NULL DEFAULT '',
  `date` datetime DEFAULT NULL,
  `showBanner` tinyint(1) NOT NULL DEFAULT '0',
  `checked_out` tinyint(1) NOT NULL DEFAULT '0',
  `checked_out_time` datetime NOT NULL DEFAULT '0000-00-00 00:00:00',
  `editor` varchar(50) DEFAULT NULL,
  `custombannercode` text,
  `catid` int(10) unsigned NOT NULL DEFAULT '0',
  `description` text NOT NULL,
  `sticky` tinyint(1) unsigned NOT NULL DEFAULT '0',
  `ordering` int(11) NOT NULL DEFAULT '0',
  `publish_up` datetime NOT NULL DEFAULT '0000-00-00 00:00:00',
  `publish_down` datetime NOT NULL DEFAULT '0000-00-00 00:00:00',
  `tags` text NOT NULL,
  `params` text NOT NULL,
  PRIMARY KEY (`bid`),
  KEY `viewbanner` (`showBanner`),
  KEY `idx_banner_catid` (`catid`)
) ENGINE=MyISAM DEFAULT CHARSET=utf8;

-- ----------------------------
-- Records of jos_banner
-- ----------------------------

-- ----------------------------
-- Table structure for `jos_bannerclient`
-- ----------------------------
CREATE TABLE `jos_bannerclient` (
  `cid` int(11) NOT NULL AUTO_INCREMENT,
  `name` varchar(255) NOT NULL DEFAULT '',
  `contact` varchar(255) NOT NULL DEFAULT '',
  `email` varchar(255) NOT NULL DEFAULT '',
  `extrainfo` text NOT NULL,
  `checked_out` tinyint(1) NOT NULL DEFAULT '0',
  `checked_out_time` time DEFAULT NULL,
  `editor` varchar(50) DEFAULT NULL,
  PRIMARY KEY (`cid`)
) ENGINE=MyISAM DEFAULT CHARSET=utf8;

-- ----------------------------
-- Records of jos_bannerclient
-- ----------------------------

-- ----------------------------
-- Table structure for `jos_bannertrack`
-- ----------------------------
CREATE TABLE `jos_bannertrack` (
  `track_date` date NOT NULL,
  `track_type` int(10) unsigned NOT NULL,
  `banner_id` int(10) unsigned NOT NULL
) ENGINE=MyISAM DEFAULT CHARSET=utf8;

-- ----------------------------
-- Records of jos_bannertrack
-- ----------------------------

-- ----------------------------
-- Table structure for `jos_categories`
-- ----------------------------
CREATE TABLE `jos_categories` (
  `id` int(11) NOT NULL AUTO_INCREMENT,
  `parent_id` int(11) NOT NULL DEFAULT '0',
  `title` varchar(255) NOT NULL DEFAULT '',
  `name` varchar(255) NOT NULL DEFAULT '',
  `alias` varchar(255) NOT NULL DEFAULT '',
  `image` varchar(255) NOT NULL DEFAULT '',
  `section` varchar(50) NOT NULL DEFAULT '',
  `image_position` varchar(30) NOT NULL DEFAULT '',
  `description` text NOT NULL,
  `published` tinyint(1) NOT NULL DEFAULT '0',
  `checked_out` int(11) unsigned NOT NULL DEFAULT '0',
  `checked_out_time` datetime NOT NULL DEFAULT '0000-00-00 00:00:00',
  `editor` varchar(50) DEFAULT NULL,
  `ordering` int(11) NOT NULL DEFAULT '0',
  `access` tinyint(3) unsigned NOT NULL DEFAULT '0',
  `count` int(11) NOT NULL DEFAULT '0',
  `params` text NOT NULL,
  PRIMARY KEY (`id`),
  KEY `cat_idx` (`section`,`published`,`access`),
  KEY `idx_access` (`access`),
  KEY `idx_checkout` (`checked_out`)
) ENGINE=MyISAM AUTO_INCREMENT=16 DEFAULT CHARSET=utf8;

-- ----------------------------
-- Records of jos_categories
-- ----------------------------
INSERT INTO `jos_categories` VALUES ('1', '0', 'Basic', '', 'basic', '', 'com_rokcandy', 'left', '', '1', '0', '0000-00-00 00:00:00', null, '1', '0', '0', '');
INSERT INTO `jos_categories` VALUES ('2', '0', 'Typography', '', 'typography', '', 'com_rokcandy', 'left', '', '1', '0', '0000-00-00 00:00:00', null, '1', '0', '0', '');
INSERT INTO `jos_categories` VALUES ('3', '0', 'Πρωτοσέλιδο', '', '2013-03-14-08-33-54', '', '1', 'left', '', '1', '62', '2013-06-08 11:22:04', null, '1', '0', '0', '');
INSERT INTO `jos_categories` VALUES ('4', '0', 'Έργα', '', '2013-03-19-07-52-51', '', '1', 'left', '', '1', '0', '0000-00-00 00:00:00', null, '2', '0', '0', '');
INSERT INTO `jos_categories` VALUES ('5', '0', 'Επικοινωνία', '', '2013-03-19-07-53-58', '', 'com_contact_details', 'left', '', '1', '67', '2015-02-19 11:17:52', null, '1', '0', '0', '');
INSERT INTO `jos_categories` VALUES ('6', '0', 'Έργα Επεξεργασίας Λυμάτων', '', '2013-03-20-07-27-50', '', '2', 'left', '<p>Έργα που υλοποίησε η εταιρεία μας και αφορούν επεξεργασία λυμάτων.</p>', '1', '0', '0000-00-00 00:00:00', null, '1', '0', '0', '');
INSERT INTO `jos_categories` VALUES ('7', '0', 'Έργα επεξεργασίας υδάτων', '', '2013-03-20-07-28-45', '', '2', 'left', '<p>Έργα που αφορούν την επεξεργασία υδάτων.</p>', '1', '0', '0000-00-00 00:00:00', null, '2', '0', '0', '');
INSERT INTO `jos_categories` VALUES ('8', '0', 'Διάφορα Έργα', '', '2013-03-20-07-29-08', '', '2', 'left', '<p>Διάφορα έργα.</p>', '1', '62', '2013-06-08 11:26:08', null, '3', '0', '0', '');
INSERT INTO `jos_categories` VALUES ('9', '0', 'Έργα Αναπλάσεων', '', '2013-03-20-07-29-46', '', '2', 'left', '<p>Έργα αναπλάσεων χώρων.</p>', '1', '0', '0000-00-00 00:00:00', null, '4', '0', '0', '');
INSERT INTO `jos_categories` VALUES ('10', '0', 'Έργα Διάθεσης Απορριμάτων', '', '2013-03-20-07-32-06', '', '2', 'left', '<p>Έργα χώρων διάθεσης απορριμάτων και αποβλήτων.</p>', '1', '0', '0000-00-00 00:00:00', null, '3', '0', '0', '');
INSERT INTO `jos_categories` VALUES ('11', '0', 'Έργα Ενέργειας', '', '2013-03-22-07-48-33', '', '2', 'left', '<p>Εγκατάσταση και λειτουργία φωτοβολταϊκών.</p>', '1', '0', '0000-00-00 00:00:00', null, '5', '0', '0', '');
INSERT INTO `jos_categories` VALUES ('12', '0', 'Νέα', '', '2013-06-10-06-35-37', '', '3', 'left', '<p>Νέα που αφορούν το περιβάλλον ...</p>', '1', '0', '0000-00-00 00:00:00', null, '3', '0', '0', '');
INSERT INTO `jos_categories` VALUES ('13', '0', 'Ισολογισμοί', '', '2013-06-10-06-36-03', '', '3', 'left', '<p>Δημοσίευση ισολογισμών της εταιρείας ...</p>', '1', '0', '0000-00-00 00:00:00', null, '4', '0', '0', '');
INSERT INTO `jos_categories` VALUES ('14', '0', 'Ανακοινώσεις', '', 'anakoinoseis', '', '3', 'left', '<p>Ανακοινώσεις σχετικά με την εταιρεία μας ...</p>', '1', '0', '0000-00-00 00:00:00', null, '5', '0', '0', '');

-- ----------------------------
-- Table structure for `jos_components`
-- ----------------------------
CREATE TABLE `jos_components` (
  `id` int(11) NOT NULL AUTO_INCREMENT,
  `name` varchar(50) NOT NULL DEFAULT '',
  `link` varchar(255) NOT NULL DEFAULT '',
  `menuid` int(11) unsigned NOT NULL DEFAULT '0',
  `parent` int(11) unsigned NOT NULL DEFAULT '0',
  `admin_menu_link` varchar(255) NOT NULL DEFAULT '',
  `admin_menu_alt` varchar(255) NOT NULL DEFAULT '',
  `option` varchar(50) NOT NULL DEFAULT '',
  `ordering` int(11) NOT NULL DEFAULT '0',
  `admin_menu_img` varchar(255) NOT NULL DEFAULT '',
  `iscore` tinyint(4) NOT NULL DEFAULT '0',
  `params` text NOT NULL,
  `enabled` tinyint(4) NOT NULL DEFAULT '1',
  PRIMARY KEY (`id`),
  KEY `parent_option` (`parent`,`option`(32))
) ENGINE=MyISAM AUTO_INCREMENT=71 DEFAULT CHARSET=utf8;

-- ----------------------------
-- Records of jos_components
-- ----------------------------
INSERT INTO `jos_components` VALUES ('1', 'Banners', '', '0', '0', '', 'Banner Management', 'com_banners', '0', 'js/ThemeOffice/component.png', '0', 'track_impressions=0\ntrack_clicks=0\ntag_prefix=\n\n', '1');
INSERT INTO `jos_components` VALUES ('2', 'Banners', '', '0', '1', 'option=com_banners', 'Active Banners', 'com_banners', '1', 'js/ThemeOffice/edit.png', '0', '', '1');
INSERT INTO `jos_components` VALUES ('3', 'Clients', '', '0', '1', 'option=com_banners&c=client', 'Manage Clients', 'com_banners', '2', 'js/ThemeOffice/categories.png', '0', '', '1');
INSERT INTO `jos_components` VALUES ('4', 'Web Links', 'option=com_weblinks', '0', '0', '', 'Manage Weblinks', 'com_weblinks', '0', 'js/ThemeOffice/component.png', '0', 'show_comp_description=1\ncomp_description=\nshow_link_hits=1\nshow_link_description=1\nshow_other_cats=1\nshow_headings=1\nshow_page_title=1\nlink_target=0\nlink_icons=\n\n', '1');
INSERT INTO `jos_components` VALUES ('5', 'Links', '', '0', '4', 'option=com_weblinks', 'View existing weblinks', 'com_weblinks', '1', 'js/ThemeOffice/edit.png', '0', '', '1');
INSERT INTO `jos_components` VALUES ('6', 'Categories', '', '0', '4', 'option=com_categories&section=com_weblinks', 'Manage weblink categories', '', '2', 'js/ThemeOffice/categories.png', '0', '', '1');
INSERT INTO `jos_components` VALUES ('7', 'Contacts', 'option=com_contact', '0', '0', '', 'Edit contact details', 'com_contact', '0', 'js/ThemeOffice/component.png', '1', 'contact_icons=0\nicon_address=\nicon_email=\nicon_telephone=\nicon_fax=\nicon_misc=\nshow_headings=1\nshow_position=1\nshow_email=0\nshow_telephone=1\nshow_mobile=1\nshow_fax=1\nbannedEmail=\nbannedSubject=\nbannedText=\nsession=1\ncustomReply=0\n\n', '1');
INSERT INTO `jos_components` VALUES ('8', 'Contacts', '', '0', '7', 'option=com_contact', 'Edit contact details', 'com_contact', '0', 'js/ThemeOffice/edit.png', '1', '', '1');
INSERT INTO `jos_components` VALUES ('9', 'Categories', '', '0', '7', 'option=com_categories&section=com_contact_details', 'Manage contact categories', '', '2', 'js/ThemeOffice/categories.png', '1', 'contact_icons=0\nicon_address=\nicon_email=\nicon_telephone=\nicon_fax=\nicon_misc=\nshow_headings=1\nshow_position=1\nshow_email=0\nshow_telephone=1\nshow_mobile=1\nshow_fax=1\nbannedEmail=\nbannedSubject=\nbannedText=\nsession=1\ncustomReply=0\n\n', '1');
INSERT INTO `jos_components` VALUES ('10', 'Polls', 'option=com_poll', '0', '0', 'option=com_poll', 'Manage Polls', 'com_poll', '0', 'js/ThemeOffice/component.png', '0', '', '1');
INSERT INTO `jos_components` VALUES ('11', 'News Feeds', 'option=com_newsfeeds', '0', '0', '', 'News Feeds Management', 'com_newsfeeds', '0', 'js/ThemeOffice/component.png', '0', '', '1');
INSERT INTO `jos_components` VALUES ('12', 'Feeds', '', '0', '11', 'option=com_newsfeeds', 'Manage News Feeds', 'com_newsfeeds', '1', 'js/ThemeOffice/edit.png', '0', 'show_headings=1\nshow_name=1\nshow_articles=1\nshow_link=1\nshow_cat_description=1\nshow_cat_items=1\nshow_feed_image=1\nshow_feed_description=1\nshow_item_description=1\nfeed_word_count=0\n\n', '1');
INSERT INTO `jos_components` VALUES ('13', 'Categories', '', '0', '11', 'option=com_categories&section=com_newsfeeds', 'Manage Categories', '', '2', 'js/ThemeOffice/categories.png', '0', '', '1');
INSERT INTO `jos_components` VALUES ('14', 'User', 'option=com_user', '0', '0', '', '', 'com_user', '0', '', '1', '', '1');
INSERT INTO `jos_components` VALUES ('15', 'Search', 'option=com_search', '0', '0', 'option=com_search', 'Search Statistics', 'com_search', '0', 'js/ThemeOffice/component.png', '1', 'enabled=0\n\n', '1');
INSERT INTO `jos_components` VALUES ('16', 'Categories', '', '0', '1', 'option=com_categories&section=com_banner', 'Categories', '', '3', '', '1', '', '1');
INSERT INTO `jos_components` VALUES ('17', 'Wrapper', 'option=com_wrapper', '0', '0', '', 'Wrapper', 'com_wrapper', '0', '', '1', '', '1');
INSERT INTO `jos_components` VALUES ('18', 'Mail To', '', '0', '0', '', '', 'com_mailto', '0', '', '1', '', '1');
INSERT INTO `jos_components` VALUES ('19', 'Media Manager', '', '0', '0', 'option=com_media', 'Media Manager', 'com_media', '0', '', '1', 'upload_extensions=bmp,csv,doc,epg,gif,ico,jpg,odg,odp,ods,odt,pdf,png,ppt,swf,txt,xcf,xls,BMP,CSV,DOC,EPG,GIF,ICO,JPG,ODG,ODP,ODS,ODT,PDF,PNG,PPT,SWF,TXT,XCF,XLS\nupload_maxsize=10000000\nfile_path=images\nimage_path=images/stories\nrestrict_uploads=1\nallowed_media_usergroup=3\ncheck_mime=1\nimage_extensions=bmp,gif,jpg,png\nignore_extensions=\nupload_mime=image/jpeg,image/gif,image/png,image/bmp,application/x-shockwave-flash,application/msword,application/excel,application/pdf,application/powerpoint,text/plain,application/x-zip\nupload_mime_illegal=text/html\nenable_flash=0\n\n', '1');
INSERT INTO `jos_components` VALUES ('20', 'Articles', 'option=com_content', '0', '0', '', '', 'com_content', '0', '', '1', 'show_noauth=0\nshow_title=1\nlink_titles=0\nshow_intro=1\nshow_section=0\nlink_section=0\nshow_category=0\nlink_category=0\nshow_author=0\nshow_create_date=0\nshow_modify_date=0\nshow_item_navigation=0\nshow_readmore=0\nshow_vote=0\nshow_icons=0\nshow_pdf_icon=0\nshow_print_icon=0\nshow_email_icon=0\nshow_hits=0\nfeed_summary=0\nfilter_tags=\nfilter_attritbutes=\n\n', '1');
INSERT INTO `jos_components` VALUES ('21', 'Configuration Manager', '', '0', '0', '', 'Configuration', 'com_config', '0', '', '1', '', '1');
INSERT INTO `jos_components` VALUES ('22', 'Installation Manager', '', '0', '0', '', 'Installer', 'com_installer', '0', '', '1', '', '1');
INSERT INTO `jos_components` VALUES ('23', 'Language Manager', '', '0', '0', '', 'Languages', 'com_languages', '0', '', '1', 'site=el-GR\nadministrator=el-GR\n\n', '1');
INSERT INTO `jos_components` VALUES ('24', 'Mass mail', '', '0', '0', '', 'Mass Mail', 'com_massmail', '0', '', '1', 'mailSubjectPrefix=\nmailBodySuffix=\n\n', '1');
INSERT INTO `jos_components` VALUES ('25', 'Menu Editor', '', '0', '0', '', 'Menu Editor', 'com_menus', '0', '', '1', '', '1');
INSERT INTO `jos_components` VALUES ('27', 'Messaging', '', '0', '0', '', 'Messages', 'com_messages', '0', '', '1', '', '1');
INSERT INTO `jos_components` VALUES ('28', 'Modules Manager', '', '0', '0', '', 'Modules', 'com_modules', '0', '', '1', '', '1');
INSERT INTO `jos_components` VALUES ('29', 'Plugin Manager', '', '0', '0', '', 'Plugins', 'com_plugins', '0', '', '1', '', '1');
INSERT INTO `jos_components` VALUES ('30', 'Template Manager', '', '0', '0', '', 'Templates', 'com_templates', '0', '', '1', '', '1');
INSERT INTO `jos_components` VALUES ('31', 'User Manager', '', '0', '0', '', 'Users', 'com_users', '0', '', '1', 'allowUserRegistration=1\nnew_usertype=Registered\nuseractivation=1\nfrontend_userparams=1\n\n', '1');
INSERT INTO `jos_components` VALUES ('32', 'Cache Manager', '', '0', '0', '', 'Cache', 'com_cache', '0', '', '1', '', '1');
INSERT INTO `jos_components` VALUES ('33', 'Control Panel', '', '0', '0', '', 'Control Panel', 'com_cpanel', '0', '', '1', '', '1');
INSERT INTO `jos_components` VALUES ('39', 'RokNavMenuBundle', '', '0', '0', '', 'RokNavMenuBundle', 'com_roknavmenubundle', '0', '', '0', '', '1');
INSERT INTO `jos_components` VALUES ('61', 'RokCommon', '', '0', '0', '', 'RokCommon', 'com_rokcommon', '0', '', '0', '', '1');
INSERT INTO `jos_components` VALUES ('35', 'Gantry', '', '0', '0', '', 'Gantry', 'com_gantry', '0', '', '0', '', '1');
INSERT INTO `jos_components` VALUES ('38', 'RokGallery', 'option=com_rokgallery', '0', '0', 'option=com_rokgallery', 'RokGallery', 'com_rokgallery', '0', 'components/com_rokgallery/assets/images/rokgallery_16x16.png', '0', '', '1');
INSERT INTO `jos_components` VALUES ('40', 'RokCandyBundle', '', '0', '0', '', 'RokCandyBundle', 'com_rokcandybundle', '0', '', '0', '', '0');
INSERT INTO `jos_components` VALUES ('41', 'RokCandy', '', '0', '0', 'option=com_rokcandy', 'RokCandy', 'com_rokcandy', '0', 'components/com_rokcandy/assets/rokcandy-icon-16.png', '1', '', '1');
INSERT INTO `jos_components` VALUES ('42', 'Macros', '', '0', '41', 'option=com_rokcandy', 'Macros', 'com_rokcandy', '0', 'images/blank.png', '0', '', '1');
INSERT INTO `jos_components` VALUES ('43', 'Categories', '', '0', '41', 'option=com_categories&section=com_rokcandy', 'Categories', 'com_rokcandy', '1', 'images/blank.png', '0', '', '1');
INSERT INTO `jos_components` VALUES ('59', 'RokModule', '', '0', '0', '', 'RokModule', 'com_rokmodule', '0', '', '0', '', '1');
INSERT INTO `jos_components` VALUES ('45', 'JCE', 'option=com_jce', '0', '0', 'option=com_jce', 'JCE', 'com_jce', '0', 'components/com_jce/media/img/menu/logo.png', '0', '', '1');
INSERT INTO `jos_components` VALUES ('46', 'WF_MENU_CPANEL', '', '0', '45', 'option=com_jce', 'WF_MENU_CPANEL', 'com_jce', '0', 'components/com_jce/media/img/menu/jce-cpanel.png', '0', '', '1');
INSERT INTO `jos_components` VALUES ('47', 'WF_MENU_CONFIG', '', '0', '45', 'option=com_jce&view=config', 'WF_MENU_CONFIG', 'com_jce', '1', 'components/com_jce/media/img/menu/jce-config.png', '0', '', '1');
INSERT INTO `jos_components` VALUES ('48', 'WF_MENU_PROFILES', '', '0', '45', 'option=com_jce&view=profiles', 'WF_MENU_PROFILES', 'com_jce', '2', 'components/com_jce/media/img/menu/jce-profiles.png', '0', '', '1');
INSERT INTO `jos_components` VALUES ('49', 'WF_MENU_INSTALL', '', '0', '45', 'option=com_jce&view=installer', 'WF_MENU_INSTALL', 'com_jce', '3', 'components/com_jce/media/img/menu/jce-install.png', '0', '', '1');
INSERT INTO `jos_components` VALUES ('51', 'COM_AICONTACTSAFE', 'option=com_aicontactsafe', '0', '0', 'option=com_aicontactsafe', 'COM_AICONTACTSAFE', 'com_aicontactsafe', '0', 'components/com_aicontactsafe/images/aicontactsafe_icon.gif', '0', '', '1');
INSERT INTO `jos_components` VALUES ('52', 'COM_AICONTACTSAFE_MESSAGES', '', '0', '51', 'option=com_aicontactsafe&sTask=messages', 'COM_AICONTACTSAFE_MESSAGES', 'com_aicontactsafe', '0', 'components/com_aicontactsafe/images/aicontactsafe_icon.gif', '0', '', '1');
INSERT INTO `jos_components` VALUES ('53', 'COM_AICONTACTSAFE_ATTACHMENTS', '', '0', '51', 'option=com_aicontactsafe&sTask=attachments', 'COM_AICONTACTSAFE_ATTACHMENTS', 'com_aicontactsafe', '1', 'components/com_aicontactsafe/images/aicontactsafe_icon.gif', '0', '', '1');
INSERT INTO `jos_components` VALUES ('54', 'COM_AICONTACTSAFE_PROFILES', '', '0', '51', 'option=com_aicontactsafe&sTask=profiles', 'COM_AICONTACTSAFE_PROFILES', 'com_aicontactsafe', '2', 'components/com_aicontactsafe/images/aicontactsafe_icon.gif', '0', '', '1');
INSERT INTO `jos_components` VALUES ('55', 'COM_AICONTACTSAFE_FIELDS', '', '0', '51', 'option=com_aicontactsafe&sTask=fields', 'COM_AICONTACTSAFE_FIELDS', 'com_aicontactsafe', '3', 'components/com_aicontactsafe/images/aicontactsafe_icon.gif', '0', '', '1');
INSERT INTO `jos_components` VALUES ('56', 'COM_AICONTACTSAFE_STATUSES', '', '0', '51', 'option=com_aicontactsafe&sTask=statuses', 'COM_AICONTACTSAFE_STATUSES', 'com_aicontactsafe', '4', 'components/com_aicontactsafe/images/aicontactsafe_icon.gif', '0', '', '1');
INSERT INTO `jos_components` VALUES ('57', 'COM_AICONTACTSAFE_CONTROL_PANEL', '', '0', '51', 'option=com_aicontactsafe&sTask=control_panel', 'COM_AICONTACTSAFE_CONTROL_PANEL', 'com_aicontactsafe', '5', 'components/com_aicontactsafe/images/aicontactsafe_icon.gif', '0', '', '1');
INSERT INTO `jos_components` VALUES ('58', 'COM_AICONTACTSAFE_ABOUT', '', '0', '51', 'option=com_aicontactsafe&sTask=about', 'COM_AICONTACTSAFE_ABOUT', 'com_aicontactsafe', '6', 'components/com_aicontactsafe/images/aicontactsafe_icon.gif', '0', '', '1');
INSERT INTO `jos_components` VALUES ('70', 'RokGalleryDistribution', '', '0', '0', '', 'RokGalleryDistribution', 'com_rokgallerydistribution', '0', '', '0', '', '1');

-- ----------------------------
-- Table structure for `jos_contact_details`
-- ----------------------------
CREATE TABLE `jos_contact_details` (
  `id` int(11) NOT NULL AUTO_INCREMENT,
  `name` varchar(255) NOT NULL DEFAULT '',
  `alias` varchar(255) NOT NULL DEFAULT '',
  `con_position` varchar(255) DEFAULT NULL,
  `address` text,
  `suburb` varchar(100) DEFAULT NULL,
  `state` varchar(100) DEFAULT NULL,
  `country` varchar(100) DEFAULT NULL,
  `postcode` varchar(100) DEFAULT NULL,
  `telephone` varchar(255) DEFAULT NULL,
  `fax` varchar(255) DEFAULT NULL,
  `misc` mediumtext,
  `image` varchar(255) DEFAULT NULL,
  `imagepos` varchar(20) DEFAULT NULL,
  `email_to` varchar(255) DEFAULT NULL,
  `default_con` tinyint(1) unsigned NOT NULL DEFAULT '0',
  `published` tinyint(1) unsigned NOT NULL DEFAULT '0',
  `checked_out` int(11) unsigned NOT NULL DEFAULT '0',
  `checked_out_time` datetime NOT NULL DEFAULT '0000-00-00 00:00:00',
  `ordering` int(11) NOT NULL DEFAULT '0',
  `params` text NOT NULL,
  `user_id` int(11) NOT NULL DEFAULT '0',
  `catid` int(11) NOT NULL DEFAULT '0',
  `access` tinyint(3) unsigned NOT NULL DEFAULT '0',
  `mobile` varchar(255) NOT NULL DEFAULT '',
  `webpage` varchar(255) NOT NULL DEFAULT '',
  PRIMARY KEY (`id`),
  KEY `catid` (`catid`)
) ENGINE=MyISAM AUTO_INCREMENT=2 DEFAULT CHARSET=utf8;

-- ----------------------------
-- Records of jos_contact_details
-- ----------------------------
INSERT INTO `jos_contact_details` VALUES ('1', 'ΠΑΝΑΓΙΩΤΗΣ ΠΑΡΑΣΚΕΥΟΠΟΥΛΟΣ - ΚΡΟΥΝΟΣ ΑΕ', '2013-03-19-08-39-44', '', 'Ρήγα Φεραίου 7', 'Αλεξανδρούπολη', 'Έβρος', 'Ελλάδα', '68100', '+302551022494', '+302551033568', '', '', null, 'krounos1@tee.gr', '0', '1', '0', '0000-00-00 00:00:00', '1', 'show_name=1\nshow_position=1\nshow_email=1\nshow_street_address=1\nshow_suburb=1\nshow_state=1\nshow_postcode=1\nshow_country=1\nshow_telephone=1\nshow_mobile=1\nshow_fax=1\nshow_webpage=1\nshow_misc=1\nshow_image=1\nallow_vcard=0\ncontact_icons=0\nicon_address=\nicon_email=\nicon_telephone=\nicon_mobile=\nicon_fax=\nicon_misc=\nshow_email_form=1\nemail_description=ΚΡΟΥΝΟΣ ΕΠΕ - ΠΑΡΑΣΚΕΥΟΠΟΥΛΟΣ\nshow_email_copy=1\nbanned_email=\nbanned_subject=\nbanned_text=', '0', '5', '0', '+306932318001', 'http://www.krounos-spa.gr');

-- ----------------------------
-- Table structure for `jos_content`
-- ----------------------------
CREATE TABLE `jos_content` (
  `id` int(11) unsigned NOT NULL AUTO_INCREMENT,
  `title` varchar(255) NOT NULL DEFAULT '',
  `alias` varchar(255) NOT NULL DEFAULT '',
  `title_alias` varchar(255) NOT NULL DEFAULT '',
  `introtext` mediumtext NOT NULL,
  `fulltext` mediumtext NOT NULL,
  `state` tinyint(3) NOT NULL DEFAULT '0',
  `sectionid` int(11) unsigned NOT NULL DEFAULT '0',
  `mask` int(11) unsigned NOT NULL DEFAULT '0',
  `catid` int(11) unsigned NOT NULL DEFAULT '0',
  `created` datetime NOT NULL DEFAULT '0000-00-00 00:00:00',
  `created_by` int(11) unsigned NOT NULL DEFAULT '0',
  `created_by_alias` varchar(255) NOT NULL DEFAULT '',
  `modified` datetime NOT NULL DEFAULT '0000-00-00 00:00:00',
  `modified_by` int(11) unsigned NOT NULL DEFAULT '0',
  `checked_out` int(11) unsigned NOT NULL DEFAULT '0',
  `checked_out_time` datetime NOT NULL DEFAULT '0000-00-00 00:00:00',
  `publish_up` datetime NOT NULL DEFAULT '0000-00-00 00:00:00',
  `publish_down` datetime NOT NULL DEFAULT '0000-00-00 00:00:00',
  `images` text NOT NULL,
  `urls` text NOT NULL,
  `attribs` text NOT NULL,
  `version` int(11) unsigned NOT NULL DEFAULT '1',
  `parentid` int(11) unsigned NOT NULL DEFAULT '0',
  `ordering` int(11) NOT NULL DEFAULT '0',
  `metakey` text NOT NULL,
  `metadesc` text NOT NULL,
  `access` int(11) unsigned NOT NULL DEFAULT '0',
  `hits` int(11) unsigned NOT NULL DEFAULT '0',
  `metadata` text NOT NULL,
  PRIMARY KEY (`id`),
  KEY `idx_section` (`sectionid`),
  KEY `idx_access` (`access`),
  KEY `idx_checkout` (`checked_out`),
  KEY `idx_state` (`state`),
  KEY `idx_catid` (`catid`),
  KEY `idx_createdby` (`created_by`)
) ENGINE=MyISAM AUTO_INCREMENT=64 DEFAULT CHARSET=utf8;

-- ----------------------------
-- Records of jos_content
-- ----------------------------
INSERT INTO `jos_content` VALUES ('1', 'ΠΑΝΑΓΙΩΤΗΣ ΠΑΡΑΣΚΕΥΟΠΟΥΛΟΣ - ΚΡΟΥΝΟΣ ΑΕ', '2013-03-14-08-37-35', '', '<p>Η ατομική επιχείρηση <strong>ΠΑΝΑΓΙΩΤΗΣ Ι. ΠΑΡΑΣΚΕΥΟΠΟΥΛΟΣ</strong> ιδρύθηκε το 1980, ενώ το 2000 ιδρύθηκε η εταιρεία <strong>ΚΡΟΥΝΟΣ ΑΕ</strong>.</p>\r\n<p>Αντικείμενο των επιχειρήσεων Π. Ι. ΠΑΡΑΣΚΕΥΟΠΟΥΛΟΣ – ΚΡΟΥΝΟΣ ΑΕ είναι η μελέτη, κατασκευή, συντήρηση και λειτουργία σύνθετων ιδιωτικών και δημοσίων έργων στους εξής κυρίως τομείς :</p>\r\n<ul>\r\n<li>Εγκαταστάσεις επεξεργασίας αστικών λυμάτων</li>\r\n<li>Εγκαταστάσεις επεξεργασίας βιομηχανικών αποβλήτων</li>\r\n<li>Εγκαταστάσεις επεξεργασίας πόσιμου και βιομηχανικού ύδατος</li>\r\n<li>Κατασκευή σφαγείων</li>\r\n<li>Κατασκευή βιομηχανικών εγκαταστάσεων</li>\r\n<li>Εγκαταστάσεις διαχείρισης στερεών απορριμμάτων</li>\r\n<li>Αναπλάσεις δημοσίων χώρων</li>\r\n<li>Κατασκευή κτιριακών εγκαταστάσεων</li>\r\n<li>Αποχέτευση – ύδρευση</li>\r\n<li>Λειτουργία εγκαταστάσεων επεξεργασίας λυμάτων – βιομηχανικών αποβλήτων και ύδατος</li>\r\n</ul>\r\n<p> </p>\r\n<p>Είναι μέλος (είτε ως ατομική επιχείρηση, είτε ως εταιρεία) στους εξής φορείς : ΕΒΕΑ, ΕΕΔΕ, ΤΕΕ, ΕΕΣΔΑ</p>\r\n<p> </p>\r\n<hr />\r\n<p> </p>\r\n<p>Ακρογωνιαίος λίθος των επιχειρήσεων Π.Ι.ΠΑΡΑΣΚΕΥΟΠΟΥΛΟΣ – ΚΡΟΥΝΟΣ ΑΕ είναι το διαρκές εξελισσόμενο ανθρώπινο δυναμικό τους που αποτελείται από 16 άτομα από τα οποία τα 7 είναι πτυχιούχοι πολυτεχνείων και πανεπιστημίων.</p>\r\n<p> </p>\r\n<hr />\r\n<table border=\"0\">\r\n<tbody>\r\n<tr>\r\n<td>{rokbox thumb=|images/stories/iso1th.jpg|}images/stories/iso1.jpg{/rokbox}</td>\r\n<td>Με στόχο την τέλεια ποιότητα εφαρμόζονται σύγχρονα συστήματα οργάνωσης και διασφάλισης ποιότητας. Έτσι η επιχείρηση είναι κάτοχος πιστοποιητικού <strong>ISO 9001</strong>: <strong>2000</strong> από το 2005.</td>\r\n</tr>\r\n</tbody>\r\n</table>', '', '1', '1', '0', '3', '2013-03-14 08:34:00', '62', '', '2015-02-19 13:46:25', '67', '0', '0000-00-00 00:00:00', '2013-03-14 08:34:00', '0000-00-00 00:00:00', '', '', 'show_title=\nlink_titles=\nshow_intro=\nshow_section=\nlink_section=\nshow_category=\nlink_category=\nshow_vote=\nshow_author=\nshow_create_date=\nshow_modify_date=\nshow_pdf_icon=\nshow_print_icon=\nshow_email_icon=\nlanguage=\nkeyref=\nreadmore=', '12', '0', '3', '', '', '0', '141', 'robots=\nauthor=');
INSERT INTO `jos_content` VALUES ('2', 'Έργα', 'erga', '', '<p>Χάρτης Έργων</p>\r\n<p><hr /></p>\r\n{mosmap icon=\'http://www.krounos-spa.gr/images/M_images/waste_icon.png\'|iconwidth=\'23\'|iconheight=\'28\'|width=\'400px\'|height=\'300px\'|align=\'none\'|lat=\'41.4791\'|lon=\'26.546\'|zoom=\'13\'|zoomType=\'Large\'|showScale=\'1\'| zoomNew=\'1\'|mapType=\'Satellite\'|showMaptype=\'1\'|overview=\'0\'}\r\n<p><hr /></p>', '', '0', '1', '0', '3', '2013-03-14 10:47:43', '62', '', '2013-06-12 08:17:28', '62', '67', '2015-02-19 11:15:29', '2013-03-14 10:47:43', '0000-00-00 00:00:00', '', '', 'show_title=\nlink_titles=\nshow_intro=\nshow_section=\nlink_section=\nshow_category=\nlink_category=\nshow_vote=\nshow_author=\nshow_create_date=\nshow_modify_date=\nshow_pdf_icon=\nshow_print_icon=\nshow_email_icon=\nlanguage=\nkeyref=\nreadmore=', '14', '0', '2', '', '', '0', '0', 'robots=\nauthor=');
INSERT INTO `jos_content` VALUES ('3', 'Κατάλογος Έργων', '2013-03-19-08-41-40', '', '<p>Κατάλογος Έργων</p>', '', '0', '1', '0', '4', '2013-03-19 08:40:47', '62', '', '0000-00-00 00:00:00', '0', '67', '2015-02-19 13:41:46', '2013-03-19 08:40:47', '0000-00-00 00:00:00', '', '', 'show_title=\nlink_titles=\nshow_intro=\nshow_section=\nlink_section=\nshow_category=\nlink_category=\nshow_vote=\nshow_author=\nshow_create_date=\nshow_modify_date=\nshow_pdf_icon=\nshow_print_icon=\nshow_email_icon=\nlanguage=\nkeyref=\nreadmore=', '1', '0', '2', '', '', '0', '99', 'robots=\nauthor=');
INSERT INTO `jos_content` VALUES ('4', 'Εγκαταστάσεις Επεξεργασίας Λυμάτων Ορεστιάδας', '2013-03-19-09-03-06', '', '<p><b><span style=\"color: black; font-family: \'Verdana\',\'sans-serif\'; font-size: 7.5pt;\">ΕΡΓΟ:</span></b><span style=\"color: black; font-family: \'Verdana\',\'sans-serif\'; font-size: 7.5pt;\"> ΕΓΚΑΤΑΣΤΑΣΕΙΣ ΕΠΕΞΕΡΓΑΣΙΑΣ ΛΥΜΑΤΩΝ ΟΡΕΣΤΙΑΔΑΣ</span></p>\r\n<p><b><span style=\"color: black; font-family: \'Verdana\',\'sans-serif\'; font-size: 7.5pt;\">ΕΡΓΟΔΟΤΗΣ:</span></b><span style=\"color: black; font-family: \'Verdana\',\'sans-serif\'; font-size: 7.5pt;\"> Δ.Ε.Υ.Α. ΟΡΕΣΤΙΑΔΑΣ</span></p>\r\n<p><b><span style=\"color: black; font-family: \'Verdana\',\'sans-serif\'; font-size: 7.5pt;\">ΙΣΟΔΥΝΑΜΟΣ ΠΛΗΘΥΣΜΟΣ:</span></b><span style=\"color: black; font-family: \'Verdana\',\'sans-serif\'; font-size: 7.5pt;\"> 45.000</span></p>\r\n<p><b><span style=\"color: black; font-family: \'Verdana\',\'sans-serif\'; font-size: 7.5pt;\">ΕΤΟΣ ΟΛΟΚΛΗΡΩΣΗΣ:</span></b><span style=\"color: black; font-family: \'Verdana\',\'sans-serif\'; font-size: 7.5pt;\"> 2002</span></p>\r\n<p><span style=\"color: black; font-family: \'Verdana\',\'sans-serif\'; font-size: 7.5pt;\"></span></p>\r\n<hr />\r\n<p>&nbsp;</p>\r\n<p>{rokbox thumb=|images/stories/projects/orestiadaLymata1_th.jpg|}images/stories/projects/orestiadaLymata1.jpg{/rokbox} {rokbox thumb=|images/stories/projects/orestiadaLymata2_th.jpg|}images/stories/projects/orestiadaLymata2.jpg{/rokbox}&nbsp;</p>\r\n<p>&nbsp;</p>\r\n<hr />\r\n<p>&nbsp;</p>\r\n<p>{mosmap icon=\'http://www.krounos-spa.gr/images/M_images/waste_icon.png\'|iconwidth=\'23\'|iconheight=\'28\'|width=\'640px\'|height=\'480px\'|align=\'none\'|lat=\'41.4791\'|lon=\'26.546\'|zoom=\'14\'|zoomType=\'Large\'|showScale=\'1\'| zoomNew=\'1\'|mapType=\'Satellite\'|showMaptype=\'1\'|overview=\'0\'|text=\'ΕΓΚΑΤΑΣΤΑΣΕΙΣ ΕΠΕΞΕΡΓΑΣΙΑΣ ΛΥΜΑΤΩΝ ΟΡΕΣΤΙΑΔΑΣ\'|tooltip=\'ΕΓΚΑΤΑΣΤΑΣΕΙΣ ΕΠΕΞΕΡΓΑΣΙΑΣ ΛΥΜΑΤΩΝ ΟΡΕΣΤΙΑΔΑΣ\'}</p>', '', '1', '2', '0', '6', '2013-03-19 09:02:01', '62', '', '2013-06-12 07:54:58', '62', '67', '2015-01-27 13:32:55', '2013-03-19 09:02:01', '0000-00-00 00:00:00', '', '', 'show_title=\nlink_titles=\nshow_intro=\nshow_section=\nlink_section=\nshow_category=\nlink_category=\nshow_vote=\nshow_author=\nshow_create_date=\nshow_modify_date=\nshow_pdf_icon=\nshow_print_icon=\nshow_email_icon=\nlanguage=\nkeyref=\nreadmore=', '9', '0', '23', '', '', '0', '118', 'robots=\nauthor=');
INSERT INTO `jos_content` VALUES ('5', 'Εγκαταστάσεις Επεξεργασίας Λυμάτων Διδυμοτείχου', '2013-03-19-09-04-39', '', '<p><strong><span style=\"color: #2a2c26; font-family: \'Lucida Sans Unicode\',\'sans-serif\'; font-size: 8.5pt;\">ΕΡΓΟ:</span></strong><span style=\"color: #2a2c26; font-family: \'Lucida Sans Unicode\',\'sans-serif\'; font-size: 8.5pt;\"> ΕΓΚΑΤΑΣΤΑΣΕΙΣ ΕΠΕΞΕΡΓΑΣΙΑΣ ΛΥΜΑΤΩΝ ΔΙΔΥΜΟΤΕΙΧΟΥ</span></p>\r\n<p><strong><span style=\"color: #2a2c26; font-family: \'Lucida Sans Unicode\',\'sans-serif\'; font-size: 8.5pt;\">ΕΡΓΟΔΟΤΗΣ:</span></strong><span style=\"color: #2a2c26; font-family: \'Lucida Sans Unicode\',\'sans-serif\'; font-size: 8.5pt;\"> ΔΗΜΟΣ ΔΙΔΥΜΟΤΕΙΧΟΥ</span></p>\r\n<p><strong><span style=\"color: #2a2c26; font-family: \'Lucida Sans Unicode\',\'sans-serif\'; font-size: 8.5pt;\">ΙΣΟΔΥΝΑΜΟΣ ΠΛΗΘΥΣΜΟΣ:</span></strong><span style=\"color: #2a2c26; font-family: \'Lucida Sans Unicode\',\'sans-serif\'; font-size: 8.5pt;\"> 22.500</span></p>\r\n<p><strong><span style=\"color: #2a2c26; font-family: \'Lucida Sans Unicode\',\'sans-serif\'; font-size: 8.5pt;\">ΕΤΟΣ ΟΛΟΚΛΗΡΩΣΗΣ:</span></strong><span style=\"color: #2a2c26; font-family: \'Lucida Sans Unicode\',\'sans-serif\'; font-size: 8.5pt;\"> 2003</span></p>\r\n<p> </p>\r\n<hr />\r\n<p> </p>\r\n<p> </p>\r\n<p>{rokbox thumb=|images/stories/projects/didiLymata1_th.jpg|}images/stories/projects/didiLymata1.jpg{/rokbox} {rokbox thumb=|images/stories/projects/didiLymata2_th.jpg|}images/stories/projects/didiLymata2.jpg{/rokbox}</p>\r\n<p> </p>\r\n<hr />\r\n<p> </p>\r\n{mosmap icon=\'http://www.krounos-spa.gr/images/M_images/waste_icon.png\'|iconwidth=\'23\'|iconheight=\'28\'|width=\'640px\'|height=\'480px\'|align=\'none\'|lat=\'41.339\'|lon=\'26.506\'|zoom=\'13\'|zoomType=\'Large\'|showScale=\'1\'| zoomNew=\'1\'|mapType=\'Satellite\'|showMaptype=\'1\'|overview=\'0\'|text=\'ΕΓΚΑΤΑΣΤΑΣΕΙΣ ΕΠΕΞΕΡΓΑΣΙΑΣ ΛΥΜΑΤΩΝ ΔΙΔΥΜΟΤΕΙΧΟΥ\'|tooltip=\'ΕΓΚΑΤΑΣΤΑΣΕΙΣ ΕΠΕΞΕΡΓΑΣΙΑΣ ΛΥΜΑΤΩΝ ΔΙΔΥΜΟΤΕΙΧΟΥ\'}', '', '1', '2', '0', '6', '2013-03-19 09:04:03', '62', '', '2014-12-05 16:47:14', '65', '65', '2014-12-05 16:47:15', '2013-03-19 09:04:03', '0000-00-00 00:00:00', '', '', 'show_title=\nlink_titles=\nshow_intro=\nshow_section=\nlink_section=\nshow_category=\nlink_category=\nshow_vote=\nshow_author=\nshow_create_date=\nshow_modify_date=\nshow_pdf_icon=\nshow_print_icon=\nshow_email_icon=\nlanguage=\nkeyref=\nreadmore=', '7', '0', '22', '', '', '0', '103', 'robots=\nauthor=');
INSERT INTO `jos_content` VALUES ('47', 'test test test', '2013-07-08-09-24-44', '', '<p><strong><span style=\"color: #2a2c26; font-family: \'Lucida Sans Unicode\',\'sans-serif\'; font-size: 8.5pt;\">ΕΡΓΟ:</span></strong><span style=\"color: #2a2c26; font-family: \'Lucida Sans Unicode\',\'sans-serif\'; font-size: 8.5pt;\"> ΚΑΤΑΣΚΕΥΗ test test<br /></span></p>\r\n<p>klghshkjdfhg<br />shgfg4hdfjh4df4hj</p>\r\n<hr />\r\n<p> </p>\r\n<p>{rokbox thumb=|images/stories/projects/idrima.jpg|}images/stories/projects/idrima.jpg{/rokbox} <span style=\"line-height: 15.8079996109009px;\">{rokbox thumb=|images/stories/projects/idrima1.jpg|}images/stories/projects/idrima1.jpg{/rokbox}<br /></span>{rokbox thumb=|images/stories/projects/orestiadaNero2_th.jpg|}images/stories/projects/orestiadaNero2.jpg{/rokbox}{rokbox thumb=|images/stories/projects/orestiadaNero3_th.jpg|}images/stories/projects/orestiadaNero3.jpg{/rokbox}{rokbox thumb=|images/stories/projects/orestiadaNero4_th.jpg|}images/stories/projects/orestiadaNero4.jpg{/rokbox}</p>\r\n<hr />\r\n<p> </p>\r\n<p> </p>', '', '-2', '2', '0', '7', '2013-07-08 09:24:11', '62', '', '2014-12-05 18:14:47', '65', '0', '0000-00-00 00:00:00', '2013-07-08 09:24:11', '0000-00-00 00:00:00', '', '', 'show_title=\nlink_titles=\nshow_intro=\nshow_section=\nlink_section=\nshow_category=\nlink_category=\nshow_vote=\nshow_author=\nshow_create_date=\nshow_modify_date=\nshow_pdf_icon=\nshow_print_icon=\nshow_email_icon=\nlanguage=\nkeyref=\nreadmore=', '7', '0', '0', '', '', '0', '8', 'robots=\nauthor=');
INSERT INTO `jos_content` VALUES ('6', 'Εγκαταστάσεις Επεξεργασίας Λυμάτων Σουφλίου', '2013-03-20-08-02-02', '', '<p><strong><span style=\"color: #2a2c26; font-family: \'Lucida Sans Unicode\',\'sans-serif\'; font-size: 8.5pt;\">ΕΡΓΟ:</span></strong><span style=\"color: #2a2c26; font-family: \'Lucida Sans Unicode\',\'sans-serif\'; font-size: 8.5pt;\"> ΕΓΚΑΤΑΣΤΑΣΕΙΣ ΕΠΕΞΕΡΓΑΣΙΑΣ ΛΥΜΑΤΩΝ ΣΟΥΦΛΙΟΥ</span></p>\r\n<p><strong><span style=\"color: #2a2c26; font-family: \'Lucida Sans Unicode\',\'sans-serif\'; font-size: 8.5pt;\">ΕΡΓΟΔΟΤΗΣ:</span></strong><span style=\"color: #2a2c26; font-family: \'Lucida Sans Unicode\',\'sans-serif\'; font-size: 8.5pt;\"> ΔΗΜΟΣ ΣΟΥΦΛΙΟΥ</span></p>\r\n<p><strong><span style=\"color: #2a2c26; font-family: \'Lucida Sans Unicode\',\'sans-serif\'; font-size: 8.5pt;\">ΙΣΟΔΥΝΑΜΟΣ ΠΛΗΘΥΣΜΟΣ:</span></strong><span style=\"color: #2a2c26; font-family: \'Lucida Sans Unicode\',\'sans-serif\'; font-size: 8.5pt;\"> 14.369</span></p>\r\n<p><strong><span style=\"color: #2a2c26; font-family: \'Lucida Sans Unicode\',\'sans-serif\'; font-size: 8.5pt;\">ΕΤΟΣ ΟΛΟΚΛΗΡΩΣΗΣ:</span></strong><span style=\"color: #2a2c26; font-family: \'Lucida Sans Unicode\',\'sans-serif\'; font-size: 8.5pt;\"> 2003</span></p>\r\n<p><span style=\"color: #2a2c26; font-family: \'Lucida Sans Unicode\',\'sans-serif\'; font-size: 8.5pt;\"><hr /></span></p>\r\n<p><span style=\"color: #2a2c26; font-family: \'Lucida Sans Unicode\',\'sans-serif\'; font-size: 8.5pt;\"></span></p>\r\n<p>{rokbox thumb=|images/stories/projects/soufliLymata1_th.jpg|}images/stories/projects/soufliLymata1.jpg{/rokbox}</p>\r\n<p><hr /></p>\r\n<p><span style=\"color: #2a2c26; font-family: \'Lucida Sans Unicode\',\'sans-serif\'; font-size: 8.5pt;\"></span></p>\r\n<p>&nbsp;</p>\r\n<p><span style=\"color: #2a2c26; font-family: \'Lucida Sans Unicode\',\'sans-serif\'; font-size: 8.5pt;\"></span></p>\r\n{mosmap icon=\'http://www.krounos-spa.gr/images/M_images/waste_icon.png\'|iconwidth=\'23\'|iconheight=\'28\'|width=\'640px\'|height=\'480px\'|align=\'none\'|lat=\'41.195\'|lon=\'26.317\'|zoom=\'13\'|zoomType=\'Large\'|showScale=\'1\'| zoomNew=\'1\'|mapType=\'Satellite\'|showMaptype=\'1\'|overview=\'0\'|text=\'ΕΓΚΑΤΑΣΤΑΣΕΙΣ ΕΠΕΞΕΡΓΑΣΙΑΣ ΛΥΜΑΤΩΝ ΣΟΥΦΛΙΟΥ\'|tooltip=\'ΕΓΚΑΤΑΣΤΑΣΕΙΣ ΕΠΕΞΕΡΓΑΣΙΑΣ ΛΥΜΑΤΩΝ ΣΟΥΦΛΙΟΥ\'}', '', '1', '2', '0', '6', '2013-03-20 08:01:13', '62', '', '2013-06-12 08:06:42', '62', '0', '0000-00-00 00:00:00', '2013-03-20 08:01:13', '0000-00-00 00:00:00', '', '', 'show_title=\nlink_titles=\nshow_intro=\nshow_section=\nlink_section=\nshow_category=\nlink_category=\nshow_vote=\nshow_author=\nshow_create_date=\nshow_modify_date=\nshow_pdf_icon=\nshow_print_icon=\nshow_email_icon=\nlanguage=\nkeyref=\nreadmore=', '3', '0', '21', '', '', '0', '94', 'robots=\nauthor=');
INSERT INTO `jos_content` VALUES ('7', 'Επέκταση Εγκατάστασης Επεξεργασίας Λυμάτων Αλεξανδρούπολης', '2013-03-20-08-04-37', '', '<p><strong><span style=\"color: #2a2c26; font-family: \'Lucida Sans Unicode\',\'sans-serif\'; font-size: 8.5pt;\">ΕΡΓΟ:</span></strong><span style=\"color: #2a2c26; font-family: \'Lucida Sans Unicode\',\'sans-serif\'; font-size: 8.5pt;\"> ΕΠΕΚΤΑΣΗ ΕΓΚΑΤΑΣΤΑΣΗΣ ΕΠΕΞΕΡΓΑΣΙΑΣ ΛΥΜΑΤΩΝ ΑΛΕΞΑΝΔΡΟΥΠΟΛΗΣ</span></p>\r\n<p><strong><span style=\"color: #2a2c26; font-family: \'Lucida Sans Unicode\',\'sans-serif\'; font-size: 8.5pt;\">ΕΡΓΟΔΟΤΗΣ:</span></strong><span style=\"color: #2a2c26; font-family: \'Lucida Sans Unicode\',\'sans-serif\'; font-size: 8.5pt;\"> Δ.Ε.Υ.Α. ΑΛΕΞΑΝΔΡΟΥΠΟΛΗΣ</span></p>\r\n<p><strong><span style=\"color: #2a2c26; font-family: \'Lucida Sans Unicode\',\'sans-serif\'; font-size: 8.5pt;\">ΙΣΟΔΥΝΑΜΟΣ ΠΛΗΘΥΣΜΟΣ:</span></strong><span style=\"color: #2a2c26; font-family: \'Lucida Sans Unicode\',\'sans-serif\'; font-size: 8.5pt;\"> 74.500</span></p>\r\n<p><strong><span style=\"color: #2a2c26; font-family: \'Lucida Sans Unicode\',\'sans-serif\'; font-size: 8.5pt;\">ΕΤΟΣ ΟΛΟΚΛΗΡΩΣΗΣ:</span></strong><span style=\"color: #2a2c26; font-family: \'Lucida Sans Unicode\',\'sans-serif\'; font-size: 8.5pt;\"> 2008<br /><br /><strong>ΠΡΟΫΠΟΛΟΓΙΣΜΟΣ:</strong> 2.438.569,70€ ΜΕ ΦΠΑ </span></p>\r\n<p> </p>\r\n<hr />\r\n<p> </p>\r\n<p> </p>\r\n<p>{rokbox thumb=|images/stories/projects/alexLymata1_th.jpg|}images/stories/projects/alexLymata1.jpg{/rokbox}{rokbox thumb=|images/stories/projects/alexLymata2_th.jpg|}images/stories/projects/alexLymata2.jpg{/rokbox}{rokbox thumb=|images/stories/projects/alexLymata3_th.jpg|}images/stories/projects/alexLymata3.jpg{/rokbox}<span style=\"font-size: 12.16px; line-height: 15.808px;\">{rokbox thumb=|images/stories/projects/bioalex001.jpg|}images/stories/projects/bioalex001.jpg{/rokbox}<span style=\"font-size: 12.16px; line-height: 15.808px;\"><span style=\"font-size: 12.16px; line-height: 15.808px;\">{rokbox thumb=|images/stories/projects/bioalex007.jpg|}images/stories/projects/bioalex007.jpg{/rokbox}</span></span></span></p>\r\n<hr />\r\n<p> </p>\r\n<p> </p>\r\n<p> </p>', '', '1', '2', '0', '6', '2013-03-20 08:02:56', '62', '', '2015-09-24 09:46:30', '67', '0', '0000-00-00 00:00:00', '2013-03-20 08:02:56', '0000-00-00 00:00:00', '', '', 'show_title=\nlink_titles=\nshow_intro=\nshow_section=\nlink_section=\nshow_category=\nlink_category=\nshow_vote=\nshow_author=\nshow_create_date=\nshow_modify_date=\nshow_pdf_icon=\nshow_print_icon=\nshow_email_icon=\nlanguage=\nkeyref=\nreadmore=', '6', '0', '20', '', '', '0', '135', 'robots=\nauthor=');
INSERT INTO `jos_content` VALUES ('8', 'Εγκαταστάσεις Επεξεργασίας Λυμάτων Χωριού SOS', '-sos', '', '<p><strong><span style=\"color: #2a2c26; font-family: \'Lucida Sans Unicode\',\'sans-serif\'; font-size: 8.5pt;\">ΕΡΓΟ:</span></strong><span style=\"color: #2a2c26; font-family: \'Lucida Sans Unicode\',\'sans-serif\'; font-size: 8.5pt;\"> ΕΓΚΑΤΑΣΤΑΣΕΙΣ ΕΠΕΞΕΡΓΑΣΙΑΣ ΛΥΜΑΤΩΝ ΧΩΡΙΟΥ SOS</span></p>\r\n<p><strong><span style=\"color: #2a2c26; font-family: \'Lucida Sans Unicode\',\'sans-serif\'; font-size: 8.5pt;\">ΕΡΓΟΔΟΤΗΣ:</span></strong><span style=\"color: #2a2c26; font-family: \'Lucida Sans Unicode\',\'sans-serif\'; font-size: 8.5pt;\"> ΧΩΡΙΟ SOS</span></p>\r\n<p><strong><span style=\"color: #2a2c26; font-family: \'Lucida Sans Unicode\',\'sans-serif\'; font-size: 8.5pt;\">ΙΣΟΔΥΝΑΜΟΣ ΠΛΗΘΥΣΜΟΣ:</span></strong><span style=\"color: #2a2c26; font-family: \'Lucida Sans Unicode\',\'sans-serif\'; font-size: 8.5pt;\"> 100</span></p>\r\n<p><strong><span style=\"color: #2a2c26; font-family: \'Lucida Sans Unicode\',\'sans-serif\'; font-size: 8.5pt;\">ΕΤΟΣ ΟΛΟΚΛΗΡΩΣΗΣ:</span></strong><span style=\"color: #2a2c26; font-family: \'Lucida Sans Unicode\',\'sans-serif\'; font-size: 8.5pt;\"> 2008</span></p>\r\n<p><span style=\"color: #2a2c26; font-family: \'Lucida Sans Unicode\',\'sans-serif\'; font-size: 8.5pt;\"><hr /></span></p>\r\n<p><span style=\"color: #2a2c26; font-family: \'Lucida Sans Unicode\',\'sans-serif\'; font-size: 8.5pt;\"></span></p>\r\n<p>{rokbox thumb=|images/stories/projects/sosLymata1_th.jpg|}images/stories/projects/sosLymata1.jpg{/rokbox}</p>\r\n<p><span style=\"color: #2a2c26; font-family: \'Lucida Sans Unicode\',\'sans-serif\'; font-size: 8.5pt;\"></span></p>\r\n<hr />\r\n<p><span style=\"color: #2a2c26; font-family: \'Lucida Sans Unicode\',\'sans-serif\'; font-size: 8.5pt;\"></span></p>\r\n<p>&nbsp;</p>\r\n<p><span style=\"color: #2a2c26; font-family: \'Lucida Sans Unicode\',\'sans-serif\'; font-size: 8.5pt;\"></span></p>', '', '1', '2', '0', '6', '2013-03-20 08:06:14', '62', '', '2013-06-12 07:11:58', '62', '0', '0000-00-00 00:00:00', '2013-03-20 08:06:14', '0000-00-00 00:00:00', '', '', 'show_title=\nlink_titles=\nshow_intro=\nshow_section=\nlink_section=\nshow_category=\nlink_category=\nshow_vote=\nshow_author=\nshow_create_date=\nshow_modify_date=\nshow_pdf_icon=\nshow_print_icon=\nshow_email_icon=\nlanguage=\nkeyref=\nreadmore=', '2', '0', '19', '', '', '0', '103', 'robots=\nauthor=');
INSERT INTO `jos_content` VALUES ('9', 'Εγκαταστάσεις Επεξεργασίας Λυμάτων Αγίου Κυπριανού', '2013-03-20-08-08-29', '', '<p><strong><span style=\"color: #2a2c26; font-family: \'Lucida Sans Unicode\',\'sans-serif\'; font-size: 8.5pt;\">ΕΡΓΟ:</span></strong><span style=\"color: #2a2c26; font-family: \'Lucida Sans Unicode\',\'sans-serif\'; font-size: 8.5pt;\"> ΕΓΚΑΤΑΣΤΑΣΕΙΣ ΕΠΕΞΕΡΓΑΣΙΑΣ ΛΥΜΑΤΩΝ ΣΤΑΥΡΙΔΕΙΟΥ ΕΚΚΛΗΣΙΑΣΤΙΚΟΥ ΙΔΡΥΜΑΤΟΣ \"ΑΓ. ΚΥΠΡΙΑΝΟΣ\"</span></p>\r\n<p><strong><span style=\"color: #2a2c26; font-family: \'Lucida Sans Unicode\',\'sans-serif\'; font-size: 8.5pt;\">ΕΡΓΟΔΟΤΗΣ:</span></strong><span style=\"color: #2a2c26; font-family: \'Lucida Sans Unicode\',\'sans-serif\'; font-size: 8.5pt;\"> ΣΤΑΥΡΙΔΕΙΟ ΕΚΚΛΗΣΙΑΣΤΙΚΟ ΙΔΡΥΜΑ</span></p>\r\n<p><strong><span style=\"color: #2a2c26; font-family: \'Lucida Sans Unicode\',\'sans-serif\'; font-size: 8.5pt;\">ΙΣΟΔΥΝΑΜΟΣ ΠΛΗΘΥΣΜΟΣ:</span></strong><span style=\"color: #2a2c26; font-family: \'Lucida Sans Unicode\',\'sans-serif\'; font-size: 8.5pt;\"> 100</span></p>\r\n<p><strong><span style=\"color: #2a2c26; font-family: \'Lucida Sans Unicode\',\'sans-serif\'; font-size: 8.5pt;\">ΕΤΟΣ ΟΛΟΚΛΗΡΩΣΗΣ:</span></strong><span style=\"color: #2a2c26; font-family: \'Lucida Sans Unicode\',\'sans-serif\'; font-size: 8.5pt;\"> 1994</span></p>\r\n<p> </p>\r\n<hr />\r\n<p> </p>\r\n<p> </p>\r\n<p>{rokbox thumb=|images/stories/projects/kyprianosLymata1_th.jpg|}images/stories/projects/kyprianosLymata1.jpg{/rokbox}<span style=\"line-height: 15.8079996109009px;\">{rokbox thumb=|images/stories/projects/idrima1.jpg|}images/stories/projects/idrima1.jpg{/rokbox}</span></p>\r\n<p> </p>\r\n<hr />\r\n<p> </p>\r\n<p> </p>\r\n<p> </p>', '', '-2', '2', '0', '6', '2013-03-20 08:07:32', '62', '', '2015-02-19 12:14:55', '67', '0', '0000-00-00 00:00:00', '2013-03-20 08:07:32', '0000-00-00 00:00:00', '', '', 'show_title=\nlink_titles=\nshow_intro=\nshow_section=\nlink_section=\nshow_category=\nlink_category=\nshow_vote=\nshow_author=\nshow_create_date=\nshow_modify_date=\nshow_pdf_icon=\nshow_print_icon=\nshow_email_icon=\nlanguage=\nkeyref=\nreadmore=', '6', '0', '0', '', '', '0', '52', 'robots=\nauthor=');
INSERT INTO `jos_content` VALUES ('10', 'Εγκαταστάσεις Επεξεργασίας Αποβλήτων Βιομηχανίας Γάλακτος ΕΒΡΟΦΑΡΜΑ ΑΒΕΕ', '2013-03-20-08-10-29', '', '<p><strong><span style=\"color: #2a2c26; font-family: \'Lucida Sans Unicode\',\'sans-serif\'; font-size: 8.5pt;\">ΕΡΓΟ:</span></strong><span style=\"color: #2a2c26; font-family: \'Lucida Sans Unicode\',\'sans-serif\'; font-size: 8.5pt;\"> ΕΓΚΑΤΑΣΤΑΣΕΙΣ ΕΠΕΞΕΡΓΑΣΙΑΣ ΑΠΟΒΛΗΤΩΝ ΒΙΟΜΗΧΑΝΙΑΣ ΓΑΛΑΚΤΟΣ ΕΒΡΟΦΑΡΜΑ ΑΒΕΕ</span></p>\r\n<p><strong><span style=\"color: #2a2c26; font-family: \'Lucida Sans Unicode\',\'sans-serif\'; font-size: 8.5pt;\">ΕΡΓΟΔΟΤΗΣ:</span></strong><span style=\"color: #2a2c26; font-family: \'Lucida Sans Unicode\',\'sans-serif\'; font-size: 8.5pt;\"> ΕΒΡΟΦΑΡΜΑ ABEE</span></p>\r\n<p><strong><span style=\"color: #2a2c26; font-family: \'Lucida Sans Unicode\',\'sans-serif\'; font-size: 8.5pt;\">ΙΣΟΔΥΝΑΜΟΣ ΠΛΗΘΥΣΜΟΣ:</span></strong><span style=\"color: #2a2c26; font-family: \'Lucida Sans Unicode\',\'sans-serif\'; font-size: 8.5pt;\"> 2.600</span></p>\r\n<p><strong><span style=\"color: #2a2c26; font-family: \'Lucida Sans Unicode\',\'sans-serif\'; font-size: 8.5pt;\">ΕΤΟΣ ΟΛΟΚΛΗΡΩΣΗΣ:</span></strong><span style=\"color: #2a2c26; font-family: \'Lucida Sans Unicode\',\'sans-serif\'; font-size: 8.5pt;\"> 1993</span></p>\r\n<p><span style=\"color: #2a2c26; font-family: \'Lucida Sans Unicode\',\'sans-serif\'; font-size: 8.5pt;\"><hr /></span></p>\r\n<p><span style=\"color: #2a2c26; font-family: \'Lucida Sans Unicode\',\'sans-serif\'; font-size: 8.5pt;\"></span></p>\r\n<p>{rokbox thumb=|images/stories/projects/evrofarmaLymata1_th.jpg|}images/stories/projects/evrofarmaLymata1.jpg{/rokbox}</p>\r\n<p><span style=\"color: #2a2c26; font-family: \'Lucida Sans Unicode\',\'sans-serif\'; font-size: 8.5pt;\"></span></p>\r\n<hr />\r\n<p><span style=\"color: #2a2c26; font-family: \'Lucida Sans Unicode\',\'sans-serif\'; font-size: 8.5pt;\"></span></p>\r\n<p>&nbsp;</p>\r\n<p><span style=\"color: #2a2c26; font-family: \'Lucida Sans Unicode\',\'sans-serif\'; font-size: 8.5pt;\"></span></p>', '', '1', '2', '0', '6', '2013-03-20 08:09:30', '62', '', '2013-06-12 07:14:29', '62', '0', '0000-00-00 00:00:00', '2013-03-20 08:09:30', '0000-00-00 00:00:00', '', '', 'show_title=\nlink_titles=\nshow_intro=\nshow_section=\nlink_section=\nshow_category=\nlink_category=\nshow_vote=\nshow_author=\nshow_create_date=\nshow_modify_date=\nshow_pdf_icon=\nshow_print_icon=\nshow_email_icon=\nlanguage=\nkeyref=\nreadmore=', '3', '0', '18', '', '', '0', '87', 'robots=\nauthor=');
INSERT INTO `jos_content` VALUES ('11', 'Εγκαταστάσεις Επεξεργασίας Αποβλήτων Βιομηχανίας Τροφίμων DANCO ΑΕ', '-danco-', '', '<p><strong><span style=\"color: #2a2c26; font-family: \'Lucida Sans Unicode\',\'sans-serif\'; font-size: 8.5pt;\">ΕΡΓΟ:</span></strong><span style=\"color: #2a2c26; font-family: \'Lucida Sans Unicode\',\'sans-serif\'; font-size: 8.5pt;\"> ΕΓΚΑΤΑΣΤΑΣΕΙΣ ΕΠΕΞΕΡΓΑΣΙΑΣ ΑΠΟΒΛΗΤΩΝ ΒΙΟΜΗΧΑΝΙΑΣ ΤΡΟΦΙΜΩΝ DANCO AE</span></p>\r\n<p><strong><span style=\"color: #2a2c26; font-family: \'Lucida Sans Unicode\',\'sans-serif\'; font-size: 8.5pt;\">ΕΡΓΟΔΟΤΗΣ:</span></strong><span style=\"color: #2a2c26; font-family: \'Lucida Sans Unicode\',\'sans-serif\'; font-size: 8.5pt;\"> DANCO A.E.</span></p>\r\n<p><strong><span style=\"color: #2a2c26; font-family: \'Lucida Sans Unicode\',\'sans-serif\'; font-size: 8.5pt;\">ΙΣΟΔΥΝΑΜΟΣ ΠΛΗΘΥΣΜΟΣ:</span></strong><span style=\"color: #2a2c26; font-family: \'Lucida Sans Unicode\',\'sans-serif\'; font-size: 8.5pt;\"> 1.850</span></p>\r\n<p><strong><span style=\"color: #2a2c26; font-family: \'Lucida Sans Unicode\',\'sans-serif\'; font-size: 8.5pt;\">ΕΤΟΣ ΟΛΟΚΛΗΡΩΣΗΣ:</span></strong><span style=\"color: #2a2c26; font-family: \'Lucida Sans Unicode\',\'sans-serif\'; font-size: 8.5pt;\"> 1997</span></p>\r\n<p><span style=\"color: #2a2c26; font-family: \'Lucida Sans Unicode\',\'sans-serif\'; font-size: 8.5pt;\"><hr /></span></p>\r\n<p><span style=\"color: #2a2c26; font-family: \'Lucida Sans Unicode\',\'sans-serif\'; font-size: 8.5pt;\"></span></p>\r\n<p>{rokbox thumb=|images/stories/projects/dancoLymata1_th.jpg|}images/stories/projects/dancoLymata1.jpg{/rokbox}</p>\r\n<p><span style=\"color: #2a2c26; font-family: \'Lucida Sans Unicode\',\'sans-serif\'; font-size: 8.5pt;\"></span></p>\r\n<hr />\r\n<p><span style=\"color: #2a2c26; font-family: \'Lucida Sans Unicode\',\'sans-serif\'; font-size: 8.5pt;\"></span></p>\r\n<p>&nbsp;</p>\r\n<p><span style=\"color: #2a2c26; font-family: \'Lucida Sans Unicode\',\'sans-serif\'; font-size: 8.5pt;\"></span></p>', '', '1', '2', '0', '6', '2013-03-20 08:10:43', '62', '', '2013-06-12 07:15:27', '62', '0', '0000-00-00 00:00:00', '2013-03-20 08:10:43', '0000-00-00 00:00:00', '', '', 'show_title=\nlink_titles=\nshow_intro=\nshow_section=\nlink_section=\nshow_category=\nlink_category=\nshow_vote=\nshow_author=\nshow_create_date=\nshow_modify_date=\nshow_pdf_icon=\nshow_print_icon=\nshow_email_icon=\nlanguage=\nkeyref=\nreadmore=', '3', '0', '17', '', '', '0', '106', 'robots=\nauthor=');
INSERT INTO `jos_content` VALUES ('12', 'Εγκαταστάσεις Επεξεργασίας Αποβλήτων Βιομηχανίας Αναψυκτικών ΕΠΑΠ ΑΕ', '2013-03-22-07-51-25', '', '<p><strong><span style=\"color: #2a2c26; font-family: \'Lucida Sans Unicode\',\'sans-serif\'; font-size: 8.5pt;\">ΕΡΓΟ:</span></strong><span style=\"color: #2a2c26; font-family: \'Lucida Sans Unicode\',\'sans-serif\'; font-size: 8.5pt;\"> ΕΓΚΑΤΑΣΤΑΣΕΙΣ ΕΠΕΞΕΡΓΑΣΙΑΣ ΑΠΟΒΛΗΤΩΝ ΒΙΟΜΗΧΑΝΙΑΣ ΑΝΑΨΥΚΤΙΚΩΝ ΕΠΑΠ ΑΕ</span></p>\r\n<p><strong><span style=\"color: #2a2c26; font-family: \'Lucida Sans Unicode\',\'sans-serif\'; font-size: 8.5pt;\">ΕΡΓΟΔΟΤΗΣ:</span></strong><span style=\"color: #2a2c26; font-family: \'Lucida Sans Unicode\',\'sans-serif\'; font-size: 8.5pt;\"> ΕΠΑΠ A.E.</span></p>\r\n<p><strong><span style=\"color: #2a2c26; font-family: \'Lucida Sans Unicode\',\'sans-serif\'; font-size: 8.5pt;\">ΙΣΟΔΥΝΑΜΟΣ ΠΛΗΘΥΣΜΟΣ:</span></strong><span style=\"color: #2a2c26; font-family: \'Lucida Sans Unicode\',\'sans-serif\'; font-size: 8.5pt;\"> 1.250</span></p>\r\n<p><strong><span style=\"color: #2a2c26; font-family: \'Lucida Sans Unicode\',\'sans-serif\'; font-size: 8.5pt;\">ΕΤΟΣ ΟΛΟΚΛΗΡΩΣΗΣ:</span></strong><span style=\"color: #2a2c26; font-family: \'Lucida Sans Unicode\',\'sans-serif\'; font-size: 8.5pt;\"> 1996</span></p>\r\n<p><br /><span style=\"color: #2a2c26; font-family: \'Lucida Sans Unicode\',\'sans-serif\'; font-size: 8.5pt;\"><hr /></span></p>\r\n<p>{rokbox thumb=|images/stories/projects/epapLymata1_th.jpg|}images/stories/projects/epapLymata1.jpg{/rokbox}</p>\r\n<hr />\r\n<p>&nbsp;</p>\r\n<p><br /><span style=\"color: #2a2c26; font-family: \'Lucida Sans Unicode\',\'sans-serif\'; font-size: 8.5pt;\"></span></p>', '', '1', '2', '0', '6', '2013-03-22 07:50:38', '62', '', '2013-06-12 07:16:11', '62', '0', '0000-00-00 00:00:00', '2013-03-22 07:50:38', '0000-00-00 00:00:00', '', '', 'show_title=\nlink_titles=\nshow_intro=\nshow_section=\nlink_section=\nshow_category=\nlink_category=\nshow_vote=\nshow_author=\nshow_create_date=\nshow_modify_date=\nshow_pdf_icon=\nshow_print_icon=\nshow_email_icon=\nlanguage=\nkeyref=\nreadmore=', '4', '0', '16', '', '', '0', '134', 'robots=\nauthor=');
INSERT INTO `jos_content` VALUES ('13', 'Εγκαταστάσεις Επεξεργασίας Αποβλήτων Βιομηχανίας Μανιταριών CHAMBIGNON ΑΕ', '-chambignon-', '', '<p><strong><span style=\"color: #2a2c26; font-family: \'Lucida Sans Unicode\',\'sans-serif\'; font-size: 8.5pt;\">ΕΡΓΟ:</span></strong><span style=\"color: #2a2c26; font-family: \'Lucida Sans Unicode\',\'sans-serif\'; font-size: 8.5pt;\"> ΕΓΚΑΤΑΣΤΑΣΕΙΣ ΕΠΕΞΕΡΓΑΣΙΑΣ ΑΠΟΒΛΗΤΩΝ ΒΙΟΜΗΧΑΝΙΑΣ ΜΑΝΙΤΑΡΙΩΝ CHAMBIGNON AE</span></p>\r\n<p><strong><span style=\"color: #2a2c26; font-family: \'Lucida Sans Unicode\',\'sans-serif\'; font-size: 8.5pt;\">ΕΡΓΟΔΟΤΗΣ:</span></strong><span style=\"color: #2a2c26; font-family: \'Lucida Sans Unicode\',\'sans-serif\'; font-size: 8.5pt;\"> CHAMBIGNON A.E.</span></p>\r\n<p><strong><span style=\"color: #2a2c26; font-family: \'Lucida Sans Unicode\',\'sans-serif\'; font-size: 8.5pt;\">ΙΣΟΔΥΝΑΜΟΣ ΠΛΗΘΥΣΜΟΣ:</span></strong><span style=\"color: #2a2c26; font-family: \'Lucida Sans Unicode\',\'sans-serif\'; font-size: 8.5pt;\"> 2.300</span></p>\r\n<p><strong><span style=\"color: #2a2c26; font-family: \'Lucida Sans Unicode\',\'sans-serif\'; font-size: 8.5pt;\">ΕΤΟΣ ΟΛΟΚΛΗΡΩΣΗΣ:</span></strong><span style=\"color: #2a2c26; font-family: \'Lucida Sans Unicode\',\'sans-serif\'; font-size: 8.5pt;\"> 1996</span></p>\r\n<p><br /><span style=\"color: #2a2c26; font-family: \'Lucida Sans Unicode\',\'sans-serif\'; font-size: 8.5pt;\"><hr /></span></p>\r\n<p>{rokbox thumb=|images/stories/projects/cambLymata1_th.jpg|}images/stories/projects/cambLymata1.jpg{/rokbox}</p>\r\n<hr />\r\n<p>&nbsp;</p>\r\n<p><br /><span style=\"color: #2a2c26; font-family: \'Lucida Sans Unicode\',\'sans-serif\'; font-size: 8.5pt;\"></span></p>', '', '1', '2', '0', '6', '2013-03-22 07:52:14', '62', '', '2013-06-12 07:17:04', '62', '0', '0000-00-00 00:00:00', '2013-03-22 07:52:14', '0000-00-00 00:00:00', '', '', 'show_title=\nlink_titles=\nshow_intro=\nshow_section=\nlink_section=\nshow_category=\nlink_category=\nshow_vote=\nshow_author=\nshow_create_date=\nshow_modify_date=\nshow_pdf_icon=\nshow_print_icon=\nshow_email_icon=\nlanguage=\nkeyref=\nreadmore=', '3', '0', '15', '', '', '0', '113', 'robots=\nauthor=');
INSERT INTO `jos_content` VALUES ('14', 'Εγκαταστάσεις Επεξεργασίας Αποβλήτων Βιομηχανίας ΜΑΝΙΤΑΡΙΑ ΘΡΑΚΗΣ', '2013-03-22-07-55-10', '', '<p><strong><span style=\"color: #2a2c26; font-family: \'Lucida Sans Unicode\',\'sans-serif\'; font-size: 8.5pt;\">ΕΡΓΟ:</span></strong><span style=\"color: #2a2c26; font-family: \'Lucida Sans Unicode\',\'sans-serif\'; font-size: 8.5pt;\"> ΕΓΚΑΤΑΣΤΑΣΕΙΣ ΕΠΕΞΕΡΓΑΣΙΑΣ ΑΠΟΒΛΗΤΩΝ ΒΙΟΜΗΧΑΝΙΑΣ ΜΑΝΙΤΑΡΙΩΝ-ΜΑΝΙΤΑΡΙΑ ΘΡΑΚΗΣ</span></p>\r\n<p><strong><span style=\"color: #2a2c26; font-family: \'Lucida Sans Unicode\',\'sans-serif\'; font-size: 8.5pt;\">ΕΡΓΟΔΟΤΗΣ:</span></strong><span style=\"color: #2a2c26; font-family: \'Lucida Sans Unicode\',\'sans-serif\'; font-size: 8.5pt;\"> ΜΑΝΙΤΑΡΙΑ ΘΡΑΚΗΣ</span></p>\r\n<p><strong><span style=\"color: #2a2c26; font-family: \'Lucida Sans Unicode\',\'sans-serif\'; font-size: 8.5pt;\">ΕΤΟΣ ΟΛΟΚΛΗΡΩΣΗΣ:</span></strong><span style=\"color: #2a2c26; font-family: \'Lucida Sans Unicode\',\'sans-serif\'; font-size: 8.5pt;\"> 1996</span></p>', '', '1', '2', '0', '6', '2013-03-22 07:52:14', '62', '', '2013-03-22 07:55:10', '62', '0', '0000-00-00 00:00:00', '2013-03-22 07:52:14', '0000-00-00 00:00:00', '', '', 'show_title=\nlink_titles=\nshow_intro=\nshow_section=\nlink_section=\nshow_category=\nlink_category=\nshow_vote=\nshow_author=\nshow_create_date=\nshow_modify_date=\nshow_pdf_icon=\nshow_print_icon=\nshow_email_icon=\nlanguage=\nkeyref=\nreadmore=', '2', '0', '14', '', '', '0', '280', 'robots=\nauthor=');
INSERT INTO `jos_content` VALUES ('15', 'Εγκαταστάσεις Επεξεργασίας Αποβλήτων Μεταξουργίας ΤΣΙΑΚΥΡΗ ΑΕ', '2013-03-22-07-57-20', '', '<p><strong><span style=\"color: #2a2c26; font-family: \'Lucida Sans Unicode\',\'sans-serif\'; font-size: 8.5pt;\">ΕΡΓΟ:</span></strong><span style=\"color: #2a2c26; font-family: \'Lucida Sans Unicode\',\'sans-serif\'; font-size: 8.5pt;\"> ΕΓΚΑΤΑΣΤΑΣΕΙΣ ΕΠΕΞΕΡΓΑΣΙΑΣ ΑΠΟΒΛΗΤΩΝ ΜΕΤΑΞΟΥΡΓΙΑΣ ΤΣΙΑΚΥΡΗ ΑΕ</span></p>\r\n<p><strong><span style=\"color: #2a2c26; font-family: \'Lucida Sans Unicode\',\'sans-serif\'; font-size: 8.5pt;\">ΕΡΓΟΔΟΤΗΣ:</span></strong><span style=\"color: #2a2c26; font-family: \'Lucida Sans Unicode\',\'sans-serif\'; font-size: 8.5pt;\"> ΤΣΙΑΚΥΡΗΣ A.E.</span></p>\r\n<p><strong><span style=\"color: #2a2c26; font-family: \'Lucida Sans Unicode\',\'sans-serif\'; font-size: 8.5pt;\">ΙΣΟΔΥΝΑΜΟΣ ΠΛΗΘΥΣΜΟΣ:</span></strong><span style=\"color: #2a2c26; font-family: \'Lucida Sans Unicode\',\'sans-serif\'; font-size: 8.5pt;\"> 700</span></p>\r\n<p><strong><span style=\"color: #2a2c26; font-family: \'Lucida Sans Unicode\',\'sans-serif\'; font-size: 8.5pt;\">ΕΤΟΣ ΟΛΟΚΛΗΡΩΣΗΣ:</span></strong><span style=\"color: #2a2c26; font-family: \'Lucida Sans Unicode\',\'sans-serif\'; font-size: 8.5pt;\"> 1996</span></p>\r\n<p><span style=\"color: #2a2c26; font-family: \'Lucida Sans Unicode\',\'sans-serif\'; font-size: 8.5pt;\"></span></p>\r\n<hr />\r\n<p><span style=\"color: #2a2c26; font-family: \'Lucida Sans Unicode\',\'sans-serif\'; font-size: 8.5pt;\"></span></p>\r\n<p>{rokbox thumb=|images/stories/projects/tsiakirisLymata1_th.jpg|}images/stories/projects/tsiakirisLymata1.jpg{/rokbox}</p>\r\n<p><span style=\"color: #2a2c26; font-family: \'Lucida Sans Unicode\',\'sans-serif\'; font-size: 8.5pt;\"></span></p>\r\n<hr />\r\n<p><span style=\"color: #2a2c26; font-family: \'Lucida Sans Unicode\',\'sans-serif\'; font-size: 8.5pt;\"></span></p>\r\n<p>&nbsp;</p>\r\n<p><span style=\"color: #2a2c26; font-family: \'Lucida Sans Unicode\',\'sans-serif\'; font-size: 8.5pt;\"></span></p>', '', '1', '2', '0', '6', '2013-03-22 07:55:57', '62', '', '2013-06-12 07:18:33', '62', '0', '0000-00-00 00:00:00', '2013-03-22 07:55:57', '0000-00-00 00:00:00', '', '', 'show_title=\nlink_titles=\nshow_intro=\nshow_section=\nlink_section=\nshow_category=\nlink_category=\nshow_vote=\nshow_author=\nshow_create_date=\nshow_modify_date=\nshow_pdf_icon=\nshow_print_icon=\nshow_email_icon=\nlanguage=\nkeyref=\nreadmore=', '2', '0', '13', '', '', '0', '106', 'robots=\nauthor=');
INSERT INTO `jos_content` VALUES ('16', 'Εγκαταστάσεις Επεξεργασίας Αποβλήτων Τυροκομείου ΕΑΣ Αλεξανδρούπολης', '2013-03-22-07-59-13', '', '<p><strong><span style=\"color: #2a2c26; font-family: \'Lucida Sans Unicode\',\'sans-serif\'; font-size: 8.5pt;\">ΕΡΓΟ:</span></strong><span style=\"color: #2a2c26; font-family: \'Lucida Sans Unicode\',\'sans-serif\'; font-size: 8.5pt;\"> ΕΓΚΑΤΑΣΤΑΣΕΙΣ ΕΠΕΞΕΡΓΑΣΙΑΣ ΑΠΟΒΛΗΤΩΝ ΤΥΡΟΚΟΜΕΙΟΥ Ε.Α.Σ. ΑΛΕΞΑΝΔΡΟΥΠΟΛΗΣ</span></p>\r\n<p><strong><span style=\"color: #2a2c26; font-family: \'Lucida Sans Unicode\',\'sans-serif\'; font-size: 8.5pt;\">ΕΡΓΟΔΟΤΗΣ:</span></strong><span style=\"color: #2a2c26; font-family: \'Lucida Sans Unicode\',\'sans-serif\'; font-size: 8.5pt;\"> Ε.Α.Σ. ΑΛΕΞΑΝΔΡΟΥΠΟΛΗΣ</span></p>\r\n<p><strong><span style=\"color: #2a2c26; font-family: \'Lucida Sans Unicode\',\'sans-serif\'; font-size: 8.5pt;\">ΙΣΟΔΥΝΑΜΟΣ ΠΛΗΘΥΣΜΟΣ:</span></strong><span style=\"color: #2a2c26; font-family: \'Lucida Sans Unicode\',\'sans-serif\'; font-size: 8.5pt;\"> 1.700</span></p>\r\n<p><strong><span style=\"color: #2a2c26; font-family: \'Lucida Sans Unicode\',\'sans-serif\'; font-size: 8.5pt;\">ΕΤΟΣ ΟΛΟΚΛΗΡΩΣΗΣ:</span></strong><span style=\"color: #2a2c26; font-family: \'Lucida Sans Unicode\',\'sans-serif\'; font-size: 8.5pt;\"> 1996</span></p>\r\n<p><br /><span style=\"color: #2a2c26; font-family: \'Lucida Sans Unicode\',\'sans-serif\'; font-size: 8.5pt;\"></span></p>\r\n<hr />\r\n<p>&nbsp;</p>\r\n<p>{rokbox thumb=|images/stories/projects/easLymata1_th.jpg|}images/stories/projects/easLymata1.jpg{/rokbox}</p>\r\n<hr />\r\n<p>&nbsp;</p>\r\n<p><br /><span style=\"color: #2a2c26; font-family: \'Lucida Sans Unicode\',\'sans-serif\'; font-size: 8.5pt;\"></span></p>', '', '1', '2', '0', '6', '2013-03-22 07:58:05', '62', '', '2013-06-12 07:19:24', '62', '0', '0000-00-00 00:00:00', '2013-03-22 07:58:05', '0000-00-00 00:00:00', '', '', 'show_title=\nlink_titles=\nshow_intro=\nshow_section=\nlink_section=\nshow_category=\nlink_category=\nshow_vote=\nshow_author=\nshow_create_date=\nshow_modify_date=\nshow_pdf_icon=\nshow_print_icon=\nshow_email_icon=\nlanguage=\nkeyref=\nreadmore=', '3', '0', '12', '', '', '0', '109', 'robots=\nauthor=');
INSERT INTO `jos_content` VALUES ('17', 'Εγκαταστάσεις Επεξεργασίας Αποβλήτων Ποτοποιΐας ΜΕΑΠ ΑΕ', '2013-03-22-08-01-03', '', '<p><strong><span style=\"color: #2a2c26; font-family: \'Lucida Sans Unicode\',\'sans-serif\'; font-size: 8.5pt;\">ΕΡΓΟ:</span></strong><span style=\"color: #2a2c26; font-family: \'Lucida Sans Unicode\',\'sans-serif\'; font-size: 8.5pt;\"> ΕΓΚΑΤΑΣΤΑΣΕΙΣ ΕΠΕΞΕΡΓΑΣΙΑΣ ΑΠΟΒΛΗΤΩΝ ΠΟΤΟΠΟΙΪΑΣ ΜΕΑΠ Α.Ε.</span></p>\r\n<p><strong><span style=\"color: #2a2c26; font-family: \'Lucida Sans Unicode\',\'sans-serif\'; font-size: 8.5pt;\">ΕΡΓΟΔΟΤΗΣ:</span></strong><span style=\"color: #2a2c26; font-family: \'Lucida Sans Unicode\',\'sans-serif\'; font-size: 8.5pt;\"> ΜΕΑΠ Α.Ε. - ΟΥΖΟΥΝΙΔΗΣ ΑΘΑΝΑΣΙΟΣ</span></p>\r\n<p><strong><span style=\"color: #2a2c26; font-family: \'Lucida Sans Unicode\',\'sans-serif\'; font-size: 8.5pt;\">ΙΣΟΔΥΝΑΜΟΣ ΠΛΗΘΥΣΜΟΣ:</span></strong><span style=\"color: #2a2c26; font-family: \'Lucida Sans Unicode\',\'sans-serif\'; font-size: 8.5pt;\"> 85</span></p>\r\n<p><strong><span style=\"color: #2a2c26; font-family: \'Lucida Sans Unicode\',\'sans-serif\'; font-size: 8.5pt;\">ΕΤΟΣ ΟΛΟΚΛΗΡΩΣΗΣ:</span></strong><span style=\"color: #2a2c26; font-family: \'Lucida Sans Unicode\',\'sans-serif\'; font-size: 8.5pt;\"> 1999</span></p>\r\n<p><br /><span style=\"color: #2a2c26; font-family: \'Lucida Sans Unicode\',\'sans-serif\'; font-size: 8.5pt;\"><hr /></span></p>\r\n<p>{rokbox thumb=|images/stories/projects/meapLymata1_th.jpg|}images/stories/projects/meapLymata1.jpg{/rokbox}</p>\r\n<hr />\r\n<p>&nbsp;</p>\r\n<p><br /><span style=\"color: #2a2c26; font-family: \'Lucida Sans Unicode\',\'sans-serif\'; font-size: 8.5pt;\"></span></p>', '', '1', '2', '0', '6', '2013-03-22 07:59:54', '62', '', '2013-06-12 07:20:18', '62', '0', '0000-00-00 00:00:00', '2013-03-22 07:59:54', '0000-00-00 00:00:00', '', '', 'show_title=\nlink_titles=\nshow_intro=\nshow_section=\nlink_section=\nshow_category=\nlink_category=\nshow_vote=\nshow_author=\nshow_create_date=\nshow_modify_date=\nshow_pdf_icon=\nshow_print_icon=\nshow_email_icon=\nlanguage=\nkeyref=\nreadmore=', '2', '0', '11', '', '', '0', '108', 'robots=\nauthor=');
INSERT INTO `jos_content` VALUES ('18', 'Εγκαταστάσεις Επεξεργασίας Αποβλήτων Τυροκομείου ΕΒΡΟΦΑΡΜΑ ΑΒΕΕ', '2013-03-22-08-03-26', '', '<p><strong><span style=\"color: #2a2c26; font-family: \'Lucida Sans Unicode\',\'sans-serif\'; font-size: 8.5pt;\">ΕΡΓΟ:</span></strong><span style=\"color: #2a2c26; font-family: \'Lucida Sans Unicode\',\'sans-serif\'; font-size: 8.5pt;\"> ΕΓΚΑΤΑΣΤΑΣΕΙΣ ΕΠΕΞΕΡΓΑΣΙΑΣ ΑΠΟΒΛΗΤΩΝ ΤΥΡΟΚΟΜΕΙΟΥ ΕΒΡΟΦΑΡΜΑ ΑΒΕΕ</span></p>\r\n<p><strong><span style=\"color: #2a2c26; font-family: \'Lucida Sans Unicode\',\'sans-serif\'; font-size: 8.5pt;\">ΕΡΓΟΔΟΤΗΣ:</span></strong><span style=\"color: #2a2c26; font-family: \'Lucida Sans Unicode\',\'sans-serif\'; font-size: 8.5pt;\"> ΕΒΡΟΦΑΡΜΑ ΑΒΕΕ</span></p>\r\n<p><strong><span style=\"color: #2a2c26; font-family: \'Lucida Sans Unicode\',\'sans-serif\'; font-size: 8.5pt;\">ΙΣΟΔΥΝΑΜΟΣ ΠΛΗΘΥΣΜΟΣ:</span></strong><span style=\"color: #2a2c26; font-family: \'Lucida Sans Unicode\',\'sans-serif\'; font-size: 8.5pt;\"> 36.500</span></p>\r\n<p><strong><span style=\"color: #2a2c26; font-family: \'Lucida Sans Unicode\',\'sans-serif\'; font-size: 8.5pt;\">ΕΤΟΣ ΟΛΟΚΛΗΡΩΣΗΣ:</span></strong><span style=\"color: #2a2c26; font-family: \'Lucida Sans Unicode\',\'sans-serif\'; font-size: 8.5pt;\"> 2005</span></p>\r\n<p><br /><span style=\"color: #2a2c26; font-family: \'Lucida Sans Unicode\',\'sans-serif\'; font-size: 8.5pt;\"><hr /></span></p>\r\n<p>{rokbox thumb=|images/stories/projects/evrofarmaTyriLymata1_th.jpg|}images/stories/projects/evrofarmaTyriLymata1.jpg{/rokbox}</p>\r\n<hr />\r\n<p>&nbsp;</p>\r\n<p><br /><span style=\"color: #2a2c26; font-family: \'Lucida Sans Unicode\',\'sans-serif\'; font-size: 8.5pt;\"></span></p>', '', '1', '2', '0', '6', '2013-03-22 08:02:47', '62', '', '2013-06-12 07:21:13', '62', '0', '0000-00-00 00:00:00', '2013-03-22 08:02:47', '0000-00-00 00:00:00', '', '', 'show_title=\nlink_titles=\nshow_intro=\nshow_section=\nlink_section=\nshow_category=\nlink_category=\nshow_vote=\nshow_author=\nshow_create_date=\nshow_modify_date=\nshow_pdf_icon=\nshow_print_icon=\nshow_email_icon=\nlanguage=\nkeyref=\nreadmore=', '2', '0', '10', '', '', '0', '88', 'robots=\nauthor=');
INSERT INTO `jos_content` VALUES ('19', 'Εγκαταστάσεις Επεξεργασίας Αποβλήτων Τυροκομείου ΒΙΟΛΟΓΙΚΗ ΤΥΡΟΚΟΜΙΚΗ', '2013-03-22-08-04-59', '', '<p><strong><span style=\"color: #2a2c26; font-family: \'Lucida Sans Unicode\',\'sans-serif\'; font-size: 8.5pt;\">ΕΡΓΟ:</span></strong><span style=\"color: #2a2c26; font-family: \'Lucida Sans Unicode\',\'sans-serif\'; font-size: 8.5pt;\"> ΕΓΚΑΤΑΣΤΑΣΕΙΣ ΕΠΕΞΕΡΓΑΣΙΑΣ ΑΠΟΒΛΗΤΩΝ ΤΥΡΟΚΟΜΕΙΟΥ ΒΙΟΛΟΓΙΚΗ ΤΥΡΟΚΟΜΙΚΗ</span></p>\r\n<p><strong><span style=\"color: #2a2c26; font-family: \'Lucida Sans Unicode\',\'sans-serif\'; font-size: 8.5pt;\">ΕΡΓΟΔΟΤΗΣ:</span></strong><span style=\"color: #2a2c26; font-family: \'Lucida Sans Unicode\',\'sans-serif\'; font-size: 8.5pt;\"> ΤΡΙΦΥΛΛΙ ΕΠΕ</span></p>\r\n<p><strong><span style=\"color: #2a2c26; font-family: \'Lucida Sans Unicode\',\'sans-serif\'; font-size: 8.5pt;\">ΙΣΟΔΥΝΑΜΟΣ ΠΛΗΘΥΣΜΟΣ:</span></strong><span style=\"color: #2a2c26; font-family: \'Lucida Sans Unicode\',\'sans-serif\'; font-size: 8.5pt;\"> 730</span></p>\r\n<p><strong><span style=\"color: #2a2c26; font-family: \'Lucida Sans Unicode\',\'sans-serif\'; font-size: 8.5pt;\">ΕΤΟΣ ΟΛΟΚΛΗΡΩΣΗΣ:</span></strong><span style=\"color: #2a2c26; font-family: \'Lucida Sans Unicode\',\'sans-serif\'; font-size: 8.5pt;\"> 2006</span></p>\r\n<p><span style=\"color: #2a2c26; font-family: \'Lucida Sans Unicode\',\'sans-serif\'; font-size: 8.5pt;\"></span></p>\r\n<hr />\r\n<p><span style=\"color: #2a2c26; font-family: \'Lucida Sans Unicode\',\'sans-serif\'; font-size: 8.5pt;\"></span></p>\r\n<p>{rokbox thumb=|images/stories/projects/bioTyriLymata1_th.jpg|}images/stories/projects/bioTyriLymata1.jpg{/rokbox}</p>\r\n<p><span style=\"color: #2a2c26; font-family: \'Lucida Sans Unicode\',\'sans-serif\'; font-size: 8.5pt;\"></span></p>\r\n<hr />\r\n<p><span style=\"color: #2a2c26; font-family: \'Lucida Sans Unicode\',\'sans-serif\'; font-size: 8.5pt;\"></span></p>\r\n<p>&nbsp;</p>\r\n<p><span style=\"color: #2a2c26; font-family: \'Lucida Sans Unicode\',\'sans-serif\'; font-size: 8.5pt;\"></span></p>', '', '1', '2', '0', '6', '2013-03-22 08:04:15', '62', '', '2013-06-12 07:23:52', '62', '0', '0000-00-00 00:00:00', '2013-03-22 08:04:15', '0000-00-00 00:00:00', '', '', 'show_title=\nlink_titles=\nshow_intro=\nshow_section=\nlink_section=\nshow_category=\nlink_category=\nshow_vote=\nshow_author=\nshow_create_date=\nshow_modify_date=\nshow_pdf_icon=\nshow_print_icon=\nshow_email_icon=\nlanguage=\nkeyref=\nreadmore=', '2', '0', '9', '', '', '0', '223', 'robots=\nauthor=');
INSERT INTO `jos_content` VALUES ('20', 'Εγκαταστάσεις Επεξεργασίας Αποβλήτων Βιομηχανίας Κονσερβών ARCON ΑΒΕΕ', '-arcon-', '', '<p><strong><span style=\"color: #2a2c26; font-family: \'Lucida Sans Unicode\',\'sans-serif\'; font-size: 8.5pt;\">ΕΡΓΟ:</span></strong><span style=\"color: #2a2c26; font-family: \'Lucida Sans Unicode\',\'sans-serif\'; font-size: 8.5pt;\"> ΕΓΚΑΤΑΣΤΑΣΕΙΣ ΕΠΕΞΕΡΓΑΣΙΑΣ ΑΠΟΒΛΗΤΩΝ ΒΙΟΜΗΧΑΝΙΑΣ ΚΟΝΣΕΡΒΩΝ ARCON ABEE</span></p>\r\n<p><strong><span style=\"color: #2a2c26; font-family: \'Lucida Sans Unicode\',\'sans-serif\'; font-size: 8.5pt;\">ΕΡΓΟΔΟΤΗΣ:</span></strong><span style=\"color: #2a2c26; font-family: \'Lucida Sans Unicode\',\'sans-serif\'; font-size: 8.5pt;\"> ARCON ABEE</span></p>\r\n<p><strong><span style=\"color: #2a2c26; font-family: \'Lucida Sans Unicode\',\'sans-serif\'; font-size: 8.5pt;\">ΙΣΟΔΥΝΑΜΟΣ ΠΛΗΘΥΣΜΟΣ:</span></strong><span style=\"color: #2a2c26; font-family: \'Lucida Sans Unicode\',\'sans-serif\'; font-size: 8.5pt;\"> 484</span></p>\r\n<p><strong><span style=\"color: #2a2c26; font-family: \'Lucida Sans Unicode\',\'sans-serif\'; font-size: 8.5pt;\">ΕΤΟΣ ΟΛΟΚΛΗΡΩΣΗΣ:</span></strong><span style=\"color: #2a2c26; font-family: \'Lucida Sans Unicode\',\'sans-serif\'; font-size: 8.5pt;\"> 1993</span></p>\r\n<p><br /><span style=\"color: #2a2c26; font-family: \'Lucida Sans Unicode\',\'sans-serif\'; font-size: 8.5pt;\"></span></p>\r\n<hr />\r\n<p>&nbsp;</p>\r\n<p>{rokbox thumb=|images/stories/projects/arconLymata1_th.jpg|}images/stories/projects/arconLymata1.jpg{/rokbox}</p>\r\n<hr />\r\n<p>&nbsp;</p>\r\n<p><br /><span style=\"color: #2a2c26; font-family: \'Lucida Sans Unicode\',\'sans-serif\'; font-size: 8.5pt;\"></span></p>', '', '1', '2', '0', '6', '2013-03-22 08:08:47', '62', '', '2013-06-12 07:24:33', '62', '0', '0000-00-00 00:00:00', '2013-03-22 08:08:47', '0000-00-00 00:00:00', '', '', 'show_title=\nlink_titles=\nshow_intro=\nshow_section=\nlink_section=\nshow_category=\nlink_category=\nshow_vote=\nshow_author=\nshow_create_date=\nshow_modify_date=\nshow_pdf_icon=\nshow_print_icon=\nshow_email_icon=\nlanguage=\nkeyref=\nreadmore=', '2', '0', '8', '', '', '0', '105', 'robots=\nauthor=');
INSERT INTO `jos_content` VALUES ('21', 'Βιολογικός Καθαρισμός Λυμάτων ΑΕΡΟΛΙΜΕΝΑ Αλεξανδρούπολης', '2013-03-22-08-11-34', '', '<p><strong><span style=\"color: #2a2c26; font-family: \'Lucida Sans Unicode\',\'sans-serif\'; font-size: 8.5pt;\">ΕΡΓΟ:</span></strong><span style=\"color: #2a2c26; font-family: \'Lucida Sans Unicode\',\'sans-serif\'; font-size: 8.5pt;\">ΚΑΤΑΣΚΕΥΗ ΣΥΓΚΡΟΤΗΜΑΤΟΣ ΒΙΟΛΟΓΙΚΟΥ ΚΑΘΑΡΙΣΜΟΥ ΛΥΜΑΤΩΝ ΑΕΡΟΛΙΜΕΝΑ ΑΛΕΞΑΝΔΡΟΥΠΟΛΗΣ</span></p>\r\n<p><strong><span style=\"color: #2a2c26; font-family: \'Lucida Sans Unicode\',\'sans-serif\'; font-size: 8.5pt;\">ΕΡΓΟΔΟΤΗΣ:</span></strong><span style=\"color: #2a2c26; font-family: \'Lucida Sans Unicode\',\'sans-serif\'; font-size: 8.5pt;\">Υ.Π.Α.</span></p>\r\n<p><strong><span style=\"color: #2a2c26; font-family: \'Lucida Sans Unicode\',\'sans-serif\'; font-size: 8.5pt;\">ΕΤΟΣ ΟΛΟΚΛΗΡΩΣΗΣ:</span></strong><span style=\"color: #2a2c26; font-family: \'Lucida Sans Unicode\',\'sans-serif\'; font-size: 8.5pt;\">1993</span></p>\r\n<p><span style=\"color: #2a2c26; font-family: \'Lucida Sans Unicode\',\'sans-serif\'; font-size: 8.5pt;\"><hr /></span></p>', '', '1', '2', '0', '6', '2013-03-22 08:10:45', '62', '', '2013-06-12 07:26:05', '62', '0', '0000-00-00 00:00:00', '2013-03-22 08:10:45', '0000-00-00 00:00:00', '', '', 'show_title=\nlink_titles=\nshow_intro=\nshow_section=\nlink_section=\nshow_category=\nlink_category=\nshow_vote=\nshow_author=\nshow_create_date=\nshow_modify_date=\nshow_pdf_icon=\nshow_print_icon=\nshow_email_icon=\nlanguage=\nkeyref=\nreadmore=', '2', '0', '7', '', '', '0', '123', 'robots=\nauthor=');
INSERT INTO `jos_content` VALUES ('22', 'Εγκαταστάσεις Επεξεργασίας Αποβλήτων Βιομηχανίας Κρέατος ΘΡΑΚΗΣ ΑΕ', '2013-03-22-08-12-51', '', '<p><strong><span style=\"color: #2a2c26; font-family: \'Lucida Sans Unicode\',\'sans-serif\'; font-size: 8.5pt;\">ΕΡΓΟ:</span></strong><span style=\"color: #2a2c26; font-family: \'Lucida Sans Unicode\',\'sans-serif\'; font-size: 8.5pt;\"> ΕΓΚΑΤΑΣΤΑΣΕΙΣ ΕΠΕΞΕΡΓΑΣΙΑΣ ΑΠΟΒΛΗΤΩΝ ΒΙΟΜΗΧΑΝΙΑΣ ΚΡΕΑΤΟΣ ΘΡΑΚΗΣ ΑΕ</span></p>\r\n<p><strong><span style=\"color: #2a2c26; font-family: \'Lucida Sans Unicode\',\'sans-serif\'; font-size: 8.5pt;\">ΕΡΓΟΔΟΤΗΣ:</span></strong><span style=\"color: #2a2c26; font-family: \'Lucida Sans Unicode\',\'sans-serif\'; font-size: 8.5pt;\"> ΘΡΑΚΗ Α.Ε.</span></p>\r\n<p><strong><span style=\"color: #2a2c26; font-family: \'Lucida Sans Unicode\',\'sans-serif\'; font-size: 8.5pt;\">ΙΣΟΔΥΝΑΜΟΣ ΠΛΗΘΥΣΜΟΣ:</span></strong><span style=\"color: #2a2c26; font-family: \'Lucida Sans Unicode\',\'sans-serif\'; font-size: 8.5pt;\"> 46.500</span></p>\r\n<p><strong><span style=\"color: #2a2c26; font-family: \'Lucida Sans Unicode\',\'sans-serif\'; font-size: 8.5pt;\">ΕΤΟΣ ΟΛΟΚΛΗΡΩΣΗΣ:</span></strong><span style=\"color: #2a2c26; font-family: \'Lucida Sans Unicode\',\'sans-serif\'; font-size: 8.5pt;\"> 1993</span></p>\r\n<p><br /><span style=\"color: #2a2c26; font-family: \'Lucida Sans Unicode\',\'sans-serif\'; font-size: 8.5pt;\"><hr /></span></p>\r\n<p>{rokbox thumb=|images/stories/projects/thrakiLymata1_th.jpg|}images/stories/projects/thrakiLymata1.jpg{/rokbox}</p>\r\n<hr />\r\n<p>&nbsp;</p>\r\n<p><br /><span style=\"color: #2a2c26; font-family: \'Lucida Sans Unicode\',\'sans-serif\'; font-size: 8.5pt;\"></span></p>', '', '1', '2', '0', '6', '2013-03-22 08:12:08', '62', '', '2013-06-12 07:27:01', '62', '0', '0000-00-00 00:00:00', '2013-03-22 08:12:08', '0000-00-00 00:00:00', '', '', 'show_title=\nlink_titles=\nshow_intro=\nshow_section=\nlink_section=\nshow_category=\nlink_category=\nshow_vote=\nshow_author=\nshow_create_date=\nshow_modify_date=\nshow_pdf_icon=\nshow_print_icon=\nshow_email_icon=\nlanguage=\nkeyref=\nreadmore=', '2', '0', '6', '', '', '0', '156', 'robots=\nauthor=');
INSERT INTO `jos_content` VALUES ('23', 'Απομαγγανοποίηση Νερού Ύδρευσης Φερών', '2013-03-22-08-14-57', '', '<p><strong><span style=\"color: #2a2c26; font-family: \'Lucida Sans Unicode\',\'sans-serif\'; font-size: 8.5pt;\">ΕΡΓΟ:</span></strong><span style=\"color: #2a2c26; font-family: \'Lucida Sans Unicode\',\'sans-serif\'; font-size: 8.5pt;\">ΑΠΟΜΑΓΓΑΝΟΠΟΙΗΣΗ ΝΕΡΟΥ ΥΔΡΕΥΣΗΣ ΦΕΡΩΝ</span></p>\r\n<p><strong><span style=\"color: #2a2c26; font-family: \'Lucida Sans Unicode\',\'sans-serif\'; font-size: 8.5pt;\">ΕΡΓΟΔΟΤΗΣ:</span></strong><span style=\"color: #2a2c26; font-family: \'Lucida Sans Unicode\',\'sans-serif\'; font-size: 8.5pt;\">ΔΗΜΟΣ ΦΕΡΩΝ</span></p>\r\n<p><strong><span style=\"color: #2a2c26; font-family: \'Lucida Sans Unicode\',\'sans-serif\'; font-size: 8.5pt;\">ΕΤΟΣ ΟΛΟΚΛΗΡΩΣΗΣ:</span></strong><span style=\"color: #2a2c26; font-family: \'Lucida Sans Unicode\',\'sans-serif\'; font-size: 8.5pt;\"> 1992</span></p>', '', '1', '2', '0', '7', '2013-03-22 08:14:17', '62', '', '0000-00-00 00:00:00', '0', '0', '0000-00-00 00:00:00', '2013-03-22 08:14:17', '0000-00-00 00:00:00', '', '', 'show_title=\nlink_titles=\nshow_intro=\nshow_section=\nlink_section=\nshow_category=\nlink_category=\nshow_vote=\nshow_author=\nshow_create_date=\nshow_modify_date=\nshow_pdf_icon=\nshow_print_icon=\nshow_email_icon=\nlanguage=\nkeyref=\nreadmore=', '1', '0', '8', '', '', '0', '208', 'robots=\nauthor=');
INSERT INTO `jos_content` VALUES ('24', 'Μελέτη Κατασκευή Συστημάτων Καθαρισμού Πόσιμου Ύδατος Δ.Δ. ΔΙΔΥΜΟΤΕΙΧΟΥ', '2013-03-22-08-16-31', '', '<p><strong><span style=\"color: #2a2c26; font-family: \'Lucida Sans Unicode\',\'sans-serif\'; font-size: 8.5pt;\">ΕΡΓΟ:</span></strong><span style=\"color: #2a2c26; font-family: \'Lucida Sans Unicode\',\'sans-serif\'; font-size: 8.5pt;\"> ΜΕΛΕΤΗ – ΚΑΤΑΣΚΕΥΗ ΣΥΣΤΗΜΑΤΩΝ ΚΑΘΑΡΙΣΜΟΥ ΠΟΣΙΜΟΥ ΥΔΑΤΟΣ Δ.Δ. ΔΙΔΥΜΟΤΕΙΧΟΥ</span></p>\r\n<p><strong><span style=\"color: #2a2c26; font-family: \'Lucida Sans Unicode\',\'sans-serif\'; font-size: 8.5pt;\">ΕΡΓΟΔΟΤΗΣ:</span></strong><span style=\"color: #2a2c26; font-family: \'Lucida Sans Unicode\',\'sans-serif\'; font-size: 8.5pt;\"> ΔΗΜΟΣ ΔΙΔΥΜΟΤΕΙΧΟΥ</span></p>\r\n<p><strong><span style=\"color: #2a2c26; font-family: \'Lucida Sans Unicode\',\'sans-serif\'; font-size: 8.5pt;\">ΠΑΡΟΧΗ:</span></strong><span style=\"color: #2a2c26; font-family: \'Lucida Sans Unicode\',\'sans-serif\'; font-size: 8.5pt;\"> 3x60m<sup>3</sup>/h, 2x48m<sup>3</sup>/h</span></p>\r\n<p><strong><span style=\"color: #2a2c26; font-family: \'Lucida Sans Unicode\',\'sans-serif\'; font-size: 8.5pt;\">ΕΤΟΣ ΟΛΟΚΛΗΡΩΣΗΣ:</span></strong><span style=\"color: #2a2c26; font-family: \'Lucida Sans Unicode\',\'sans-serif\'; font-size: 8.5pt;\"> 2001</span></p>\r\n<p><br /><span style=\"color: #2a2c26; font-family: \'Lucida Sans Unicode\',\'sans-serif\'; font-size: 8.5pt;\"></span></p>\r\n<hr />\r\n<p>&nbsp;</p>\r\n<p>{rokbox thumb=|images/stories/projects/didiNero1_th.jpg|}images/stories/projects/didiNero1.jpg{/rokbox} {rokbox thumb=|images/stories/projects/didiNero2_th.jpg|}images/stories/projects/didiNero2.jpg{/rokbox}</p>\r\n<hr />\r\n<p>&nbsp;</p>\r\n<p><br /><span style=\"color: #2a2c26; font-family: \'Lucida Sans Unicode\',\'sans-serif\'; font-size: 8.5pt;\"></span></p>', '', '1', '2', '0', '7', '2013-03-22 08:15:23', '62', '', '2013-06-12 07:55:47', '62', '65', '2014-12-05 16:42:21', '2013-03-22 08:15:23', '0000-00-00 00:00:00', '', '', 'show_title=\nlink_titles=\nshow_intro=\nshow_section=\nlink_section=\nshow_category=\nlink_category=\nshow_vote=\nshow_author=\nshow_create_date=\nshow_modify_date=\nshow_pdf_icon=\nshow_print_icon=\nshow_email_icon=\nlanguage=\nkeyref=\nreadmore=', '5', '0', '7', '', '', '0', '112', 'robots=\nauthor=');
INSERT INTO `jos_content` VALUES ('25', 'Σύστημα Παραγωγής Υπερκάθαρου Νερού Περιφερειακού Εργαστηρίου Δημόσιας Υγείας', '2013-03-22-08-26-42', '', '<p><strong><span style=\"color: #2a2c26; font-family: \'Lucida Sans Unicode\',\'sans-serif\'; font-size: 8.5pt;\">ΕΡΓΟ:</span></strong><span style=\"color: #2a2c26; font-family: \'Lucida Sans Unicode\',\'sans-serif\'; font-size: 8.5pt;\"> ΣΥΣΤΗΜΑ ΠΑΡΑΓΩΓΗΣ ΥΠΕΡΚΑΘΑΡΟΥ ΝΕΡΟΥ ΜΕ ΔΙΠΛΗ ΑΝΤΙΣΤΡΟΦΗ ΟΣΜΩΣΗ ΠΕΡΙΦΕΡΕΙΑΚΟΥ ΕΡΓΑΣΤΗΡΙΟΥ ΔΗΜΟΣΙΑΣ ΥΓΕΙΑΣ</span></p>\r\n<p><strong><span style=\"color: #2a2c26; font-family: \'Lucida Sans Unicode\',\'sans-serif\'; font-size: 8.5pt;\">ΕΡΓΟΔΟΤΗΣ:</span></strong><span style=\"color: #2a2c26; font-family: \'Lucida Sans Unicode\',\'sans-serif\'; font-size: 8.5pt;\"> Δ.Ε.Π.Ε.Α</span></p>\r\n<p><strong><span style=\"color: #2a2c26; font-family: \'Lucida Sans Unicode\',\'sans-serif\'; font-size: 8.5pt;\">ΕΤΟΣ ΟΛΟΚΛΗΡΩΣΗΣ:</span></strong><span style=\"color: #2a2c26; font-family: \'Lucida Sans Unicode\',\'sans-serif\'; font-size: 8.5pt;\"> 2002</span></p>\r\n<p><strong><span style=\"color: #2a2c26; font-family: \'Lucida Sans Unicode\',\'sans-serif\'; font-size: 8.5pt;\">ΠΑΡΟΧΗ:</span></strong><span style=\"color: #2a2c26; font-family: \'Lucida Sans Unicode\',\'sans-serif\'; font-size: 8.5pt;\"> 1500 Lt/h</span></p>\r\n<p><br /><span style=\"color: #2a2c26; font-family: \'Lucida Sans Unicode\',\'sans-serif\'; font-size: 8.5pt;\"><hr /></span></p>\r\n<p>{rokbox thumb=|images/stories/projects/edyNero1_th.jpg|}images/stories/projects/edyNero1.jpg{/rokbox}<br /><span style=\"color: #2a2c26; font-family: \'Lucida Sans Unicode\',\'sans-serif\'; font-size: 8.5pt;\"></span></p>\r\n<p><hr /></p>', '', '1', '2', '0', '7', '2013-03-22 08:25:31', '62', '', '2013-06-12 07:57:07', '62', '0', '0000-00-00 00:00:00', '2013-03-22 08:25:31', '0000-00-00 00:00:00', '', '', 'show_title=\nlink_titles=\nshow_intro=\nshow_section=\nlink_section=\nshow_category=\nlink_category=\nshow_vote=\nshow_author=\nshow_create_date=\nshow_modify_date=\nshow_pdf_icon=\nshow_print_icon=\nshow_email_icon=\nlanguage=\nkeyref=\nreadmore=', '2', '0', '6', '', '', '0', '132', 'robots=\nauthor=');
INSERT INTO `jos_content` VALUES ('26', 'Διϋλιστήριο Πόσιμου Ύδατος Αλεξανδρούπολης', '2013-03-22-08-27-55', '', '<p><strong><span style=\"color: #2a2c26; font-family: \'Lucida Sans Unicode\',\'sans-serif\'; font-size: 8.5pt;\">ΕΡΓΟ:</span></strong><span style=\"color: #2a2c26; font-family: \'Lucida Sans Unicode\',\'sans-serif\'; font-size: 8.5pt;\"> ΔΙΥΛΙΣΤΗΡΙΟ ΠΟΣΙΜΟΥ ΥΔΑΤΟΣ ΑΛΕΞΑΝΔΡΟΥΠΟΛΗΣ</span></p>\r\n<p><strong><span style=\"color: #2a2c26; font-family: \'Lucida Sans Unicode\',\'sans-serif\'; font-size: 8.5pt;\">ΕΡΓΟΔΟΤΗΣ:</span></strong><span style=\"color: #2a2c26; font-family: \'Lucida Sans Unicode\',\'sans-serif\'; font-size: 8.5pt;\"> Δ.Ε.Υ.Α. ΑΛΕΞΑΝΔΡΟΥΠΟΛΗΣ</span></p>\r\n<p><strong><span style=\"color: #2a2c26; font-family: \'Lucida Sans Unicode\',\'sans-serif\'; font-size: 8.5pt;\">ΠΑΡΟΧΗ:</span></strong><span style=\"color: #2a2c26; font-family: \'Lucida Sans Unicode\',\'sans-serif\'; font-size: 8.5pt;\"> 800m<sup>3</sup>/h</span></p>\r\n<p><strong><span style=\"color: #2a2c26; font-family: \'Lucida Sans Unicode\',\'sans-serif\'; font-size: 8.5pt;\">ΕΤΟΣ ΟΛΟΚΛΗΡΩΣΗΣ:</span></strong><span style=\"color: #2a2c26; font-family: \'Lucida Sans Unicode\',\'sans-serif\'; font-size: 8.5pt;\"> 2005</span></p>\r\n<p><span style=\"color: #2a2c26; font-family: \'Lucida Sans Unicode\',\'sans-serif\'; font-size: 8.5pt;\"><hr />{rokbox thumb=|images/stories/projects/deyaNero1_th.jpg|}images/stories/projects/deyaNero1.jpg{/rokbox} {rokbox thumb=|images/stories/projects/deyaNero2_th.jpg|}images/stories/projects/deyaNero2.jpg{/rokbox} {rokbox thumb=|images/stories/projects/deyaNero3_th.jpg|}images/stories/projects/deyaNero3.jpg{/rokbox}<br /></span></p>\r\n<p><span style=\"color: #2a2c26; font-family: \'Lucida Sans Unicode\',\'sans-serif\'; font-size: 8.5pt;\"><hr /></span></p>\r\n{mosmap icon=\'http://www.krounos-spa.gr/images/M_images/water_tr.png\'|iconwidth=\'23\'|iconheight=\'28\'|width=\'640px\'|height=\'480px\'|align=\'none\'|lat=\'40.873\'|lon=\'25.851\'|zoom=\'13\'|zoomType=\'Large\'|showScale=\'1\'| zoomNew=\'1\'|mapType=\'Satellite\'|showMaptype=\'1\'|overview=\'0\'|text=\'ΔΙΥΛΙΣΤΗΡΙΟ ΠΟΣΙΜΟΥ ΥΔΑΤΟΣ ΑΛΕΞΑΝΔΡΟΥΠΟΛΗΣ\'|tooltip=\'ΔΙΥΛΙΣΤΗΡΙΟ ΠΟΣΙΜΟΥ ΥΔΑΤΟΣ ΑΛΕΞΑΝΔΡΟΥΠΟΛΗΣ\'}', '', '1', '2', '0', '7', '2013-03-22 08:27:03', '62', '', '2013-06-12 08:02:48', '62', '0', '0000-00-00 00:00:00', '2013-03-22 08:27:03', '0000-00-00 00:00:00', '', '', 'show_title=\nlink_titles=\nshow_intro=\nshow_section=\nlink_section=\nshow_category=\nlink_category=\nshow_vote=\nshow_author=\nshow_create_date=\nshow_modify_date=\nshow_pdf_icon=\nshow_print_icon=\nshow_email_icon=\nlanguage=\nkeyref=\nreadmore=', '4', '0', '5', '', '', '0', '141', 'robots=\nauthor=');
INSERT INTO `jos_content` VALUES ('27', 'Κατασκευή Μικρών Διϋλιστηρίων Όμορων Κοινοτήτων', '2013-03-22-08-29-10', '', '<p><strong><span style=\"color: #2a2c26; font-family: \'Lucida Sans Unicode\',\'sans-serif\'; font-size: 8.5pt;\">ΕΡΓΟ:</span></strong><span style=\"color: #2a2c26; font-family: \'Lucida Sans Unicode\',\'sans-serif\'; font-size: 8.5pt;\">ΚΑΤΑΣΚΕΥΗ ΜΙΚΡΩΝ ΔΙΥΛΙΣΤΗΡΙΩΝ ΟΜΟΡΩΝ ΚΟΙΝΟΤΗΤΩΝ ΚΑΙ ΣΥΜΠΛΗΡΩΜΑΤΙΚΩΝ ΕΡΓΑΣΙΩΝ ΦΡΑΓΜΑΤΟΣ</span></p>\r\n<p><strong><span style=\"color: #2a2c26; font-family: \'Lucida Sans Unicode\',\'sans-serif\'; font-size: 8.5pt;\">ΕΡΓΟΔΟΤΗΣ:</span></strong><span style=\"color: #2a2c26; font-family: \'Lucida Sans Unicode\',\'sans-serif\'; font-size: 8.5pt;\"> Δ.Ε.Υ.Α. ΑΛΕΞΑΝΔΡΟΥΠΟΛΗΣ</span></p>\r\n<p><strong><span style=\"color: #2a2c26; font-family: \'Lucida Sans Unicode\',\'sans-serif\'; font-size: 8.5pt;\">ΠΑΡΟΧΗ:</span></strong><span style=\"color: #2a2c26; font-family: \'Lucida Sans Unicode\',\'sans-serif\'; font-size: 8.5pt;\"> 5x36m<sup>3</sup>/h</span></p>\r\n<p><strong><span style=\"color: #2a2c26; font-family: \'Lucida Sans Unicode\',\'sans-serif\'; font-size: 8.5pt;\">ΕΤΟΣ ΟΛΟΚΛΗΡΩΣΗΣ:</span></strong><span style=\"color: #2a2c26; font-family: \'Lucida Sans Unicode\',\'sans-serif\'; font-size: 8.5pt;\"> 2006</span></p>\r\n<p><br /><span style=\"color: #2a2c26; font-family: \'Lucida Sans Unicode\',\'sans-serif\'; font-size: 8.5pt;\"><hr /></span></p>\r\n<p>{rokbox thumb=|images/stories/projects/deyaNero1a_th.jpg|}images/stories/projects/deyaNero1a.jpg{/rokbox} {rokbox thumb=|images/stories/projects/deyaNero2a_th.jpg|}images/stories/projects/deyaNero2a.jpg{/rokbox}</p>\r\n<p><span style=\"color: #2a2c26; font-family: \'Lucida Sans Unicode\',\'sans-serif\'; font-size: 8.5pt;\"></span></p>\r\n<hr />\r\n<p>&nbsp;</p>\r\n<p><br /><span style=\"color: #2a2c26; font-family: \'Lucida Sans Unicode\',\'sans-serif\'; font-size: 8.5pt;\"></span></p>', '', '1', '2', '0', '7', '2013-03-22 08:28:21', '62', '', '2013-06-12 08:44:01', '62', '0', '0000-00-00 00:00:00', '2013-03-22 08:28:21', '0000-00-00 00:00:00', '', '', 'show_title=\nlink_titles=\nshow_intro=\nshow_section=\nlink_section=\nshow_category=\nlink_category=\nshow_vote=\nshow_author=\nshow_create_date=\nshow_modify_date=\nshow_pdf_icon=\nshow_print_icon=\nshow_email_icon=\nlanguage=\nkeyref=\nreadmore=', '2', '0', '4', '', '', '0', '156', 'robots=\nauthor=');
INSERT INTO `jos_content` VALUES ('28', 'Εγκατάσταση Απομαγγανοποήσης Ύδατος ΕΒΡΟΦΑΡΜΑ ΑΒΕΕ', '2013-03-22-08-30-38', '', '<p><strong><span style=\"color: #2a2c26; font-family: \'Lucida Sans Unicode\',\'sans-serif\'; font-size: 8.5pt;\">ΕΡΓΟ:</span></strong><span style=\"color: #2a2c26; font-family: \'Lucida Sans Unicode\',\'sans-serif\'; font-size: 8.5pt;\"> ΕΓΚΑΤΑΣΤΑΣΗ ΑΠΟΜΑΓΓΑΝΟΠΟΙΗΣΗΣ ΥΔΑΤΟΣ ΕΒΡΟΦΑΡΜΑ ΑΒΕΕ</span></p>\r\n<p><strong><span style=\"color: #2a2c26; font-family: \'Lucida Sans Unicode\',\'sans-serif\'; font-size: 8.5pt;\">ΕΡΓΟΔΟΤΗΣ:</span></strong><span style=\"color: #2a2c26; font-family: \'Lucida Sans Unicode\',\'sans-serif\'; font-size: 8.5pt;\"> ΕΒΡΟΦΑΡΜΑ ΑΒΕΕ</span></p>\r\n<p><strong><span style=\"color: #2a2c26; font-family: \'Lucida Sans Unicode\',\'sans-serif\'; font-size: 8.5pt;\">ΠΑΡΟΧΗ:</span></strong><span style=\"color: #2a2c26; font-family: \'Lucida Sans Unicode\',\'sans-serif\'; font-size: 8.5pt;\"> 36m<sup>3</sup>/h</span></p>\r\n<p><strong><span style=\"color: #2a2c26; font-family: \'Lucida Sans Unicode\',\'sans-serif\'; font-size: 8.5pt;\">ΕΤΟΣ ΟΛΟΚΛΗΡΩΣΗΣ:</span></strong><span style=\"color: #2a2c26; font-family: \'Lucida Sans Unicode\',\'sans-serif\'; font-size: 8.5pt;\"> 2007</span></p>\r\n<p><br /><span style=\"color: #2a2c26; font-family: \'Lucida Sans Unicode\',\'sans-serif\'; font-size: 8.5pt;\"><hr /></span></p>\r\n<p>{rokbox thumb=|images/stories/projects/evrofarmaNero1_th.jpg|}images/stories/projects/evrofarmaNero1.jpg{/rokbox}</p>\r\n<p><span style=\"color: #2a2c26; font-family: \'Lucida Sans Unicode\',\'sans-serif\'; font-size: 8.5pt;\"></span></p>\r\n<hr />\r\n<p>&nbsp;</p>\r\n<p><br /><span style=\"color: #2a2c26; font-family: \'Lucida Sans Unicode\',\'sans-serif\'; font-size: 8.5pt;\"></span></p>', '', '1', '2', '0', '7', '2013-03-22 08:29:51', '62', '', '2013-06-12 08:45:14', '62', '0', '0000-00-00 00:00:00', '2013-03-22 08:29:51', '0000-00-00 00:00:00', '', '', 'show_title=\nlink_titles=\nshow_intro=\nshow_section=\nlink_section=\nshow_category=\nlink_category=\nshow_vote=\nshow_author=\nshow_create_date=\nshow_modify_date=\nshow_pdf_icon=\nshow_print_icon=\nshow_email_icon=\nlanguage=\nkeyref=\nreadmore=', '2', '0', '3', '', '', '0', '155', 'robots=\nauthor=');
INSERT INTO `jos_content` VALUES ('29', 'Μετεγκατάσταση Δημοτικού Σφαγείου Σαμοθράκης', '2013-03-22-08-31-37', '', '<p><strong><span style=\"color: #2a2c26; font-family: \'Lucida Sans Unicode\',\'sans-serif\'; font-size: 8.5pt;\">ΕΡΓΟ:</span></strong><span style=\"color: #2a2c26; font-family: \'Lucida Sans Unicode\',\'sans-serif\'; font-size: 8.5pt;\"> ΜΕΤΕΓΚΑΤΑΣΤΑΣΗ ΔΗΜΟΤΙΚΟΥ ΣΦΑΓΕΙΟΥ ΣΑΜΟΘΡΑΚΗΣ</span></p>\r\n<p><strong><span style=\"color: #2a2c26; font-family: \'Lucida Sans Unicode\',\'sans-serif\'; font-size: 8.5pt;\">ΕΡΓΟΔΟΤΗΣ:</span></strong><span style=\"color: #2a2c26; font-family: \'Lucida Sans Unicode\',\'sans-serif\'; font-size: 8.5pt;\"> ΔΗΜΟΣ ΣΑΜΟΘΡΑΚΗΣ</span></p>\r\n<p><strong><span style=\"color: #2a2c26; font-family: \'Lucida Sans Unicode\',\'sans-serif\'; font-size: 8.5pt;\">ΕΤΟΣ ΟΛΟΚΛΗΡΩΣΗΣ:</span></strong><span style=\"color: #2a2c26; font-family: \'Lucida Sans Unicode\',\'sans-serif\'; font-size: 8.5pt;\"> 2009</span></p>\r\n<p><br /><span style=\"color: #2a2c26; font-family: \'Lucida Sans Unicode\',\'sans-serif\'; font-size: 8.5pt;\"></span></p>\r\n<hr />\r\n<p>&nbsp;</p>\r\n<p>{rokbox thumb=|images/stories/projects/samothrakiSfagio1_th.jpg|}images/stories/projects/samothrakiSfagio1.jpg{/rokbox}{rokbox thumb=|images/stories/projects/samothrakiSfagio2_th.jpg|}images/stories/projects/samothrakiSfagio2.jpg{/rokbox}{rokbox thumb=|images/stories/projects/samothrakiSfagio3_th.jpg|}images/stories/projects/samothrakiSfagio3.jpg{/rokbox}{rokbox thumb=|images/stories/projects/samothrakiSfagio4_th.jpg|}images/stories/projects/samothrakiSfagio4.jpg{/rokbox}{rokbox thumb=|images/stories/projects/samothrakiSfagio5_th.jpg|}images/stories/projects/samothrakiSfagio5.jpg{/rokbox}</p>\r\n<hr />\r\n<p>&nbsp;</p>\r\n<p><br /><span style=\"color: #2a2c26; font-family: \'Lucida Sans Unicode\',\'sans-serif\'; font-size: 8.5pt;\"></span></p>', '', '1', '2', '0', '8', '2013-03-22 08:31:01', '62', '', '2013-07-08 09:34:43', '62', '67', '2015-02-19 12:07:52', '2013-03-22 08:31:01', '0000-00-00 00:00:00', '', '', 'show_title=\nlink_titles=\nshow_intro=\nshow_section=\nlink_section=\nshow_category=\nlink_category=\nshow_vote=\nshow_author=\nshow_create_date=\nshow_modify_date=\nshow_pdf_icon=\nshow_print_icon=\nshow_email_icon=\nlanguage=\nkeyref=\nreadmore=', '4', '0', '5', '', '', '0', '137', 'robots=\nauthor=');
INSERT INTO `jos_content` VALUES ('30', 'Αναπλάσεις Οδών Περιοχής Άβαντος Δ. Αλεξανδρούπολης', '2013-03-22-08-32-34', '', '<p><strong><span style=\"color: #2a2c26; font-family: \'Lucida Sans Unicode\',\'sans-serif\'; font-size: 8.5pt;\">ΕΡΓΟ:</span></strong><span style=\"color: #2a2c26; font-family: \'Lucida Sans Unicode\',\'sans-serif\'; font-size: 8.5pt;\">ΑΝΑΠΛΑΣΕΙΣ ΟΔΩΝ ΠΕΡΙΟΧΗΣ ΑΒΑΝΤΟΣ ΔΗΜΟΥ ΑΛΕΞΑΝΔΡΟΥΠΟΛΗΣ</span></p>\r\n<p><strong><span style=\"color: #2a2c26; font-family: \'Lucida Sans Unicode\',\'sans-serif\'; font-size: 8.5pt;\">ΕΡΓΟΔΟΤΗΣ:</span></strong><span style=\"color: #2a2c26; font-family: \'Lucida Sans Unicode\',\'sans-serif\'; font-size: 8.5pt;\">ΔΗΜΟΣ ΑΛΕΞΑΝΔΡΟΥΠΟΛΗΣ</span></p>\r\n<p><strong><span style=\"color: #2a2c26; font-family: \'Lucida Sans Unicode\',\'sans-serif\'; font-size: 8.5pt;\">ΕΤΟΣ ΟΛΟΚΛΗΡΩΣΗΣ:</span></strong><span style=\"color: #2a2c26; font-family: \'Lucida Sans Unicode\',\'sans-serif\'; font-size: 8.5pt;\"> 2007</span></p>', '', '1', '2', '0', '9', '2013-03-22 08:31:51', '62', '', '0000-00-00 00:00:00', '0', '0', '0000-00-00 00:00:00', '2013-03-22 08:31:51', '0000-00-00 00:00:00', '', '', 'show_title=\nlink_titles=\nshow_intro=\nshow_section=\nlink_section=\nshow_category=\nlink_category=\nshow_vote=\nshow_author=\nshow_create_date=\nshow_modify_date=\nshow_pdf_icon=\nshow_print_icon=\nshow_email_icon=\nlanguage=\nkeyref=\nreadmore=', '1', '0', '2', '', '', '0', '131', 'robots=\nauthor=');
INSERT INTO `jos_content` VALUES ('31', 'Κατασκευή Σταθμού Μεταφόρτωσης Απορριμάτων Σαμοθράκης', '2013-03-22-10-18-17', '', '<p><strong><span style=\"color: #2a2c26; font-family: \'Lucida Sans Unicode\',\'sans-serif\'; font-size: 8.5pt;\">ΕΡΓΟ: </span></strong><span style=\"color: #2a2c26; font-family: \'Lucida Sans Unicode\',\'sans-serif\'; font-size: 8.5pt;\">ΚΑΤΑΣΚΕΥΗ ΣΤΑΘΜΟΥ ΜΕΤΑΦΟΡΤΩΣΗΣ ΑΠΟΡΡΙΜΑΤΩΝ ΣΑΜΟΘΡΑΚΗΣ</span></p>\r\n<p><strong><span style=\"color: #2a2c26; font-family: \'Lucida Sans Unicode\',\'sans-serif\'; font-size: 8.5pt;\">ΕΡΓΟΔΟΤΗΣ: </span></strong><span style=\"color: #2a2c26; font-family: \'Lucida Sans Unicode\',\'sans-serif\'; font-size: 8.5pt;\">ΔΗΜΟΣ ΣΑΜΟΘΡΑΚΗΣ</span></p>\r\n<p><strong><span style=\"color: #2a2c26; font-family: \'Lucida Sans Unicode\',\'sans-serif\'; font-size: 8.5pt;\">ΕΤΟΣ ΟΛΟΚΛΗΡΩΣΗΣ:</span></strong><span style=\"color: #2a2c26; font-family: \'Lucida Sans Unicode\',\'sans-serif\'; font-size: 8.5pt;\"> 2010</span></p>', '', '1', '2', '0', '10', '2013-03-22 10:17:09', '62', '', '2013-03-22 10:19:15', '62', '0', '0000-00-00 00:00:00', '2013-03-22 10:17:09', '0000-00-00 00:00:00', '', '', 'show_title=\nlink_titles=\nshow_intro=\nshow_section=\nlink_section=\nshow_category=\nlink_category=\nshow_vote=\nshow_author=\nshow_create_date=\nshow_modify_date=\nshow_pdf_icon=\nshow_print_icon=\nshow_email_icon=\nlanguage=\nkeyref=\nreadmore=', '2', '0', '11', '', '', '0', '113', 'robots=\nauthor=');
INSERT INTO `jos_content` VALUES ('32', 'Αποκατάσταση Χ.Α.Δ.Α. Δήμου Μεταξάδων', '2013-03-22-10-20-04', '', '<p><strong><span style=\"color: #2a2c26; font-family: \'Lucida Sans Unicode\',\'sans-serif\'; font-size: 8.5pt;\">ΕΡΓΟ:</span></strong><span style=\"color: #2a2c26; font-family: \'Lucida Sans Unicode\',\'sans-serif\'; font-size: 8.5pt;\">ΑΠΟΚΑΤΑΣΤΑΣΗ Χ.Α.Δ.Α. ΔΗΜΟΥ ΜΕΤΑΞΑΔΩΝ</span></p>\r\n<p><strong><span style=\"color: #2a2c26; font-family: \'Lucida Sans Unicode\',\'sans-serif\'; font-size: 8.5pt;\">ΕΡΓΟΔΟΤΗΣ:</span></strong><span style=\"color: #2a2c26; font-family: \'Lucida Sans Unicode\',\'sans-serif\'; font-size: 8.5pt;\">ΔΗΜΟΣ ΜΕΤΑΞΑΔΩΝ</span></p>\r\n<p><strong><span style=\"color: #2a2c26; font-family: \'Lucida Sans Unicode\',\'sans-serif\'; font-size: 8.5pt;\">ΕΤΟΣ ΟΛΟΚΛΗΡΩΣΗΣ:</span></strong><span style=\"color: #2a2c26; font-family: \'Lucida Sans Unicode\',\'sans-serif\'; font-size: 8.5pt;\"> 2007</span></p>', '', '1', '2', '0', '10', '2013-03-22 10:19:31', '62', '', '0000-00-00 00:00:00', '0', '0', '0000-00-00 00:00:00', '2013-03-22 10:19:31', '0000-00-00 00:00:00', '', '', 'show_title=\nlink_titles=\nshow_intro=\nshow_section=\nlink_section=\nshow_category=\nlink_category=\nshow_vote=\nshow_author=\nshow_create_date=\nshow_modify_date=\nshow_pdf_icon=\nshow_print_icon=\nshow_email_icon=\nlanguage=\nkeyref=\nreadmore=', '1', '0', '10', '', '', '0', '122', 'robots=\nauthor=');
INSERT INTO `jos_content` VALUES ('33', 'Αποκατάσταση Χ.Α.Δ.Α. Δήμου Σαπών', '2013-03-22-10-20-46', '', '<p><strong><span style=\"color: #2a2c26; font-family: \'Lucida Sans Unicode\',\'sans-serif\'; font-size: 8.5pt;\">ΕΡΓΟ:</span></strong><span style=\"color: #2a2c26; font-family: \'Lucida Sans Unicode\',\'sans-serif\'; font-size: 8.5pt;\">ΑΠΟΚΑΤΑΣΤΑΣΗ Χ.Α.Δ.Α. ΔΗΜΟΥ ΣΑΠΩΝ</span></p>\r\n<p><strong><span style=\"color: #2a2c26; font-family: \'Lucida Sans Unicode\',\'sans-serif\'; font-size: 8.5pt;\">ΕΡΓΟΔΟΤΗΣ:</span></strong><span style=\"color: #2a2c26; font-family: \'Lucida Sans Unicode\',\'sans-serif\'; font-size: 8.5pt;\">ΔΗΜΟΣ ΣΑΠΩΝ</span></p>\r\n<p><strong><span style=\"color: #2a2c26; font-family: \'Lucida Sans Unicode\',\'sans-serif\'; font-size: 8.5pt;\">ΕΤΟΣ ΟΛΟΚΛΗΡΩΣΗΣ:</span></strong><span style=\"color: #2a2c26; font-family: \'Lucida Sans Unicode\',\'sans-serif\'; font-size: 8.5pt;\"> 2007</span></p>', '', '1', '2', '0', '10', '2013-03-22 10:20:16', '62', '', '0000-00-00 00:00:00', '0', '0', '0000-00-00 00:00:00', '2013-03-22 10:20:16', '0000-00-00 00:00:00', '', '', 'show_title=\nlink_titles=\nshow_intro=\nshow_section=\nlink_section=\nshow_category=\nlink_category=\nshow_vote=\nshow_author=\nshow_create_date=\nshow_modify_date=\nshow_pdf_icon=\nshow_print_icon=\nshow_email_icon=\nlanguage=\nkeyref=\nreadmore=', '1', '0', '9', '', '', '0', '106', 'robots=\nauthor=');
INSERT INTO `jos_content` VALUES ('34', 'Αποκατάσταση Παλαιού Χ.Α.Δ.Α. Δήμου Αλεξανδρούπολης', '2013-03-22-10-21-42', '', '<p><strong><span style=\"color: #2a2c26; font-family: \'Lucida Sans Unicode\',\'sans-serif\'; font-size: 8.5pt;\">ΕΡΓΟ:</span></strong><span style=\"color: #2a2c26; font-family: \'Lucida Sans Unicode\',\'sans-serif\'; font-size: 8.5pt;\">ΑΠΟΚΑΤΑΣΤΑΣΗ ΠΑΛΑΙΟΥ Χ.Α.Δ.Α. ΔΗΜΟΥ ΑΛΕΞΑΝΔΡΟΥΠΟΛΗΣ</span></p>\r\n<p><strong><span style=\"color: #2a2c26; font-family: \'Lucida Sans Unicode\',\'sans-serif\'; font-size: 8.5pt;\">ΕΡΓΟΔΟΤΗΣ:</span></strong><span style=\"color: #2a2c26; font-family: \'Lucida Sans Unicode\',\'sans-serif\'; font-size: 8.5pt;\">ΔΗΜΟΣ ΑΛΕΞΑΝΔΡΟΥΠΟΛΗΣ</span></p>\r\n<p><strong><span style=\"color: #2a2c26; font-family: \'Lucida Sans Unicode\',\'sans-serif\'; font-size: 8.5pt;\">ΕΤΟΣ ΟΛΟΚΛΗΡΩΣΗΣ:</span></strong><span style=\"color: #2a2c26; font-family: \'Lucida Sans Unicode\',\'sans-serif\'; font-size: 8.5pt;\"> 2008</span></p>', '', '1', '2', '0', '10', '2013-03-22 10:21:00', '62', '', '0000-00-00 00:00:00', '0', '0', '0000-00-00 00:00:00', '2013-03-22 10:21:00', '0000-00-00 00:00:00', '', '', 'show_title=\nlink_titles=\nshow_intro=\nshow_section=\nlink_section=\nshow_category=\nlink_category=\nshow_vote=\nshow_author=\nshow_create_date=\nshow_modify_date=\nshow_pdf_icon=\nshow_print_icon=\nshow_email_icon=\nlanguage=\nkeyref=\nreadmore=', '1', '0', '8', '', '', '0', '133', 'robots=\nauthor=');
INSERT INTO `jos_content` VALUES ('35', 'Αποκατάσταση Χ.Α.Δ.Α. Δήμου Διδυμοτείχου Α', '2013-03-22-10-22-34', '', '<p><strong><span style=\"color: #2a2c26; font-family: \'Lucida Sans Unicode\',\'sans-serif\'; font-size: 8.5pt;\">ΕΡΓΟ:</span></strong><span style=\"color: #2a2c26; font-family: \'Lucida Sans Unicode\',\'sans-serif\'; font-size: 8.5pt;\">ΑΠΟΚΑΤΑΣΤΑΣΗ Χ.Α.Δ.Α. ΔΗΜΟΥ ΔΙΔΥΜΟΤΕΙΧΟΥ - Δ.Δ. ΙΣΑΑΚΙΟΥ, ΠΕΤΡΑΔΩΝ, ΠΡΑΓΓΙΟΥ, ΘΥΡΕΑΣ, ΛΑΓΟΥ, ΜΑΝΗΣ, ΚΑΡΩΤΗΣ, ΕΛΛΗΝΟΧΩΡΙΟΥ, ΚΟΥΦΟΒΟΥΝΟΥ ΚΑΜΠΟΥΔΗΣ, ΚΥΑΝΗΣ(ΓΗΠΕΔΟ).</span></p>\r\n<p><strong><span style=\"color: #2a2c26; font-family: \'Lucida Sans Unicode\',\'sans-serif\'; font-size: 8.5pt;\">ΕΡΓΟΔΟΤΗΣ:</span></strong><span style=\"color: #2a2c26; font-family: \'Lucida Sans Unicode\',\'sans-serif\'; font-size: 8.5pt;\">ΔΗΜΟΣ ΔΙΔΥΜΟΤΕΙΧΟΥ</span></p>\r\n<p><strong><span style=\"color: #2a2c26; font-family: \'Lucida Sans Unicode\',\'sans-serif\'; font-size: 8.5pt;\">ΕΤΟΣ ΟΛΟΚΛΗΡΩΣΗΣ:</span></strong><span style=\"color: #2a2c26; font-family: \'Lucida Sans Unicode\',\'sans-serif\'; font-size: 8.5pt;\"> 2008</span></p>', '', '1', '2', '0', '10', '2013-03-22 10:21:59', '62', '', '0000-00-00 00:00:00', '0', '0', '0000-00-00 00:00:00', '2013-03-22 10:21:59', '0000-00-00 00:00:00', '', '', 'show_title=\nlink_titles=\nshow_intro=\nshow_section=\nlink_section=\nshow_category=\nlink_category=\nshow_vote=\nshow_author=\nshow_create_date=\nshow_modify_date=\nshow_pdf_icon=\nshow_print_icon=\nshow_email_icon=\nlanguage=\nkeyref=\nreadmore=', '1', '0', '7', '', '', '0', '117', 'robots=\nauthor=');
INSERT INTO `jos_content` VALUES ('36', 'Αποκατάσταση Χ.Α.Δ.Α. Δήμου Διδυμοτείχου Β', '2013-03-22-10-23-23', '', '<p><strong><span style=\"color: #2a2c26; font-family: \'Lucida Sans Unicode\',\'sans-serif\'; font-size: 8.5pt;\">ΕΡΓΟ:</span></strong><span style=\"color: #2a2c26; font-family: \'Lucida Sans Unicode\',\'sans-serif\'; font-size: 8.5pt;\">ΑΠΟΚΑΤΑΣΤΑΣΗ Χ.Α.Δ.Α. ΔΗΜΟΥ ΔΙΔΥΜΟΤΕΙΧΟΥ - Δ.Δ. ΑΣΒΕΣΤΑΔΩΝ, ΑΣΗΜΕΝΙΟΥ, ΕΥΓΕΝΙΚΟΥ, ΚΟΥΦΟΒΟΥΝΟΥ (ΟΙΚΙΣΜΟΣ), ΚΥΑΝΗΣ (Β.ΠΕΡΙΒΟΛΙΑ), ΠΟΙΜΕΝΙΚΟΥ, ΠΥΘΙΟΥ, ΣΙΤΟΧΩΡΙΟΥ, ΣΟΦΙΚΟΥ.</span></p>\r\n<p><strong><span style=\"color: #2a2c26; font-family: \'Lucida Sans Unicode\',\'sans-serif\'; font-size: 8.5pt;\">ΕΡΓΟΔΟΤΗΣ:</span></strong><span style=\"color: #2a2c26; font-family: \'Lucida Sans Unicode\',\'sans-serif\'; font-size: 8.5pt;\">ΔΗΜΟΣ ΔΙΔΥΜΟΤΕΙΧΟΥ</span></p>\r\n<p><strong><span style=\"color: #2a2c26; font-family: \'Lucida Sans Unicode\',\'sans-serif\'; font-size: 8.5pt;\">ΕΤΟΣ ΟΛΟΚΛΗΡΩΣΗΣ:</span></strong><span style=\"color: #2a2c26; font-family: \'Lucida Sans Unicode\',\'sans-serif\'; font-size: 8.5pt;\"> 2009</span></p>', '', '1', '2', '0', '10', '2013-03-22 10:22:46', '62', '', '0000-00-00 00:00:00', '0', '0', '0000-00-00 00:00:00', '2013-03-22 10:22:46', '0000-00-00 00:00:00', '', '', 'show_title=\nlink_titles=\nshow_intro=\nshow_section=\nlink_section=\nshow_category=\nlink_category=\nshow_vote=\nshow_author=\nshow_create_date=\nshow_modify_date=\nshow_pdf_icon=\nshow_print_icon=\nshow_email_icon=\nlanguage=\nkeyref=\nreadmore=', '1', '0', '6', '', '', '0', '132', 'robots=\nauthor=');
INSERT INTO `jos_content` VALUES ('37', 'Αποκατάσταση Χ.Α.Δ.Α. Δήμου Φερών', '2013-03-22-10-24-06', '', '<p><strong><span style=\"color: #2a2c26; font-family: \'Lucida Sans Unicode\',\'sans-serif\'; font-size: 8.5pt;\">ΕΡΓΟ:</span></strong><span style=\"color: #2a2c26; font-family: \'Lucida Sans Unicode\',\'sans-serif\'; font-size: 8.5pt;\">ΠΕΡΙΒΑΛΛΟΝΤΙΚΗ ΑΠΟΚΑΤΑΣΤΑΣΗ Χ.Α.Δ.Α. ΔΗΜΟΥ ΦΕΡΩΝ</span></p>\r\n<p><strong><span style=\"color: #2a2c26; font-family: \'Lucida Sans Unicode\',\'sans-serif\'; font-size: 8.5pt;\">ΕΡΓΟΔΟΤΗΣ:</span></strong><span style=\"color: #2a2c26; font-family: \'Lucida Sans Unicode\',\'sans-serif\'; font-size: 8.5pt;\">ΔΗΜΟΣ ΦΕΡΩΝ</span></p>\r\n<p><strong><span style=\"color: #2a2c26; font-family: \'Lucida Sans Unicode\',\'sans-serif\'; font-size: 8.5pt;\">ΕΤΟΣ ΟΛΟΚΛΗΡΩΣΗΣ:</span></strong><span style=\"color: #2a2c26; font-family: \'Lucida Sans Unicode\',\'sans-serif\'; font-size: 8.5pt;\"> 2007</span></p>', '', '1', '2', '0', '10', '2013-03-22 10:23:35', '62', '', '0000-00-00 00:00:00', '0', '0', '0000-00-00 00:00:00', '2013-03-22 10:23:35', '0000-00-00 00:00:00', '', '', 'show_title=\nlink_titles=\nshow_intro=\nshow_section=\nlink_section=\nshow_category=\nlink_category=\nshow_vote=\nshow_author=\nshow_create_date=\nshow_modify_date=\nshow_pdf_icon=\nshow_print_icon=\nshow_email_icon=\nlanguage=\nkeyref=\nreadmore=', '1', '0', '5', '', '', '0', '113', 'robots=\nauthor=');
INSERT INTO `jos_content` VALUES ('38', 'Οριστική Αποκατάσταση Χ.Α.Δ.Α. Καμαριώτισσας Σαμοθράκης', '2013-03-22-10-24-54', '', '<p><strong><span style=\"color: #2a2c26; font-family: \'Lucida Sans Unicode\',\'sans-serif\'; font-size: 8.5pt;\">ΕΡΓΟ:</span></strong><span style=\"color: #2a2c26; font-family: \'Lucida Sans Unicode\',\'sans-serif\'; font-size: 8.5pt;\">ΟΡΙΣΤΙΚΗ ΑΠΟΚΑΤΑΣΤΑΣΗ Χ.Α.Δ.Α. ΚΑΜΑΡΙΩΤΙΣΣΑΣ ΣΑΜΟΘΡΑΚΗΣ</span></p>\r\n<p><strong><span style=\"color: #2a2c26; font-family: \'Lucida Sans Unicode\',\'sans-serif\'; font-size: 8.5pt;\">ΕΡΓΟΔΟΤΗΣ:</span></strong><span style=\"color: #2a2c26; font-family: \'Lucida Sans Unicode\',\'sans-serif\'; font-size: 8.5pt;\">ΔΗΜΟΣ ΣΑΜΟΘΡΑΚΗΣ</span></p>\r\n<p><strong><span style=\"color: #2a2c26; font-family: \'Lucida Sans Unicode\',\'sans-serif\'; font-size: 8.5pt;\">ΕΤΟΣ ΟΛΟΚΛΗΡΩΣΗΣ:</span></strong><span style=\"color: #2a2c26; font-family: \'Lucida Sans Unicode\',\'sans-serif\'; font-size: 8.5pt;\"> 2008</span></p>', '', '1', '2', '0', '10', '2013-03-22 10:24:17', '62', '', '0000-00-00 00:00:00', '0', '67', '2014-12-08 09:42:53', '2013-03-22 10:24:17', '0000-00-00 00:00:00', '', '', 'show_title=\nlink_titles=\nshow_intro=\nshow_section=\nlink_section=\nshow_category=\nlink_category=\nshow_vote=\nshow_author=\nshow_create_date=\nshow_modify_date=\nshow_pdf_icon=\nshow_print_icon=\nshow_email_icon=\nlanguage=\nkeyref=\nreadmore=', '1', '0', '4', '', '', '0', '125', 'robots=\nauthor=');
INSERT INTO `jos_content` VALUES ('39', 'Αποκατάσταση Χ.Α.Δ.Α. Δήμου Ορφέα', '2013-03-22-10-25-35', '', '<p><strong><span style=\"color: #2a2c26; font-family: \'Lucida Sans Unicode\',\'sans-serif\'; font-size: 8.5pt;\">ΕΡΓΟ:</span></strong><span style=\"color: #2a2c26; font-family: \'Lucida Sans Unicode\',\'sans-serif\'; font-size: 8.5pt;\">ΑΠΟΚΑΤΑΣΤΑΣΗ Χ.Α.Δ.Α. ΔΗΜΟΥ ΟΡΦΕΑ - ΜΑΝΔΡΑΣ, ΠΡΩΤΟΚΚΛΗΣΙΟΥ, ΜΑΥΡΟΚΚΛΗΣΙΟΥ, ΜΙΚΡΟΥ ΔΕΡΕΙΟΥ(ΡΟΥΣΑ),ΜΙΚΡΟΥ ΔΕΡΕΙΟΥ (ΜΟΝΑΣΤΗΡΙ)</span></p>\r\n<p><strong><span style=\"color: #2a2c26; font-family: \'Lucida Sans Unicode\',\'sans-serif\'; font-size: 8.5pt;\">ΕΡΓΟΔΟΤΗΣ:</span></strong><span style=\"color: #2a2c26; font-family: \'Lucida Sans Unicode\',\'sans-serif\'; font-size: 8.5pt;\">ΔΗΜΟΣ ΟΡΦΕΑ</span></p>\r\n<p><strong><span style=\"color: #2a2c26; font-family: \'Lucida Sans Unicode\',\'sans-serif\'; font-size: 8.5pt;\">ΕΤΟΣ ΟΛΟΚΛΗΡΩΣΗΣ:</span></strong><span style=\"color: #2a2c26; font-family: \'Lucida Sans Unicode\',\'sans-serif\'; font-size: 8.5pt;\"> 2007</span></p>', '', '1', '2', '0', '10', '2013-03-22 10:25:05', '62', '', '0000-00-00 00:00:00', '0', '0', '0000-00-00 00:00:00', '2013-03-22 10:25:05', '0000-00-00 00:00:00', '', '', 'show_title=\nlink_titles=\nshow_intro=\nshow_section=\nlink_section=\nshow_category=\nlink_category=\nshow_vote=\nshow_author=\nshow_create_date=\nshow_modify_date=\nshow_pdf_icon=\nshow_print_icon=\nshow_email_icon=\nlanguage=\nkeyref=\nreadmore=', '1', '0', '3', '', '', '0', '130', 'robots=\nauthor=');
INSERT INTO `jos_content` VALUES ('40', 'Νέα - Ανακοινώσεις', '2013-06-10-06-35-15', '', '<p>Νέα - Ανακοινώσεις</p>', '', '1', '3', '0', '12', '2013-06-10 06:34:25', '62', '', '2013-06-10 06:36:14', '62', '0', '0000-00-00 00:00:00', '2013-06-10 06:34:25', '0000-00-00 00:00:00', '', '', 'show_title=\nlink_titles=\nshow_intro=\nshow_section=\nlink_section=\nshow_category=\nlink_category=\nshow_vote=\nshow_author=\nshow_create_date=\nshow_modify_date=\nshow_pdf_icon=\nshow_print_icon=\nshow_email_icon=\nlanguage=\nkeyref=\nreadmore=', '2', '0', '2', '', '', '0', '1567', 'robots=\nauthor=');
INSERT INTO `jos_content` VALUES ('41', 'Ισολογισμοί', '2013-06-10-06-36-49', '', '<p>Δημοσίευση Ισολογισμών</p>\r\n<p>&nbsp;</p>', '', '-2', '3', '0', '13', '2013-06-10 06:36:21', '62', '', '0000-00-00 00:00:00', '0', '0', '0000-00-00 00:00:00', '2013-06-10 06:36:21', '0000-00-00 00:00:00', '', '', 'show_title=\nlink_titles=\nshow_intro=\nshow_section=\nlink_section=\nshow_category=\nlink_category=\nshow_vote=\nshow_author=\nshow_create_date=\nshow_modify_date=\nshow_pdf_icon=\nshow_print_icon=\nshow_email_icon=\nlanguage=\nkeyref=\nreadmore=', '1', '0', '0', '', '', '0', '20', 'robots=\nauthor=');
INSERT INTO `jos_content` VALUES ('44', 'Εγκατάσταση Απομάκρυνσης Μαγγανίου-Σιδήρου-Θολότητας Πόσιμου Νερού Πόλης Ορεστιάδος', '2013-07-08-09-24-44', '', '<p><span style=\"font-size: 12.1599998474121px; line-height: 15.8079996109009px;\">Η εγκατάσταση κ</span>ατασκευάστηκε το 2012 και τέθηκε σε πλήρη λειτουργία τον Φεβρουάριο του 2013, αντιμετωπίζοντας με αποτελεσματικότητα το φαινόμενο της ύπαρξης Μαγγανίου στο πόσιμο νερό.</p>\r\n<p>Η εφαρμοζόμενη μέθοδος στην ΕΑΜΣΘ περιλαμβάνει κατά σειρά τις ακόλουθες διεργασίες:</p>\r\n<ol>\r\n<li><strong>Οξείδωση</strong> με την προσθήκη, στο νερό των γεωτρήσεων, ικανής ποσότητας διαλύματος υποχλωριώδους νατρίου ως οξειδωτικού μέσου.</li>\r\n<li><strong>Επαφή</strong> των υπό οξείδωση στοιχείων του νερού με το οξειδωτικό μέσο.</li>\r\n<li><strong>Φίλτρανση</strong> για την κατακράτηση τόσο των δημιουργημένων κατά τα προηγούμενα στάδια ιζημάτων όσο και της προϋπάρχουσας θολότητας με φίλτρα κλειστού κατακόρυφου τύπου πίεσης με μέσο φίλτρανσης πολλαπλές στρώσεις υλικών (multimedia water filters).</li>\r\n<li><strong>Αποχλωρίωση – απόσμηση</strong> με φίλτρα ενεργού άνθρακα. </li>\r\n<li><strong>Μεταχλωρίωση</strong> για την προληπτική απολύμανση του νερού. </li>\r\n</ol>\r\n<p><span style=\"line-height: 1.3em;\">Η εγκατάσταση είναι πλήρως αυτοματοποιημένη, έχει σύστημα τηλεειδοποίησης, σύστημα τηλεπαρακολούθησης και τηλεχειρισμού και λειτουργεί μέσω ηλεκτρονικού υπολογιστή. Παράγει 330 m</span><sup>3</sup><span style=\"line-height: 1.3em;\">/h πόσιμο νερό άριστης ποιότητας, και καλύπτει τόσο τις προδιαγραφές της Ε.Ο.Κ. όσο και της Ελληνικής νομοθεσίας.</span></p>\r\n<p><span style=\"font-size: small;\"><strong>ΕΡΓΟΔΟΤΗΣ: </strong>Δ.Ε.Υ.Α. ΟΡΕΣΤΙΑΔΟΣ<br /><strong>ΠΑΡΟΧΗ: </strong>7.900 m<sup>3 </sup>/μέρα<br /><strong>ΕΤΟΣ ΟΛΟΚΛΗΡΩΣΗΣ: </strong>2013<br /><strong>ΠΡΟΫΠΟΛΟΓΙΣΜΟΣ</strong>: 1.652.487€ ΜΕ ΦΠΑ </span></p>\r\n<hr />\r\n<p> </p>\r\n<p>{rokbox thumb=|images/stories/projects/orestiadaNero1_th.jpg|}images/stories/projects/orestiadaNero1.jpg{/rokbox}{rokbox thumb=|images/stories/projects/orestiadaNero2_th.jpg|}images/stories/projects/orestiadaNero2.jpg{/rokbox}{rokbox thumb=|images/stories/projects/orestiadaNero3_th.jpg|}images/stories/projects/orestiadaNero3.jpg{/rokbox}{rokbox thumb=|images/stories/projects/orestiadaNero4_th.jpg|}images/stories/projects/orestiadaNero4.jpg{/rokbox}<span style=\"line-height: 15.8079996109009px;\">{rokbox thumb=|images/stories/projects/dsc00127-2.jpg|}images/stories/projects/dsc00127-2.jpg{/rokbox}<span style=\"font-size: 12.1599998474121px; line-height: 15.8079996109009px;\">{rokbox thumb=|images/stories/projects/dsc00128-2.jpg|}images/stories/projects/dsc00128-2.jpg{/rokbox}<span style=\"font-size: 12.1599998474121px; line-height: 15.8079996109009px;\">{rokbox thumb=|images/stories/projects/dsc00131-2.jpg|}images/stories/projects/dsc00131-2.jpg{/rokbox}<span style=\"font-size: 12.1599998474121px; line-height: 15.8079996109009px;\">{rokbox thumb=|images/stories/projects/dsc00134-2.jpg|}images/stories/projects/dsc00134-2.jpg{/rokbox}</span></span></span><br /><br /></span></p>\r\n<hr />\r\n<p> </p>\r\n<p> </p>', '', '1', '2', '0', '7', '2013-07-08 09:24:11', '62', '', '2015-02-19 13:15:42', '67', '0', '0000-00-00 00:00:00', '2013-07-08 09:24:11', '0000-00-00 00:00:00', '', '', 'show_title=\nlink_titles=\nshow_intro=\nshow_section=\nlink_section=\nshow_category=\nlink_category=\nshow_vote=\nshow_author=\nshow_create_date=\nshow_modify_date=\nshow_pdf_icon=\nshow_print_icon=\nshow_email_icon=\nlanguage=\nkeyref=\nreadmore=', '18', '0', '2', '', '', '0', '204', 'robots=\nauthor=');
INSERT INTO `jos_content` VALUES ('42', 'Χάρτης', '2013-06-25-23-25-14', '', '<p><span style=\"color: black; font-family: \'Verdana\',\'sans-serif\'; font-size: 7.5pt;\" lang=\"EN-GB\">{mosmap<br />kml=\'kml/krounos_el.kml\'|zoom=\'5\'|iconshadow=\'http://www.krounos-spa.gr/images/M_images/map_icon_shadow2.png\'|iconshadowwidth=\'30\'|iconshadowheight=\'33\'|width=\'410\'}</span></p>', '', '0', '1', '0', '3', '2013-06-25 23:24:28', '62', '', '2014-03-18 02:02:21', '63', '67', '2015-02-19 11:15:40', '2013-06-25 23:24:28', '0000-00-00 00:00:00', '', '', 'show_title=\nlink_titles=\nshow_intro=\nshow_section=\nlink_section=\nshow_category=\nlink_category=\nshow_vote=\nshow_author=\nshow_create_date=\nshow_modify_date=\nshow_pdf_icon=\nshow_print_icon=\nshow_email_icon=\nlanguage=\nkeyref=\nreadmore=', '2', '0', '1', '', '', '0', '0', 'robots=\nauthor=');
INSERT INTO `jos_content` VALUES ('43', 'Ισολογισμός 2012', '-2012', '', '<p><a href=\"images/docs/ISOLOGISMOS_2012.pdf\" target=\"_blank\" title=\"Ισολογισμός 2012\">Ισολογισμός για το οικονομικό έτος 2012.</a></p>', '', '1', '3', '0', '13', '2013-07-08 07:55:29', '62', '', '2015-08-07 07:13:27', '67', '0', '0000-00-00 00:00:00', '2013-07-08 07:55:29', '0000-00-00 00:00:00', '', '', 'show_title=\nlink_titles=\nshow_intro=\nshow_section=\nlink_section=\nshow_category=\nlink_category=\nshow_vote=\nshow_author=\nshow_create_date=\nshow_modify_date=\nshow_pdf_icon=\nshow_print_icon=\nshow_email_icon=\nlanguage=\nkeyref=\nreadmore=', '4', '0', '1', '', '', '0', '123', 'robots=\nauthor=');
INSERT INTO `jos_content` VALUES ('45', 'Φωτοβολταϊκό Πάρκο Ισχύος 99,66KW', '2013-07-08-09-37-44', '', '<p><strong><span style=\"color: #2a2c26; font-family: \'Lucida Sans Unicode\',\'sans-serif\'; font-size: 8.5pt;\">ΕΡΓΟ:</span></strong><span style=\"color: #2a2c26; font-family: \'Lucida Sans Unicode\',\'sans-serif\'; font-size: 8.5pt;\"> ΦΩΤΟΒΟΛΤΑΪΚΟ ΠΑΡΚΟ ΙΣΧΥΟΣ 99,66KW<br /><br /></span></p>\r\n<p> </p>\r\n<hr />\r\n<p>{rokbox thumb=|images/stories/projects/photoKrounos1_th.jpg|}images/stories/projects/photoKrounos1.jpg{/rokbox}<span style=\"font-size: 12.16px; line-height: 15.808px;\">{rokbox thumb=|images/stories/projects/fotov001.jpg|}images/stories/projects/fotov001.jpg{/rokbox}<span style=\"font-size: 12.16px; line-height: 15.808px;\">{rokbox thumb=|images/stories/projects/fotov002.jpg|}images/stories/projects/fotov002.jpg{/rokbox}</span></span></p>\r\n<hr />', '', '1', '2', '0', '11', '2013-07-08 09:35:50', '62', '', '2015-09-23 08:38:54', '67', '0', '0000-00-00 00:00:00', '2013-07-08 09:35:50', '0000-00-00 00:00:00', '', '', 'show_title=\nlink_titles=\nshow_intro=\nshow_section=\nlink_section=\nshow_category=\nlink_category=\nshow_vote=\nshow_author=\nshow_create_date=\nshow_modify_date=\nshow_pdf_icon=\nshow_print_icon=\nshow_email_icon=\nlanguage=\nkeyref=\nreadmore=', '3', '0', '1', '', '', '0', '132', 'robots=\nauthor=');
INSERT INTO `jos_content` VALUES ('46', 'Ισολογισμός 2013', '-2013', '', '<p><a href=\"images/docs/KrounosIsologismos2013.pdf\" target=\"_blank\" title=\"Ισολογισμός 2013\">Ισολογισμός για το οικονομικό έτος 2013.</a></p>', '', '1', '3', '0', '13', '2014-06-04 23:40:48', '63', '', '2014-06-04 23:55:14', '63', '67', '2015-08-11 09:30:34', '2014-06-04 23:40:48', '0000-00-00 00:00:00', '', '', 'show_title=\nlink_titles=\nshow_intro=\nshow_section=\nlink_section=\nshow_category=\nlink_category=\nshow_vote=\nshow_author=\nshow_create_date=\nshow_modify_date=\nshow_pdf_icon=\nshow_print_icon=\nshow_email_icon=\nlanguage=\nkeyref=\nreadmore=', '5', '0', '2', '', '', '0', '100', 'robots=\nauthor=');
INSERT INTO `jos_content` VALUES ('48', 'Κατασκευή Διϋλυστηρίου Ύδατος Ορεστιάδος', '2013-07-08-09-24-44', '', '<p><strong><span style=\"color: #2a2c26; font-family: \'Lucida Sans Unicode\',\'sans-serif\'; font-size: 8.5pt;\">ΕΡΓΟ:</span></strong><span style=\"color: #2a2c26; font-family: \'Lucida Sans Unicode\',\'sans-serif\'; font-size: 8.5pt;\"> ΚΑΤΑΣΚΕΥΗ ΣΥΣΤΗΜΑΤΩΝ ΚΑΘΑΡΙΣΜΟΥ ΠΟΣΙΜΟΥ ΥΔΑΤΟΣ Δ.Δ. ΟΡΕΣΤΙΑΔΟΣ<br /></span></p>\r\n<p> </p>\r\n<hr />\r\n<p> </p>\r\n<p>{rokbox thumb=|images/stories/projects/idrima1.jpg|}images/stories/projects/idrima1.jpg{/rokbox} {rokbox thumb=|images/stories/projects/orestiadaNero2_th.jpg|}images/stories/projects/orestiadaNero2.jpg{/rokbox}{rokbox thumb=|images/stories/projects/orestiadaNero3_th.jpg|}images/stories/projects/orestiadaNero3.jpg{/rokbox}{rokbox thumb=|images/stories/projects/orestiadaNero4_th.jpg|}images/stories/projects/orestiadaNero4.jpg{/rokbox}</p>\r\n<hr />\r\n<p> </p>\r\n<p> </p>', '', '-2', '2', '0', '7', '2013-07-08 09:24:11', '62', '', '2014-12-06 11:27:39', '67', '0', '0000-00-00 00:00:00', '2013-07-08 09:24:11', '0000-00-00 00:00:00', '', '', 'show_title=\nlink_titles=\nshow_intro=\nshow_section=\nlink_section=\nshow_category=\nlink_category=\nshow_vote=\nshow_author=\nshow_create_date=\nshow_modify_date=\nshow_pdf_icon=\nshow_print_icon=\nshow_email_icon=\nlanguage=\nkeyref=\nreadmore=', '1', '0', '0', '', '', '0', '1', 'robots=\nauthor=');
INSERT INTO `jos_content` VALUES ('49', 'Αποκατάσταση Χ.Α.Δ.Α. στη θέση Μέγα Ρέμα Δήμου Σουφλίου', '2013-03-20-08-08-29', '', '<p><strong><span style=\"color: #2a2c26; font-family: \'Lucida Sans Unicode\',\'sans-serif\'; font-size: 8.5pt;\">ΕΡΓΟ:</span></strong><span style=\"color: #2a2c26; font-family: \'Lucida Sans Unicode\',\'sans-serif\'; font-size: 8.5pt;\"> ΑΠΟΚΑΤΑΣΤΑΣΗ Χ.Α.Δ.Α. ΣΤΗ ΘΕΣΗ ΜΕΓΑ ΡΕΜΑ ΔΗΜΟΥ ΣΟΥΦΛΙΟΥ</span></p>\r\n<p><strong><span style=\"color: #2a2c26; font-family: \'Lucida Sans Unicode\',\'sans-serif\'; font-size: 8.5pt;\">ΕΡΓΟΔΟΤΗΣ:</span></strong><span style=\"color: #2a2c26; font-family: \'Lucida Sans Unicode\',\'sans-serif\'; font-size: 8.5pt;\"> ΔΗΜΟΣ ΣΟΥΦΛΙΟΥ</span></p>\r\n<p><strong><span style=\"color: #2a2c26; font-family: \'Lucida Sans Unicode\',\'sans-serif\'; font-size: 8.5pt;\">ΕΤΟΣ ΟΛΟΚΛΗΡΩΣΗΣ:</span></strong><span style=\"color: #2a2c26; font-family: \'Lucida Sans Unicode\',\'sans-serif\'; font-size: 8.5pt;\"> 2014<br /><br /><strong>ΠΡΟΫΠΟΛΟΓΙΣΜΟΣ</strong>: 713.562,95 € ΜΕ ΦΠΑ</span></p>\r\n<p> </p>\r\n<hr />\r\n<p> </p>\r\n<p> </p>\r\n<p>{rokbox thumb=|images/stories/projects/xadasoufli1.jpg|}images/stories/projects/xadasoufli1.jpg{/rokbox}<span style=\"line-height: 15.8079996109009px;\">{rokbox thumb=|images/stories/projects/xadasoufli2.jpg|}images/stories/projects/xadasoufli2.jpg{/rokbox}<span style=\"line-height: 15.8079996109009px;\">{rokbox thumb=|images/stories/projects/xadasoufli3.jpg|}images/stories/projects/xadasoufli3.jpg{/rokbox}<span style=\"line-height: 15.8079996109009px;\">{rokbox thumb=|images/stories/projects/xadasoufli4.jpg|}images/stories/projects/xadasoufli4.jpg{/rokbox}<span style=\"line-height: 15.8079996109009px;\">{rokbox thumb=|images/stories/projects/xadasoufli5.jpg|}images/stories/projects/xadasoufli5.jpg{/rokbox}<span style=\"line-height: 15.8079996109009px;\">{rokbox thumb=|images/stories/projects/xadasoufli6.jpg|}images/stories/projects/xadasoufli6.jpg{/rokbox}<span style=\"line-height: 15.8079996109009px;\">{rokbox thumb=|images/stories/projects/xadasoufli7.jpg|}images/stories/projects/xadasoufli7.jpg{/rokbox}</span></span></span></span></span></span></p>\r\n<p> </p>\r\n<hr />\r\n<p> </p>\r\n<p> </p>\r\n<p> </p>', '', '1', '2', '0', '10', '2013-03-20 08:07:32', '62', '', '2015-02-19 13:09:41', '67', '0', '0000-00-00 00:00:00', '2013-03-20 08:07:32', '0000-00-00 00:00:00', '', '', 'show_title=\nlink_titles=\nshow_intro=\nshow_section=\nlink_section=\nshow_category=\nlink_category=\nshow_vote=\nshow_author=\nshow_create_date=\nshow_modify_date=\nshow_pdf_icon=\nshow_print_icon=\nshow_email_icon=\nlanguage=\nkeyref=\nreadmore=', '3', '0', '2', '', '', '0', '67', 'robots=\nauthor=');
INSERT INTO `jos_content` VALUES ('50', 'Κατασκευή Κοιμητηρίου Μαϊστρου', '2013-03-20-08-08-29', '', '<p><strong><span style=\"color: #2a2c26; font-family: \'Lucida Sans Unicode\',\'sans-serif\'; font-size: 8.5pt;\">ΕΡΓΟ:</span></strong><span style=\"color: #2a2c26; font-family: \'Lucida Sans Unicode\',\'sans-serif\'; font-size: 8.5pt;\"> ΚΑΤΑΣΚΕΥΗ ΚΟΙΜΗΤΗΡΙΟΥ ΜΑΪΣΤΡΟΥ</span></p>\r\n<p><strong><span style=\"color: #2a2c26; font-family: \'Lucida Sans Unicode\',\'sans-serif\'; font-size: 8.5pt;\">ΕΡΓΟΔΟΤΗΣ:</span></strong><span style=\"color: #2a2c26; font-family: \'Lucida Sans Unicode\',\'sans-serif\'; font-size: 8.5pt;\"> ΔΗΜΟΣ ΑΛΕΞΑΝΔΡΟΥΠΟΛΗΣ</span></p>\r\n<p><strong><span style=\"color: #2a2c26; font-family: \'Lucida Sans Unicode\',\'sans-serif\'; font-size: 8.5pt;\">ΕΤΟΣ ΟΛΟΚΛΗΡΩΣΗΣ:</span></strong><span style=\"color: #2a2c26; font-family: \'Lucida Sans Unicode\',\'sans-serif\'; font-size: 8.5pt;\"> 2014<br /><br /><strong>ΠΡΟΫΠΟΛΟΓΙΣΜΟΣ:</strong> 213.492,38 € ΜΕ ΦΠΑ</span></p>\r\n<p> </p>\r\n<hr />\r\n<p> </p>\r\n<p> </p>\r\n<p>{rokbox thumb=|images/stories/projects/maistros1.jpg|}images/stories/projects/maistros1.jpg{/rokbox}<span style=\"line-height: 15.8079996109009px;\">{rokbox thumb=|images/stories/projects/maistros2.jpg|}images/stories/projects/maistros2.jpg{/rokbox}</span></p>\r\n<p> </p>\r\n<p> </p>\r\n<p> </p>', '', '1', '2', '0', '8', '2013-03-20 08:07:32', '62', '', '2015-02-19 12:07:30', '67', '0', '0000-00-00 00:00:00', '2013-03-20 08:07:32', '0000-00-00 00:00:00', '', '', 'show_title=\nlink_titles=\nshow_intro=\nshow_section=\nlink_section=\nshow_category=\nlink_category=\nshow_vote=\nshow_author=\nshow_create_date=\nshow_modify_date=\nshow_pdf_icon=\nshow_print_icon=\nshow_email_icon=\nlanguage=\nkeyref=\nreadmore=', '5', '0', '4', '', '', '0', '63', 'robots=\nauthor=');
INSERT INTO `jos_content` VALUES ('51', 'Εγκατάσταση Απομάκρυνσης Μαγγανίου-Σιδήρου-Θολότητας Πόσιμου Νερού Δ.Κ. Ν.Βύσσας Δήμου Ορεστιάδας', '2013-07-08-09-24-44', '', '<p><span style=\"font-size: 12.1599998474121px; line-height: 15.8079996109009px;\">Η εγκατάσταση κ</span>ατασκευάστηκε το 2014 και τέθηκε σε πλήρη λειτουργία τον Φεβρουάριο του 2015, αντιμετωπίζοντας με αποτελεσματικότητα το φαινόμενο της ύπαρξης Μαγγανίου στο πόσιμο νερό.</p>\r\n<p>Η εφαρμοζόμενη μέθοδος στην ΕΑΜΣΘ περιλαμβάνει κατά σειρά τις ακόλουθες διεργασίες:</p>\r\n<ol>\r\n<li><strong>Οξείδωση</strong> με την προσθήκη, στο νερό των γεωτρήσεων, ικανής ποσότητας διαλύματος υποχλωριώδους νατρίου ως οξειδωτικού μέσου.</li>\r\n<li><strong>Επαφή</strong> των υπό οξείδωση στοιχείων του νερού με το οξειδωτικό μέσο.</li>\r\n<li><strong>Φίλτρανση</strong> για την κατακράτηση τόσο των δημιουργημένων κατά τα προηγούμενα στάδια ιζημάτων όσο και της προϋπάρχουσας θολότητας με φίλτρα κλειστού κατακόρυφου τύπου πίεσης με μέσο φίλτρανσης πολλαπλές στρώσεις υλικών (multimedia water filters).</li>\r\n<li><strong>Αποχλωρίωση – απόσμηση</strong> με φίλτρα ενεργού άνθρακα. </li>\r\n<li><strong>Μεταχλωρίωση</strong> για την προληπτική απολύμανση του νερού. </li>\r\n</ol>\r\n<p><span style=\"line-height: 1.3em;\">Η εγκατάσταση είναι πλήρως αυτοματοποιημένη, έχει σύστημα τηλεειδοποίησης, σύστημα τηλεπαρακολούθησης και τηλεχειρισμού και λειτουργεί μέσω ηλεκτρονικού υπολογιστή. Παράγει 54 m</span><sup>3</sup><span style=\"line-height: 1.3em;\">/h πόσιμο νερό άριστης ποιότητας, και καλύπτει τόσο τις προδιαγραφές της Ε.Ο.Κ. όσο και της Ελληνικής νομοθεσίας.</span></p>\r\n<p><span style=\"font-size: small;\"><strong>ΕΡΓΟΔΟΤΗΣ: </strong>Δ.Ε.Υ.Α. ΟΡΕΣΤΙΑΔΟΣ<br /><strong>ΠΑΡΟΧΗ: </strong><strong>1</strong>.296 m<sup>3 </sup>/μέρα<br /><strong>ΕΤΟΣ ΟΛΟΚΛΗΡΩΣΗΣ: </strong>2014<br /><strong>ΠΡΟΫΠΟΛΟΓΙΣΜΟΣ:</strong> 395.491,74€ ΜΕ ΦΠΑ</span></p>\r\n<hr />\r\n<p> </p>\r\n<p>{rokbox thumb=|images/stories/projects/byssa 1.jpg|}images/stories/projects/byssa 1.jpg{/rokbox}{rokbox thumb=|images/stories/projects/byssa 2.jpg|}images/stories/projects/byssa 2.jpg{/rokbox}{rokbox thumb=|images/stories/projects/byssa 3.jpg|}images/stories/projects/byssa 3.jpg{/rokbox}<span style=\"line-height: 15.8079996109009px;\"><br /><br /></span></p>\r\n<hr />\r\n<p> </p>\r\n<p> </p>', '', '1', '2', '0', '7', '2013-07-08 09:24:11', '62', '', '2015-02-19 13:15:12', '67', '0', '0000-00-00 00:00:00', '2013-07-08 09:24:11', '0000-00-00 00:00:00', '', '', 'show_title=\nlink_titles=\nshow_intro=\nshow_section=\nlink_section=\nshow_category=\nlink_category=\nshow_vote=\nshow_author=\nshow_create_date=\nshow_modify_date=\nshow_pdf_icon=\nshow_print_icon=\nshow_email_icon=\nlanguage=\nkeyref=\nreadmore=', '4', '0', '1', '', '', '0', '82', 'robots=\nauthor=');
INSERT INTO `jos_content` VALUES ('52', 'ΑΝΑΠΛΑΣΗ ΠΛΑΤΕΙΑΣ Δ.Δ. ΚΑΒΥΛΗΣ ', '2013-03-22-08-32-34', '', '<p><strong><span style=\"color: #2a2c26; font-family: \'Lucida Sans Unicode\',\'sans-serif\'; font-size: 8.5pt;\">ΕΡΓΟ:</span></strong><span style=\"color: #2a2c26; font-family: \'Lucida Sans Unicode\',\'sans-serif\'; font-size: 8.5pt;\">ΑΝΑΠΛΑΣΗ ΠΛΑΤΕΙΑΣ Δ.Δ. ΚΑΒΥΛΗΣ</span></p>\r\n<p><strong><span style=\"color: #2a2c26; font-family: \'Lucida Sans Unicode\',\'sans-serif\'; font-size: 8.5pt;\">ΕΡΓΟΔΟΤΗΣ:</span></strong><span style=\"color: #2a2c26; font-family: \'Lucida Sans Unicode\',\'sans-serif\'; font-size: 8.5pt;\">ΔΗΜΟΣ ΟΡΕΣΤΙΑΔΑΣ</span></p>\r\n<p><strong><span style=\"color: #2a2c26; font-family: \'Lucida Sans Unicode\',\'sans-serif\'; font-size: 8.5pt;\">ΕΤΟΣ ΟΛΟΚΛΗΡΩΣΗΣ:</span></strong><span style=\"color: #2a2c26; font-family: \'Lucida Sans Unicode\',\'sans-serif\'; font-size: 8.5pt;\"> 2014<br /><br /><strong>ΠΡΟΫΠΟΛΟΓΙΣΜΟΣ:</strong> 265.067,50€ ΜΕ Φ.Π.Α.<br /><br /><br /><br /><span style=\"font-size: 12.1599998474121px; line-height: 15.8079996109009px;\">{rokbox thumb=|images/stories/projects/byssa 1.jpg|}images/stories/projects/byssa 1.jpg{/rokbox}{rokbox thumb=|images/stories/projects/byssa 2.jpg|}images/stories/projects/byssa 2.jpg{/rokbox}{rokbox thumb=|images/stories/projects/byssa 3.jpg|}images/stories/projects/byssa 3.jpg{/rokbox}</span><span style=\"font-size: 12.1599998474121px; line-height: 15.8079996109009px;\"><br /></span> </span></p>', '', '-2', '2', '0', '9', '2013-03-22 08:31:51', '62', '', '2015-02-19 11:57:44', '67', '0', '0000-00-00 00:00:00', '2013-03-22 08:31:51', '0000-00-00 00:00:00', '', '', 'show_title=\nlink_titles=\nshow_intro=\nshow_section=\nlink_section=\nshow_category=\nlink_category=\nshow_vote=\nshow_author=\nshow_create_date=\nshow_modify_date=\nshow_pdf_icon=\nshow_print_icon=\nshow_email_icon=\nlanguage=\nkeyref=\nreadmore=', '3', '0', '0', '', '', '0', '0', 'robots=\nauthor=');
INSERT INTO `jos_content` VALUES ('53', 'Ανάπλαση Πλατείας Δ.Δ Καβύλης', '2013-07-08-09-24-44', '', '<p><strong><span style=\"font-size: small;\">ΕΡΓΟΔΟΤΗΣ:</span> </strong><span style=\"font-size: small; line-height: 1.3em;\">ΔΗΜΟΣ ΟΡΕΣΤΙΑΔΑΣ</span></p>\r\n<p><span style=\"font-size: small;\"><strong>ΕΡΓΟ: </strong>ΑΝΑΠΛΑΣΗ ΠΛΑΤΕΙΑΣ Δ.Δ ΚΑΒΥΛΗΣ<br /><br /><strong>ΕΤΟΣ ΟΛΟΚΛΗΡΩΣΗΣ: </strong>2014<br /><br /><strong>ΠΡΟΫΠΟΛΟΓΙΣΜΟΣ:</strong> 265.067,50 € ΜΕ ΦΠΑ</span></p>\r\n<hr />\r\n<p> </p>\r\n<p>{rokbox thumb=|images/stories/projects/kavili1.jpg|}images/stories/projects/kavili1.jpg{/rokbox}{rokbox thumb=|images/stories/projects/kavili2.jpg|}images/stories/projects/kavili2.jpg{/rokbox}{rokbox thumb=|images/stories/projects/kavili3.jpg|}images/stories/projects/kavili3.jpg{/rokbox}<span style=\"line-height: 15.8079996109009px;\"><br /><br /></span></p>\r\n<hr />\r\n<p> </p>\r\n<p> </p>', '', '1', '2', '0', '9', '2013-07-08 09:24:11', '62', '', '2015-02-19 12:11:47', '67', '0', '0000-00-00 00:00:00', '2013-07-08 09:24:11', '0000-00-00 00:00:00', '', '', 'show_title=\nlink_titles=\nshow_intro=\nshow_section=\nlink_section=\nshow_category=\nlink_category=\nshow_vote=\nshow_author=\nshow_create_date=\nshow_modify_date=\nshow_pdf_icon=\nshow_print_icon=\nshow_email_icon=\nlanguage=\nkeyref=\nreadmore=', '2', '0', '1', '', '', '0', '76', 'robots=\nauthor=');
INSERT INTO `jos_content` VALUES ('54', 'Κατασκευή Κοιμητηρίου Μάκρης', '2013-03-20-08-08-29', '', '<p><strong><span style=\"color: #2a2c26; font-family: \'Lucida Sans Unicode\',\'sans-serif\'; font-size: 8.5pt;\">ΕΡΓΟ:</span></strong><span style=\"color: #2a2c26; font-family: \'Lucida Sans Unicode\',\'sans-serif\'; font-size: 8.5pt;\"> ΚΑΤΑΣΚΕΥΗ ΚΟΙΜΗΤΗΡΙΟΥ ΜΑΚΡΗΣ</span></p>\r\n<p><strong><span style=\"color: #2a2c26; font-family: \'Lucida Sans Unicode\',\'sans-serif\'; font-size: 8.5pt;\">ΕΡΓΟΔΟΤΗΣ:</span></strong><span style=\"color: #2a2c26; font-family: \'Lucida Sans Unicode\',\'sans-serif\'; font-size: 8.5pt;\"> ΔΗΜΟΣ ΑΛΕΞΑΝΔΡΟΥΠΟΛΗΣ</span></p>\r\n<p><strong><span style=\"color: #2a2c26; font-family: \'Lucida Sans Unicode\',\'sans-serif\'; font-size: 8.5pt;\">ΕΤΟΣ ΟΛΟΚΛΗΡΩΣΗΣ:</span></strong><span style=\"color: #2a2c26; font-family: \'Lucida Sans Unicode\',\'sans-serif\'; font-size: 8.5pt;\"> 2013<br /><br /><strong>ΠΡΟΫΠΟΛΟΓΙΣΜΟΣ:</strong> 214.784,00 € ΜΕ ΦΠΑ</span></p>\r\n<p> </p>\r\n<hr />\r\n<p> </p>\r\n<p> </p>\r\n<p> </p>\r\n<p> </p>', '', '1', '2', '0', '8', '2013-03-20 08:07:32', '62', '', '2015-02-19 12:12:13', '67', '0', '0000-00-00 00:00:00', '2013-03-20 08:07:32', '0000-00-00 00:00:00', '', '', 'show_title=\nlink_titles=\nshow_intro=\nshow_section=\nlink_section=\nshow_category=\nlink_category=\nshow_vote=\nshow_author=\nshow_create_date=\nshow_modify_date=\nshow_pdf_icon=\nshow_print_icon=\nshow_email_icon=\nlanguage=\nkeyref=\nreadmore=', '3', '0', '3', '', '', '0', '60', 'robots=\nauthor=');
INSERT INTO `jos_content` VALUES ('55', 'Εγκαταστάσεις Επεξεργασίας Λυμάτων Αγίου Κυπριανού', '-sos', '', '<p><strong><span style=\"color: #2a2c26; font-family: \'Lucida Sans Unicode\',\'sans-serif\'; font-size: 8.5pt;\">ΕΡΓΟ:</span></strong><span style=\"color: #2a2c26; font-family: \'Lucida Sans Unicode\',\'sans-serif\'; font-size: 8.5pt;\"> ΕΓΚΑΤΑΣΤΑΣΕΙΣ ΕΠΕΞΕΡΓΑΣΙΑΣ ΛΥΜΑΤΩΝ ΣΤΑΥΡΙΔΕΙΟΥ ΕΚΚΛΗΣΙΑΣΤΙΚΟΥ ΙΔΡΥΜΑΤΟΣ \"ΑΓ.ΚΥΠΡΙΑΝΟΣ\"</span></p>\r\n<p><strong><span style=\"color: #2a2c26; font-family: \'Lucida Sans Unicode\',\'sans-serif\'; font-size: 8.5pt;\">ΕΡΓΟΔΟΤΗΣ:</span></strong><span style=\"color: #2a2c26; font-family: \'Lucida Sans Unicode\',\'sans-serif\'; font-size: 8.5pt;\"> ΜΗΤΡΟΠΟΛΗ ΑΛΕΞΑΝΔΡΟΥΠΟΛΗΣ</span></p>\r\n<p><strong><span style=\"color: #2a2c26; font-family: \'Lucida Sans Unicode\',\'sans-serif\'; font-size: 8.5pt;\">ΙΣΟΔΥΝΑΜΟΣ ΠΛΗΘΥΣΜΟΣ:</span></strong><span style=\"color: #2a2c26; font-family: \'Lucida Sans Unicode\',\'sans-serif\'; font-size: 8.5pt;\"> 110</span></p>\r\n<p><strong><span style=\"color: #2a2c26; font-family: \'Lucida Sans Unicode\',\'sans-serif\'; font-size: 8.5pt;\">ΕΤΟΣ ΟΛΟΚΛΗΡΩΣΗΣ:</span></strong><span style=\"color: #2a2c26; font-family: \'Lucida Sans Unicode\',\'sans-serif\'; font-size: 8.5pt;\"> 1994<br /><br /><strong>ΕΤΟΣ ΟΛΟΚΛΗΡΩΣΗΣ ΕΠΕΚΤΑΣΗΣ:</strong> 2012 </span></p>\r\n<p> </p>\r\n<hr />\r\n<p> </p>\r\n<p> </p>\r\n<p>{rokbox thumb=|images/stories/projects/idrima1.jpg|}images/stories/projects/idrima1.jpg{/rokbox}</p>\r\n<p> </p>\r\n<hr />\r\n<p> </p>\r\n<p> </p>\r\n<p> </p>', '', '1', '2', '0', '6', '2013-03-20 08:06:14', '62', '', '2015-02-19 12:21:22', '67', '0', '0000-00-00 00:00:00', '2013-03-20 08:06:14', '0000-00-00 00:00:00', '', '', 'show_title=\nlink_titles=\nshow_intro=\nshow_section=\nlink_section=\nshow_category=\nlink_category=\nshow_vote=\nshow_author=\nshow_create_date=\nshow_modify_date=\nshow_pdf_icon=\nshow_print_icon=\nshow_email_icon=\nlanguage=\nkeyref=\nreadmore=', '2', '0', '5', '', '', '0', '70', 'robots=\nauthor=');
INSERT INTO `jos_content` VALUES ('56', 'Εγκαταστάσεις Επεξεργασίας Υγρών Αποβλήτων Ιεράς Μονής Κοιμήσεως Θεοτόκου', '-sos', '', '<p><strong><span style=\"color: #2a2c26; font-family: \'Lucida Sans Unicode\',\'sans-serif\'; font-size: 8.5pt;\">ΕΡΓΟ:</span></strong><span style=\"color: #2a2c26; font-family: \'Lucida Sans Unicode\',\'sans-serif\'; font-size: 8.5pt;\"> ΕΓΚΑΤΑΣΤΑΣΕΙΣ ΕΠΕΞΕΡΓΑΣΙΑΣ ΥΓΡΩΝ ΑΠΟΒΛΗΤΩΝ ΙΕΡΑΣ ΜΟΝΗΣ ΚΟΙΜΗΣΕΩΣ ΘΕΟΤΟΚΟΥ</span></p>\r\n<p><strong><span style=\"color: #2a2c26; font-family: \'Lucida Sans Unicode\',\'sans-serif\'; font-size: 8.5pt;\">ΕΡΓΟΔΟΤΗΣ:</span></strong><span style=\"color: #2a2c26; font-family: \'Lucida Sans Unicode\',\'sans-serif\'; font-size: 8.5pt;\"> ΙΕΡΑ ΜΟΝΗ</span></p>\r\n<p><strong><span style=\"color: #2a2c26; font-family: \'Lucida Sans Unicode\',\'sans-serif\'; font-size: 8.5pt;\">ΙΣΟΔΥΝΑΜΟΣ ΠΛΗΘΥΣΜΟΣ:</span></strong><span style=\"color: #2a2c26; font-family: \'Lucida Sans Unicode\',\'sans-serif\'; font-size: 8.5pt;\"> 110</span></p>\r\n<p><strong><span style=\"color: #2a2c26; font-family: \'Lucida Sans Unicode\',\'sans-serif\'; font-size: 8.5pt;\">ΕΤΟΣ ΟΛΟΚΛΗΡΩΣΗΣ:</span></strong><span style=\"color: #2a2c26; font-family: \'Lucida Sans Unicode\',\'sans-serif\'; font-size: 8.5pt;\"> 2012<br /><br /></span></p>\r\n<p> </p>\r\n<hr />\r\n<p> </p>\r\n<p> </p>\r\n<p>{rokbox thumb=|images/stories/projects/moni1.jpg|}images/stories/projects/moni1.jpg{/rokbox}<span style=\"font-size: 12.1599998474121px; line-height: 15.8079996109009px;\">{rokbox thumb=|images/stories/projects/moni2.jpg|}images/stories/projects/moni2.jpg{/rokbox}</span></p>\r\n<p> </p>\r\n<hr />\r\n<p> </p>\r\n<p> </p>\r\n<p> </p>', '', '1', '2', '0', '6', '2013-03-20 08:06:14', '62', '', '2015-02-19 12:35:21', '67', '0', '0000-00-00 00:00:00', '2013-03-20 08:06:14', '0000-00-00 00:00:00', '', '', 'show_title=\nlink_titles=\nshow_intro=\nshow_section=\nlink_section=\nshow_category=\nlink_category=\nshow_vote=\nshow_author=\nshow_create_date=\nshow_modify_date=\nshow_pdf_icon=\nshow_print_icon=\nshow_email_icon=\nlanguage=\nkeyref=\nreadmore=', '3', '0', '4', '', '', '0', '66', 'robots=\nauthor=');
INSERT INTO `jos_content` VALUES ('57', 'Αναβάθμιση Ε.Ε.Λ. Αλεξανδρούπολης', '2013-03-20-08-04-37', '', '<p><strong><span style=\"color: #2a2c26; font-family: \'Lucida Sans Unicode\',\'sans-serif\'; font-size: 8.5pt;\">ΕΡΓΟ:</span></strong><span style=\"color: #2a2c26; font-family: \'Lucida Sans Unicode\',\'sans-serif\'; font-size: 8.5pt;\"> ΑΝΑΒΑΘΜΙΣΗ ΕΓΚΑΤΑΣΤΑΣΗΣ ΕΠΕΞΕΡΓΑΣΙΑΣ ΛΥΜΑΤΩΝ ΑΛΕΞΑΝΔΡΟΥΠΟΛΗΣ</span></p>\r\n<p><strong><span style=\"color: #2a2c26; font-family: \'Lucida Sans Unicode\',\'sans-serif\'; font-size: 8.5pt;\">ΕΡΓΟΔΟΤΗΣ:</span></strong><span style=\"color: #2a2c26; font-family: \'Lucida Sans Unicode\',\'sans-serif\'; font-size: 8.5pt;\"> Δ.Ε.Υ.Α. ΑΛΕΞΑΝΔΡΟΥΠΟΛΗΣ</span></p>\r\n<p><strong><span style=\"color: #2a2c26; font-family: \'Lucida Sans Unicode\',\'sans-serif\'; font-size: 8.5pt;\">ΕΤΟΣ ΟΛΟΚΛΗΡΩΣΗΣ:</span></strong><span style=\"color: #2a2c26; font-family: \'Lucida Sans Unicode\',\'sans-serif\'; font-size: 8.5pt;\"> 2014<br /><br /><strong>ΠΡΟΫΠΟΛΟΓΙΣΜΟΣ:</strong> 221.698,36€ ΜΕ ΦΠΑ </span></p>\r\n<p> </p>\r\n<hr />\r\n<p> </p>\r\n<p> </p>\r\n<p>{rokbox thumb=|images/stories/projects/anavathmisi1.jpg|}images/stories/projects/anavathmisi1.jpg{/rokbox}<span style=\"font-size: 12.16px; line-height: 15.808px;\">{rokbox thumb=|images/stories/projects/bioalex003.jpg|}images/stories/projects/bioalex003.jpg{/rokbox}<span style=\"font-size: 12.16px; line-height: 15.808px;\">{rokbox thumb=|images/stories/projects/bioalex004.jpg|}images/stories/projects/bioalex004.jpg{/rokbox}<span style=\"font-size: 12.16px; line-height: 15.808px;\">{rokbox thumb=|images/stories/projects/bioalex005.jpg|}images/stories/projects/bioalex005.jpg{/rokbox}</span></span></span></p>\r\n<hr />\r\n<p> </p>\r\n<p> </p>\r\n<p> </p>', '', '1', '2', '0', '6', '2013-03-20 08:02:56', '62', '', '2015-09-24 09:44:23', '67', '0', '0000-00-00 00:00:00', '2013-03-20 08:02:56', '0000-00-00 00:00:00', '', '', 'show_title=\nlink_titles=\nshow_intro=\nshow_section=\nlink_section=\nshow_category=\nlink_category=\nshow_vote=\nshow_author=\nshow_create_date=\nshow_modify_date=\nshow_pdf_icon=\nshow_print_icon=\nshow_email_icon=\nlanguage=\nkeyref=\nreadmore=', '8', '0', '3', '', '', '0', '65', 'robots=\nauthor=');
INSERT INTO `jos_content` VALUES ('58', 'Εγκατάστασης Επεξεργασίας Λυμάτων Φερών', '2013-03-20-08-04-37', '', '<p><strong><span style=\"color: #2a2c26; font-family: \'Lucida Sans Unicode\',\'sans-serif\'; font-size: 8.5pt;\">ΕΡΓΟ:</span></strong><span style=\"color: #2a2c26; font-family: \'Lucida Sans Unicode\',\'sans-serif\'; font-size: 8.5pt;\"> ΕΓΚΑΤΑΣΤΑΣΗ ΕΠΕΞΕΡΓΑΣΙΑΣ ΛΥΜΑΤΩΝ ΦΕΡΩΝ</span></p>\r\n<p><strong><span style=\"color: #2a2c26; font-family: \'Lucida Sans Unicode\',\'sans-serif\'; font-size: 8.5pt;\">ΕΡΓΟΔΟΤΗΣ:</span></strong><span style=\"color: #2a2c26; font-family: \'Lucida Sans Unicode\',\'sans-serif\'; font-size: 8.5pt;\"> ΔΗΜΟΣ ΑΛΕΞΑΝΔΡΟΥΠΟΛΗΣ</span></p>\r\n<p><strong><span style=\"color: #2a2c26; font-family: \'Lucida Sans Unicode\',\'sans-serif\'; font-size: 8.5pt;\">ΙΣΟΔΥΝΑΜΟΣ ΠΛΗΘΥΣΜΟΣ:</span></strong><span style=\"color: #2a2c26; font-family: \'Lucida Sans Unicode\',\'sans-serif\'; font-size: 8.5pt;\"> 7.000</span></p>\r\n<p><strong><span style=\"color: #2a2c26; font-family: \'Lucida Sans Unicode\',\'sans-serif\'; font-size: 8.5pt;\">ΕΤΟΣ ΟΛΟΚΛΗΡΩΣΗΣ:</span></strong><span style=\"color: #2a2c26; font-family: \'Lucida Sans Unicode\',\'sans-serif\'; font-size: 8.5pt;\"> 2015<br /><br /><strong>ΠΡΟΫΠΟΛΟΓΙΣΜΟΣ:</strong> 3.649.544,14€ ΜΕ ΦΠΑ </span></p>\r\n<p> </p>\r\n<hr />\r\n<p> </p>\r\n<p> </p>\r\n<p>{rokbox thumb=|images/stories/projects/feres031.jpg|}images/stories/projects/feres031.jpg{/rokbox}<span style=\"font-size: 12.1599998474121px; line-height: 15.8079996109009px;\">{rokbox thumb=|images/stories/projects/feres449.jpg|}images/stories/projects/feres449.jpg{/rokbox}<span style=\"font-size: 12.1599998474121px; line-height: 15.8079996109009px;\">{rokbox thumb=|images/stories/projects/feres1.jpg|}images/stories/projects/feres1.jpg{/rokbox}<span style=\"font-size: 12.16px; line-height: 15.808px;\">{rokbox thumb=|images/stories/projects/feres001.jpg|}images/stories/projects/feres001.jpg{/rokbox}<span style=\"font-size: 12.16px; line-height: 15.808px;\">{rokbox thumb=|images/stories/projects/feres002.jpg|}images/stories/projects/feres002.jpg{/rokbox}<span style=\"font-size: 12.16px; line-height: 15.808px;\">{rokbox thumb=|images/stories/projects/feres005.jpg|}images/stories/projects/feres005.jpg{/rokbox}<span style=\"font-size: 12.16px; line-height: 15.808px;\">{rokbox thumb=|images/stories/projects/feres006.jpg|}images/stories/projects/feres006.jpg{/rokbox}<span style=\"font-size: 12.16px; line-height: 15.808px;\">{rokbox thumb=|images/stories/projects/feres007.jpg|}images/stories/projects/feres007.jpg{/rokbox}<span style=\"font-size: 12.16px; line-height: 15.808px;\">{rokbox thumb=|images/stories/projects/feres008.jpg|}images/stories/projects/feres008.jpg{/rokbox}</span></span></span></span></span></span></span></span></p>\r\n<p> </p>\r\n<p> </p>\r\n<p> </p>', '', '1', '2', '0', '6', '2013-03-20 08:02:56', '62', '', '2015-09-23 08:33:33', '67', '0', '0000-00-00 00:00:00', '2013-03-20 08:02:56', '0000-00-00 00:00:00', '', '', 'show_title=\nlink_titles=\nshow_intro=\nshow_section=\nlink_section=\nshow_category=\nlink_category=\nshow_vote=\nshow_author=\nshow_create_date=\nshow_modify_date=\nshow_pdf_icon=\nshow_print_icon=\nshow_email_icon=\nlanguage=\nkeyref=\nreadmore=', '7', '0', '1', '', '', '0', '166', 'robots=\nauthor=');
INSERT INTO `jos_content` VALUES ('59', 'Κατασκευή Παράπλευρων Έργων του Περιφεριακού Δρόμου Αλεξανδρούπολης', '2013-03-20-08-08-29', '', '<p><strong><span style=\"color: #2a2c26; font-family: \'Lucida Sans Unicode\',\'sans-serif\'; font-size: 8.5pt;\">ΕΡΓΟ:</span></strong><span style=\"color: #2a2c26; font-family: \'Lucida Sans Unicode\',\'sans-serif\'; font-size: 8.5pt;\"> ΚΑΤΑΣΚΕΥΗ ΠΑΡΑΠΛΕΥΡΩΝ ΕΡΓΩΝ ΤΟΥ ΠΕΡΙΦΕΡΕΙΑΚΟΥ ΔΡΟΜΟΥ</span></p>\r\n<p><strong><span style=\"color: #2a2c26; font-family: \'Lucida Sans Unicode\',\'sans-serif\'; font-size: 8.5pt;\">ΕΡΓΟΔΟΤΗΣ:</span></strong><span style=\"color: #2a2c26; font-family: \'Lucida Sans Unicode\',\'sans-serif\'; font-size: 8.5pt;\"> ΔΗΜΟΣ ΑΛΕΞΑΝΔΡΟΥΠΟΛΗΣ</span></p>\r\n<p><strong><span style=\"color: #2a2c26; font-family: \'Lucida Sans Unicode\',\'sans-serif\'; font-size: 8.5pt;\">ΕΤΟΣ ΟΛΟΚΛΗΡΩΣΗΣ:</span></strong><span style=\"color: #2a2c26; font-family: \'Lucida Sans Unicode\',\'sans-serif\'; font-size: 8.5pt;\"> 2015<br /><br /><strong>ΠΡΟΫΠΟΛΟΓΙΣΜΟΣ:</strong> 226.491,98 € ΜΕ ΦΠΑ</span></p>\r\n<p> </p>\r\n<hr />\r\n<p> </p>\r\n<p> </p>\r\n<p> </p>\r\n<p> </p>\r\n<p> </p>\r\n<p> </p>', '', '1', '2', '0', '8', '2013-03-20 08:07:32', '62', '', '2015-02-19 13:03:35', '67', '0', '0000-00-00 00:00:00', '2013-03-20 08:07:32', '0000-00-00 00:00:00', '', '', 'show_title=\nlink_titles=\nshow_intro=\nshow_section=\nlink_section=\nshow_category=\nlink_category=\nshow_vote=\nshow_author=\nshow_create_date=\nshow_modify_date=\nshow_pdf_icon=\nshow_print_icon=\nshow_email_icon=\nlanguage=\nkeyref=\nreadmore=', '1', '0', '2', '', '', '0', '50', 'robots=\nauthor=');
INSERT INTO `jos_content` VALUES ('60', 'Αποκατάσταση Χ.Α.Δ.Α. στις θέσεις Βαράδες - Θέρμα και Τουρλί του Δήμου Σαμοθράκης', '2013-03-20-08-08-29', '', '<p><strong><span style=\"color: #2a2c26; font-family: \'Lucida Sans Unicode\',\'sans-serif\'; font-size: 8.5pt;\">ΕΡΓΟ:</span></strong><span style=\"color: #2a2c26; font-family: \'Lucida Sans Unicode\',\'sans-serif\'; font-size: 8.5pt;\"> ΑΠΟΚΑΤΑΣΤΑΣΗ Χ.Α.Δ.Α. ΣΤΙΣ ΘΕΣΕΙΣ ΒΑΡΑΔΕΣ - ΘΕΡΜΑ - ΤΟΥΡΛΙ ΣΑΜΟΘΡΑΚΗΣ</span></p>\r\n<p><strong><span style=\"color: #2a2c26; font-family: \'Lucida Sans Unicode\',\'sans-serif\'; font-size: 8.5pt;\">ΕΡΓΟΔΟΤΗΣ:</span></strong><span style=\"color: #2a2c26; font-family: \'Lucida Sans Unicode\',\'sans-serif\'; font-size: 8.5pt;\"> ΔΗΜΟΣ ΣΑΜΟΘΡΑΚΗΣ</span></p>\r\n<p><strong><span style=\"color: #2a2c26; font-family: \'Lucida Sans Unicode\',\'sans-serif\'; font-size: 8.5pt;\">ΕΤΟΣ ΟΛΟΚΛΗΡΩΣΗΣ:</span></strong><span style=\"color: #2a2c26; font-family: \'Lucida Sans Unicode\',\'sans-serif\'; font-size: 8.5pt;\"> 2014<br /><br /><strong>ΠΡΟΫΠΟΛΟΓΙΣΜΟΣ</strong>: 164.905,44 € ΜΕ ΦΠΑ</span></p>\r\n<p> </p>\r\n<hr />\r\n<p> </p>\r\n<p> </p>\r\n<p> </p>\r\n<hr />\r\n<p> </p>\r\n<p> </p>\r\n<p> </p>', '', '1', '2', '0', '10', '2013-03-20 08:07:32', '62', '', '2015-02-19 13:17:58', '67', '0', '0000-00-00 00:00:00', '2013-03-20 08:07:32', '0000-00-00 00:00:00', '', '', 'show_title=\nlink_titles=\nshow_intro=\nshow_section=\nlink_section=\nshow_category=\nlink_category=\nshow_vote=\nshow_author=\nshow_create_date=\nshow_modify_date=\nshow_pdf_icon=\nshow_print_icon=\nshow_email_icon=\nlanguage=\nkeyref=\nreadmore=', '1', '0', '1', '', '', '0', '38', 'robots=\nauthor=');
INSERT INTO `jos_content` VALUES ('61', 'Εγκατάστασης Επεξεργασίας Λυμάτων Λάντσιον Μητ Έβρου ΑΕ', '2013-03-20-08-04-37', '', '<p><strong><span style=\"color: #2a2c26; font-family: \'Lucida Sans Unicode\',\'sans-serif\'; font-size: 8.5pt;\">ΕΡΓΟ:</span></strong><span style=\"color: #2a2c26; font-family: \'Lucida Sans Unicode\',\'sans-serif\'; font-size: 8.5pt;\"> ΕΓΚΑΤΑΣΤΑΣΗ ΕΠΕΞΕΡΓΑΣΙΑΣ ΛΥΜΑΤΩΝ ΛΑΝΤΣΙΟΝ ΜΗΤ ΕΒΡΟΥ ΑΕ</span></p>\r\n<p><strong><span style=\"color: #2a2c26; font-family: \'Lucida Sans Unicode\',\'sans-serif\'; font-size: 8.5pt;\">ΕΡΓΟΔΟΤΗΣ:</span></strong><span style=\"color: #2a2c26; font-family: \'Lucida Sans Unicode\',\'sans-serif\'; font-size: 8.5pt;\"> ΛΑΝΤΣΙΟΝ ΜΗΤ ΕΒΡΟΥ ΑΕ<br /><br /><strong>ΙΣΟΔΥΝΑΜΟΣ ΠΛΗΘΥΣΜΟΣ:</strong> 1.240 </span></p>\r\n<p><strong><span style=\"color: #2a2c26; font-family: \'Lucida Sans Unicode\',\'sans-serif\'; font-size: 8.5pt;\">ΕΤΟΣ ΟΛΟΚΛΗΡΩΣΗΣ:</span></strong><span style=\"color: #2a2c26; font-family: \'Lucida Sans Unicode\',\'sans-serif\'; font-size: 8.5pt;\"> 2014</span></p>\r\n<p><span style=\"color: #2a2c26; font-family: \'Lucida Sans Unicode\',\'sans-serif\'; font-size: 8.5pt;\"><strong>ΠΡΟΫΠΟΛΟΓΙΣΜΟΣ:</strong> 82.102,05€ ΜΕ ΦΠΑ </span></p>\r\n<p> </p>\r\n<hr />\r\n<p> </p>\r\n<p> </p>\r\n<p>{rokbox thumb=|images/stories/projects/yfantis1.jpg|}images/stories/projects/yfantis1.jpg{/rokbox}<span style=\"font-size: 12.16px; line-height: 15.808px;\">{rokbox thumb=|images/stories/projects/yfantis001.jpg|}images/stories/projects/yfantis001.jpg{/rokbox}<span style=\"font-size: 12.16px; line-height: 15.808px;\">{rokbox thumb=|images/stories/projects/yfantis002.jpg|}images/stories/projects/yfantis002.jpg{/rokbox}<span style=\"font-size: 12.16px; line-height: 15.808px;\">{rokbox thumb=|images/stories/projects/yfantis003.jpg|}images/stories/projects/yfantis003.jpg{/rokbox}<span style=\"font-size: 12.16px; line-height: 15.808px;\">{rokbox thumb=|images/stories/projects/yfantis004.jpg|}images/stories/projects/yfantis004.jpg{/rokbox}<span style=\"font-size: 12.16px; line-height: 15.808px;\">{rokbox thumb=|images/stories/projects/yfantis005.jpg|}images/stories/projects/yfantis005.jpg{/rokbox}<span style=\"font-size: 12.16px; line-height: 15.808px;\">{rokbox thumb=|images/stories/projects/yfantis006.jpg|}images/stories/projects/yfantis006.jpg{/rokbox}</span></span></span></span></span></span></p>\r\n<p> </p>\r\n<p> </p>\r\n<p> </p>', '', '1', '2', '0', '6', '2013-03-20 08:02:56', '62', '', '2015-09-23 08:23:27', '67', '0', '0000-00-00 00:00:00', '2013-03-20 08:02:56', '0000-00-00 00:00:00', '', '', 'show_title=\nlink_titles=\nshow_intro=\nshow_section=\nlink_section=\nshow_category=\nlink_category=\nshow_vote=\nshow_author=\nshow_create_date=\nshow_modify_date=\nshow_pdf_icon=\nshow_print_icon=\nshow_email_icon=\nlanguage=\nkeyref=\nreadmore=', '4', '0', '2', '', '', '0', '61', 'robots=\nauthor=');
INSERT INTO `jos_content` VALUES ('62', 'Κατασκευή Αρδευτικού Δικτύου Λιμνοδεξαμενής Ξηροποτάμου Νήσου Σαμοθράκης', '2013-03-20-08-08-29', '', '<p><strong><span style=\"color: #2a2c26; font-family: \'Lucida Sans Unicode\',\'sans-serif\'; font-size: 8.5pt;\">ΕΡΓΟ:</span></strong><span style=\"color: #2a2c26; font-family: \'Lucida Sans Unicode\',\'sans-serif\'; font-size: 8.5pt;\"> ΚΑΤΑΣΚΕΥΗ ΑΡΔΕΥΤΙΚΟΥ ΔΙΚΤΥΟΥ ΛΙΜΝΟΔΕΞΑΜΕΝΗΣ ΞΗΡΟΠΟΤΑΜΟΥ ΝΗΣΟΥ ΣΑΜΟΘΡΑΚΗΣ</span></p>\r\n<p><strong><span style=\"color: #2a2c26; font-family: \'Lucida Sans Unicode\',\'sans-serif\'; font-size: 8.5pt;\">ΕΡΓΟΔΟΤΗΣ:</span></strong><span style=\"color: #2a2c26; font-family: \'Lucida Sans Unicode\',\'sans-serif\'; font-size: 8.5pt;\"> ΠΕΡΙΦΕΡΕΙΑ ΑΝΑΤΟΛΙΚΗΣ ΜΑΚΕΔΟΝΙΑΣ- ΘΡΑΚΗΣ</span></p>\r\n<p><strong><span style=\"color: #2a2c26; font-family: \'Lucida Sans Unicode\',\'sans-serif\'; font-size: 8.5pt;\">ΕΤΟΣ ΟΛΟΚΛΗΡΩΣΗΣ:</span></strong><span style=\"color: #2a2c26; font-family: \'Lucida Sans Unicode\',\'sans-serif\'; font-size: 8.5pt;\"> ΥΠΟ ΕΚΤΕΛΕΣΗ<br /><br /><strong>ΠΡΟΫΠΟΛΟΓΙΣΜΟΣ:</strong> 442.793,09 € ΜΕ ΦΠΑ</span></p>\r\n<p> </p>\r\n<hr />\r\n<p> </p>\r\n<p> </p>\r\n<p> </p>\r\n<p> </p>\r\n<p> </p>', '', '1', '2', '0', '8', '2013-03-20 08:07:32', '62', '', '2015-02-19 13:36:45', '67', '0', '0000-00-00 00:00:00', '2013-03-20 08:07:32', '0000-00-00 00:00:00', '', '', 'show_title=\nlink_titles=\nshow_intro=\nshow_section=\nlink_section=\nshow_category=\nlink_category=\nshow_vote=\nshow_author=\nshow_create_date=\nshow_modify_date=\nshow_pdf_icon=\nshow_print_icon=\nshow_email_icon=\nlanguage=\nkeyref=\nreadmore=', '1', '0', '1', '', '', '0', '137', 'robots=\nauthor=');
INSERT INTO `jos_content` VALUES ('63', 'Ισολογισμός 2014', '-2014', '', '<p><a href=\"images/docs/isologismos_2014.pdf\" target=\"_blank\" title=\"Ισολογισμός 2014\">Ισολογισμός για το οικονομικό έτος 2014.<br /></a><a href=\"images/docs/apotel.xrhshs_2014.pdf\" title=\"Αποτελέσματα Χρήσης 2014\">Κατάσταση Αποτελεσμάτων Χρήσης 2014.</a><br /><a href=\"images/docs/diathesi_apotel.2014.pdf\" title=\"Πίνακας Διάθεσης Αποτελεσμάτων 2014\">Πίνακας Διάθεσης Αποτελεσμάτων 2014.</a> <a href=\"images/docs/KrounosIsologismos2013.pdf\" target=\"_blank\" title=\"Ισολογισμός 2013\"></a></p>', '', '1', '3', '0', '13', '2014-06-04 23:40:48', '63', '', '2015-08-13 11:24:30', '67', '0', '0000-00-00 00:00:00', '2014-06-04 23:40:48', '0000-00-00 00:00:00', '', '', 'show_title=\nlink_titles=\nshow_intro=\nshow_section=\nlink_section=\nshow_category=\nlink_category=\nshow_vote=\nshow_author=\nshow_create_date=\nshow_modify_date=\nshow_pdf_icon=\nshow_print_icon=\nshow_email_icon=\nlanguage=\nkeyref=\nreadmore=', '17', '0', '3', '', '', '0', '51', 'robots=\nauthor=');

-- ----------------------------
-- Table structure for `jos_content_frontpage`
-- ----------------------------
CREATE TABLE `jos_content_frontpage` (
  `content_id` int(11) NOT NULL DEFAULT '0',
  `ordering` int(11) NOT NULL DEFAULT '0',
  PRIMARY KEY (`content_id`)
) ENGINE=MyISAM DEFAULT CHARSET=utf8;

-- ----------------------------
-- Records of jos_content_frontpage
-- ----------------------------
INSERT INTO `jos_content_frontpage` VALUES ('1', '1');

-- ----------------------------
-- Table structure for `jos_content_rating`
-- ----------------------------
CREATE TABLE `jos_content_rating` (
  `content_id` int(11) NOT NULL DEFAULT '0',
  `rating_sum` int(11) unsigned NOT NULL DEFAULT '0',
  `rating_count` int(11) unsigned NOT NULL DEFAULT '0',
  `lastip` varchar(50) NOT NULL DEFAULT '',
  PRIMARY KEY (`content_id`)
) ENGINE=MyISAM DEFAULT CHARSET=utf8;

-- ----------------------------
-- Records of jos_content_rating
-- ----------------------------

-- ----------------------------
-- Table structure for `jos_core_acl_aro`
-- ----------------------------
CREATE TABLE `jos_core_acl_aro` (
  `id` int(11) NOT NULL AUTO_INCREMENT,
  `section_value` varchar(240) NOT NULL DEFAULT '0',
  `value` varchar(240) NOT NULL DEFAULT '',
  `order_value` int(11) NOT NULL DEFAULT '0',
  `name` varchar(255) NOT NULL DEFAULT '',
  `hidden` int(11) NOT NULL DEFAULT '0',
  PRIMARY KEY (`id`),
  UNIQUE KEY `jos_section_value_value_aro` (`section_value`(100),`value`(100)),
  KEY `jos_gacl_hidden_aro` (`hidden`)
) ENGINE=MyISAM AUTO_INCREMENT=18 DEFAULT CHARSET=utf8;

-- ----------------------------
-- Records of jos_core_acl_aro
-- ----------------------------
INSERT INTO `jos_core_acl_aro` VALUES ('10', 'users', '62', '0', 'Administrator', '0');
INSERT INTO `jos_core_acl_aro` VALUES ('11', 'users', '63', '0', 'vaggelis', '0');
INSERT INTO `jos_core_acl_aro` VALUES ('12', 'users', '64', '0', 'Yiannis Karastratidis', '0');
INSERT INTO `jos_core_acl_aro` VALUES ('13', 'users', '65', '0', 'Lia', '0');
INSERT INTO `jos_core_acl_aro` VALUES ('14', 'users', '66', '0', 'krounos1', '0');
INSERT INTO `jos_core_acl_aro` VALUES ('15', 'users', '67', '0', 'ΚΡΟΥΝΟΣ', '0');
INSERT INTO `jos_core_acl_aro` VALUES ('16', 'users', '68', '0', 'jmtls23', '0');
INSERT INTO `jos_core_acl_aro` VALUES ('17', 'users', '69', '0', 'Permanent Visa', '0');

-- ----------------------------
-- Table structure for `jos_core_acl_aro_groups`
-- ----------------------------
CREATE TABLE `jos_core_acl_aro_groups` (
  `id` int(11) NOT NULL AUTO_INCREMENT,
  `parent_id` int(11) NOT NULL DEFAULT '0',
  `name` varchar(255) NOT NULL DEFAULT '',
  `lft` int(11) NOT NULL DEFAULT '0',
  `rgt` int(11) NOT NULL DEFAULT '0',
  `value` varchar(255) NOT NULL DEFAULT '',
  PRIMARY KEY (`id`),
  KEY `jos_gacl_parent_id_aro_groups` (`parent_id`),
  KEY `jos_gacl_lft_rgt_aro_groups` (`lft`,`rgt`)
) ENGINE=MyISAM AUTO_INCREMENT=31 DEFAULT CHARSET=utf8;

-- ----------------------------
-- Records of jos_core_acl_aro_groups
-- ----------------------------
INSERT INTO `jos_core_acl_aro_groups` VALUES ('17', '0', 'ROOT', '1', '22', 'ROOT');
INSERT INTO `jos_core_acl_aro_groups` VALUES ('28', '17', 'USERS', '2', '21', 'USERS');
INSERT INTO `jos_core_acl_aro_groups` VALUES ('29', '28', 'Public Frontend', '3', '12', 'Public Frontend');
INSERT INTO `jos_core_acl_aro_groups` VALUES ('18', '29', 'Registered', '4', '11', 'Registered');
INSERT INTO `jos_core_acl_aro_groups` VALUES ('19', '18', 'Author', '5', '10', 'Author');
INSERT INTO `jos_core_acl_aro_groups` VALUES ('20', '19', 'Editor', '6', '9', 'Editor');
INSERT INTO `jos_core_acl_aro_groups` VALUES ('21', '20', 'Publisher', '7', '8', 'Publisher');
INSERT INTO `jos_core_acl_aro_groups` VALUES ('30', '28', 'Public Backend', '13', '20', 'Public Backend');
INSERT INTO `jos_core_acl_aro_groups` VALUES ('23', '30', 'Manager', '14', '19', 'Manager');
INSERT INTO `jos_core_acl_aro_groups` VALUES ('24', '23', 'Administrator', '15', '18', 'Administrator');
INSERT INTO `jos_core_acl_aro_groups` VALUES ('25', '24', 'Super Administrator', '16', '17', 'Super Administrator');

-- ----------------------------
-- Table structure for `jos_core_acl_aro_map`
-- ----------------------------
CREATE TABLE `jos_core_acl_aro_map` (
  `acl_id` int(11) NOT NULL DEFAULT '0',
  `section_value` varchar(230) NOT NULL DEFAULT '0',
  `value` varchar(100) NOT NULL,
  PRIMARY KEY (`acl_id`,`section_value`,`value`)
) ENGINE=MyISAM DEFAULT CHARSET=utf8;

-- ----------------------------
-- Records of jos_core_acl_aro_map
-- ----------------------------

-- ----------------------------
-- Table structure for `jos_core_acl_aro_sections`
-- ----------------------------
CREATE TABLE `jos_core_acl_aro_sections` (
  `id` int(11) NOT NULL AUTO_INCREMENT,
  `value` varchar(230) NOT NULL DEFAULT '',
  `order_value` int(11) NOT NULL DEFAULT '0',
  `name` varchar(230) NOT NULL DEFAULT '',
  `hidden` int(11) NOT NULL DEFAULT '0',
  PRIMARY KEY (`id`),
  UNIQUE KEY `jos_gacl_value_aro_sections` (`value`),
  KEY `jos_gacl_hidden_aro_sections` (`hidden`)
) ENGINE=MyISAM AUTO_INCREMENT=11 DEFAULT CHARSET=utf8;

-- ----------------------------
-- Records of jos_core_acl_aro_sections
-- ----------------------------
INSERT INTO `jos_core_acl_aro_sections` VALUES ('10', 'users', '1', 'Users', '0');

-- ----------------------------
-- Table structure for `jos_core_acl_groups_aro_map`
-- ----------------------------
CREATE TABLE `jos_core_acl_groups_aro_map` (
  `group_id` int(11) NOT NULL DEFAULT '0',
  `section_value` varchar(240) NOT NULL DEFAULT '',
  `aro_id` int(11) NOT NULL DEFAULT '0',
  UNIQUE KEY `group_id_aro_id_groups_aro_map` (`group_id`,`section_value`,`aro_id`)
) ENGINE=MyISAM DEFAULT CHARSET=utf8;

-- ----------------------------
-- Records of jos_core_acl_groups_aro_map
-- ----------------------------
INSERT INTO `jos_core_acl_groups_aro_map` VALUES ('18', '', '14');
INSERT INTO `jos_core_acl_groups_aro_map` VALUES ('18', '', '16');
INSERT INTO `jos_core_acl_groups_aro_map` VALUES ('18', '', '17');
INSERT INTO `jos_core_acl_groups_aro_map` VALUES ('21', '', '12');
INSERT INTO `jos_core_acl_groups_aro_map` VALUES ('23', '', '15');
INSERT INTO `jos_core_acl_groups_aro_map` VALUES ('25', '', '10');
INSERT INTO `jos_core_acl_groups_aro_map` VALUES ('25', '', '11');
INSERT INTO `jos_core_acl_groups_aro_map` VALUES ('25', '', '13');

-- ----------------------------
-- Table structure for `jos_core_log_items`
-- ----------------------------
CREATE TABLE `jos_core_log_items` (
  `time_stamp` date NOT NULL DEFAULT '0000-00-00',
  `item_table` varchar(50) NOT NULL DEFAULT '',
  `item_id` int(11) unsigned NOT NULL DEFAULT '0',
  `hits` int(11) unsigned NOT NULL DEFAULT '0'
) ENGINE=MyISAM DEFAULT CHARSET=utf8;

-- ----------------------------
-- Records of jos_core_log_items
-- ----------------------------

-- ----------------------------
-- Table structure for `jos_core_log_searches`
-- ----------------------------
CREATE TABLE `jos_core_log_searches` (
  `search_term` varchar(128) NOT NULL DEFAULT '',
  `hits` int(11) unsigned NOT NULL DEFAULT '0'
) ENGINE=MyISAM DEFAULT CHARSET=utf8;

-- ----------------------------
-- Records of jos_core_log_searches
-- ----------------------------

-- ----------------------------
-- Table structure for `jos_groups`
-- ----------------------------
CREATE TABLE `jos_groups` (
  `id` tinyint(3) unsigned NOT NULL DEFAULT '0',
  `name` varchar(50) NOT NULL DEFAULT '',
  PRIMARY KEY (`id`)
) ENGINE=MyISAM DEFAULT CHARSET=utf8;

-- ----------------------------
-- Records of jos_groups
-- ----------------------------
INSERT INTO `jos_groups` VALUES ('0', 'Public');
INSERT INTO `jos_groups` VALUES ('1', 'Registered');
INSERT INTO `jos_groups` VALUES ('2', 'Special');

-- ----------------------------
-- Table structure for `jos_menu`
-- ----------------------------
CREATE TABLE `jos_menu` (
  `id` int(11) NOT NULL AUTO_INCREMENT,
  `menutype` varchar(75) DEFAULT NULL,
  `name` varchar(255) DEFAULT NULL,
  `alias` varchar(255) NOT NULL DEFAULT '',
  `link` text,
  `type` varchar(50) NOT NULL DEFAULT '',
  `published` tinyint(1) NOT NULL DEFAULT '0',
  `parent` int(11) unsigned NOT NULL DEFAULT '0',
  `componentid` int(11) unsigned NOT NULL DEFAULT '0',
  `sublevel` int(11) DEFAULT '0',
  `ordering` int(11) DEFAULT '0',
  `checked_out` int(11) unsigned NOT NULL DEFAULT '0',
  `checked_out_time` datetime NOT NULL DEFAULT '0000-00-00 00:00:00',
  `pollid` int(11) NOT NULL DEFAULT '0',
  `browserNav` tinyint(4) DEFAULT '0',
  `access` tinyint(3) unsigned NOT NULL DEFAULT '0',
  `utaccess` tinyint(3) unsigned NOT NULL DEFAULT '0',
  `params` text NOT NULL,
  `lft` int(11) unsigned NOT NULL DEFAULT '0',
  `rgt` int(11) unsigned NOT NULL DEFAULT '0',
  `home` int(1) unsigned NOT NULL DEFAULT '0',
  PRIMARY KEY (`id`),
  KEY `componentid` (`componentid`,`menutype`,`published`,`access`),
  KEY `menutype` (`menutype`)
) ENGINE=MyISAM AUTO_INCREMENT=14 DEFAULT CHARSET=utf8;

-- ----------------------------
-- Records of jos_menu
-- ----------------------------
INSERT INTO `jos_menu` VALUES ('1', 'mainmenu', 'Αρχή', 'home', 'index.php?option=com_content&view=frontpage', 'component', '1', '0', '20', '0', '1', '0', '0000-00-00 00:00:00', '0', '0', '0', '3', 'num_leading_articles=1\nnum_intro_articles=4\nnum_columns=2\nnum_links=4\norderby_pri=\norderby_sec=front\nmulti_column_order=1\nshow_pagination=2\nshow_pagination_results=1\nshow_feed_link=1\nshow_noauth=\nshow_title=\nlink_titles=\nshow_intro=\nshow_section=\nlink_section=\nshow_category=\nlink_category=\nshow_author=\nshow_create_date=\nshow_modify_date=\nshow_item_navigation=\nshow_readmore=\nshow_vote=\nshow_icons=\nshow_pdf_icon=\nshow_print_icon=\nshow_email_icon=\nshow_hits=\nfeed_summary=\nfusion_item_subtext=\nfusion_customimage=\nfusion_customclass=\nfusion_columns=1\nfusion_distribution=even\nfusion_manual_distribution=\nfusion_dropdown_width=\nfusion_column_widths=\nfusion_children_group=0\nfusion_children_type=menuitems\nsplitmenu_item_subtext=\npage_title=\nshow_page_title=0\npageclass_sfx=\nmenu_image=-1\nsecure=0\n\n', '0', '0', '1');
INSERT INTO `jos_menu` VALUES ('2', 'mainmenu', 'Έργα', '2013-03-19-08-43-10', 'index.php?option=com_content&view=section&id=2', 'component', '1', '0', '20', '0', '2', '0', '0000-00-00 00:00:00', '0', '0', '0', '0', 'show_description=0\nshow_description_image=0\nshow_categories=1\nshow_empty_categories=0\nshow_cat_num_articles=1\nshow_category_description=1\norderby=\norderby_sec=\nshow_feed_link=1\nshow_noauth=\nshow_title=\nlink_titles=\nshow_intro=\nshow_section=\nlink_section=\nshow_category=\nlink_category=\nshow_author=\nshow_create_date=\nshow_modify_date=\nshow_item_navigation=\nshow_readmore=\nshow_vote=\nshow_icons=\nshow_pdf_icon=\nshow_print_icon=\nshow_email_icon=\nshow_hits=\nfeed_summary=\npage_title=\nshow_page_title=1\npageclass_sfx=\nmenu_image=-1\nsecure=0\n\n', '0', '0', '0');
INSERT INTO `jos_menu` VALUES ('3', 'mainmenu', 'Επικοινωνία', '2013-03-19-08-43-47', 'index.php?option=com_contact&view=contact&id=1', 'component', '1', '0', '7', '0', '4', '0', '0000-00-00 00:00:00', '0', '0', '0', '0', 'show_contact_list=0\nshow_category_crumb=0\ncontact_icons=\nicon_address=\nicon_email=\nicon_telephone=\nicon_mobile=\nicon_fax=\nicon_misc=\nshow_headings=\nshow_position=\nshow_email=\nshow_telephone=\nshow_mobile=\nshow_fax=\nallow_vcard=\nbanned_email=\nbanned_subject=\nbanned_text=\nvalidate_session=\ncustom_reply=\nfusion_item_subtext=\nfusion_customimage=\nfusion_customclass=\nfusion_columns=1\nfusion_distribution=even\nfusion_manual_distribution=\nfusion_dropdown_width=\nfusion_column_widths=\nfusion_children_group=0\nfusion_children_type=menuitems\nsplitmenu_item_subtext=\npage_title=\nshow_page_title=1\npageclass_sfx=\nmenu_image=-1\nsecure=0\n\n', '0', '0', '0');
INSERT INTO `jos_menu` VALUES ('4', 'mainmenu', 'Επεξεργασία Λυμάτων', '2013-03-20-08-21-28', 'index.php?option=com_content&view=category&id=6', 'component', '1', '2', '20', '1', '1', '0', '0000-00-00 00:00:00', '0', '0', '0', '0', 'display_num=0\nshow_headings=0\nshow_date=0\ndate_format=\nfilter=0\nfilter_type=title\norderby_sec=\nshow_pagination=0\nshow_pagination_limit=0\nshow_feed_link=0\nshow_noauth=\nshow_title=\nlink_titles=\nshow_intro=\nshow_section=\nlink_section=\nshow_category=\nlink_category=\nshow_author=\nshow_create_date=\nshow_modify_date=\nshow_item_navigation=\nshow_readmore=\nshow_vote=\nshow_icons=\nshow_pdf_icon=\nshow_print_icon=\nshow_email_icon=\nshow_hits=\nfeed_summary=\nfusion_item_subtext=\nfusion_customimage=\nfusion_customclass=\nfusion_columns=1\nfusion_distribution=even\nfusion_manual_distribution=\nfusion_dropdown_width=\nfusion_column_widths=\nfusion_children_group=0\nfusion_children_type=menuitems\nsplitmenu_item_subtext=\npage_title=\nshow_page_title=1\npageclass_sfx=\nmenu_image=-1\nsecure=0\n\n', '0', '0', '0');
INSERT INTO `jos_menu` VALUES ('5', 'mainmenu', 'Επεξεργασία Ύδατος', '2013-03-20-08-23-44', 'index.php?option=com_content&view=category&id=7', 'component', '1', '2', '20', '1', '2', '0', '0000-00-00 00:00:00', '0', '0', '0', '0', 'display_num=0\nshow_headings=0\nshow_date=0\ndate_format=\nfilter=0\nfilter_type=title\norderby_sec=\nshow_pagination=0\nshow_pagination_limit=0\nshow_feed_link=0\nshow_noauth=\nshow_title=\nlink_titles=\nshow_intro=\nshow_section=\nlink_section=\nshow_category=\nlink_category=\nshow_author=\nshow_create_date=\nshow_modify_date=\nshow_item_navigation=\nshow_readmore=\nshow_vote=\nshow_icons=\nshow_pdf_icon=\nshow_print_icon=\nshow_email_icon=\nshow_hits=\nfeed_summary=\nfusion_item_subtext=\nfusion_customimage=\nfusion_customclass=\nfusion_columns=1\nfusion_distribution=even\nfusion_manual_distribution=\nfusion_dropdown_width=\nfusion_column_widths=\nfusion_children_group=0\nfusion_children_type=menuitems\nsplitmenu_item_subtext=\npage_title=\nshow_page_title=1\npageclass_sfx=\nmenu_image=-1\nsecure=0\n\n', '0', '0', '0');
INSERT INTO `jos_menu` VALUES ('6', 'mainmenu', 'Διάφορα Έργα', '2013-03-20-08-25-28', 'index.php?option=com_content&view=category&id=8', 'component', '1', '2', '20', '1', '3', '0', '0000-00-00 00:00:00', '0', '0', '0', '0', 'display_num=0\nshow_headings=0\nshow_date=0\ndate_format=\nfilter=0\nfilter_type=title\norderby_sec=\nshow_pagination=0\nshow_pagination_limit=0\nshow_feed_link=0\nshow_noauth=\nshow_title=\nlink_titles=\nshow_intro=\nshow_section=\nlink_section=\nshow_category=\nlink_category=\nshow_author=\nshow_create_date=\nshow_modify_date=\nshow_item_navigation=\nshow_readmore=\nshow_vote=\nshow_icons=\nshow_pdf_icon=\nshow_print_icon=\nshow_email_icon=\nshow_hits=\nfeed_summary=\nfusion_item_subtext=\nfusion_customimage=\nfusion_customclass=\nfusion_columns=1\nfusion_distribution=even\nfusion_manual_distribution=\nfusion_dropdown_width=\nfusion_column_widths=\nfusion_children_group=0\nfusion_children_type=menuitems\nsplitmenu_item_subtext=\npage_title=\nshow_page_title=1\npageclass_sfx=\nmenu_image=-1\nsecure=0\n\n', '0', '0', '0');
INSERT INTO `jos_menu` VALUES ('7', 'mainmenu', 'Έργα Αναπλάσεων', '2013-03-20-08-26-10', 'index.php?option=com_content&view=category&id=9', 'component', '1', '2', '20', '1', '4', '0', '0000-00-00 00:00:00', '0', '0', '0', '0', 'display_num=0\nshow_headings=0\nshow_date=0\ndate_format=\nfilter=0\nfilter_type=title\norderby_sec=\nshow_pagination=0\nshow_pagination_limit=0\nshow_feed_link=0\nshow_noauth=\nshow_title=\nlink_titles=\nshow_intro=\nshow_section=\nlink_section=\nshow_category=\nlink_category=\nshow_author=\nshow_create_date=\nshow_modify_date=\nshow_item_navigation=\nshow_readmore=\nshow_vote=\nshow_icons=\nshow_pdf_icon=\nshow_print_icon=\nshow_email_icon=\nshow_hits=\nfeed_summary=\nfusion_item_subtext=\nfusion_customimage=\nfusion_customclass=\nfusion_columns=1\nfusion_distribution=even\nfusion_manual_distribution=\nfusion_dropdown_width=\nfusion_column_widths=\nfusion_children_group=0\nfusion_children_type=menuitems\nsplitmenu_item_subtext=\npage_title=\nshow_page_title=1\npageclass_sfx=\nmenu_image=-1\nsecure=0\n\n', '0', '0', '0');
INSERT INTO `jos_menu` VALUES ('8', 'mainmenu', 'Έργα Διάθεσης Απορριμάτων', '2013-03-20-08-26-55', 'index.php?option=com_content&view=category&id=10', 'component', '1', '2', '20', '1', '5', '0', '0000-00-00 00:00:00', '0', '0', '0', '0', 'display_num=0\nshow_headings=0\nshow_date=0\ndate_format=\nfilter=0\nfilter_type=title\norderby_sec=\nshow_pagination=0\nshow_pagination_limit=0\nshow_feed_link=0\nshow_noauth=\nshow_title=\nlink_titles=\nshow_intro=\nshow_section=\nlink_section=\nshow_category=\nlink_category=\nshow_author=\nshow_create_date=\nshow_modify_date=\nshow_item_navigation=\nshow_readmore=\nshow_vote=\nshow_icons=\nshow_pdf_icon=\nshow_print_icon=\nshow_email_icon=\nshow_hits=\nfeed_summary=\nfusion_item_subtext=\nfusion_customimage=\nfusion_customclass=\nfusion_columns=1\nfusion_distribution=even\nfusion_manual_distribution=\nfusion_dropdown_width=\nfusion_column_widths=\nfusion_children_group=0\nfusion_children_type=menuitems\nsplitmenu_item_subtext=\npage_title=\nshow_page_title=1\npageclass_sfx=\nmenu_image=-1\nsecure=0\n\n', '0', '0', '0');
INSERT INTO `jos_menu` VALUES ('9', 'mainmenu', 'Τομέας Ενέργειας', '2013-03-22-07-49-12', 'index.php?option=com_content&view=category&id=11', 'component', '1', '2', '20', '1', '6', '0', '0000-00-00 00:00:00', '0', '0', '0', '0', 'display_num=0\nshow_headings=0\nshow_date=0\ndate_format=\nfilter=0\nfilter_type=title\norderby_sec=\nshow_pagination=0\nshow_pagination_limit=0\nshow_feed_link=0\nshow_noauth=\nshow_title=\nlink_titles=\nshow_intro=\nshow_section=\nlink_section=\nshow_category=\nlink_category=\nshow_author=\nshow_create_date=\nshow_modify_date=\nshow_item_navigation=\nshow_readmore=\nshow_vote=\nshow_icons=\nshow_pdf_icon=\nshow_print_icon=\nshow_email_icon=\nshow_hits=\nfeed_summary=\nfusion_item_subtext=\nfusion_customimage=\nfusion_customclass=\nfusion_columns=1\nfusion_distribution=even\nfusion_manual_distribution=\nfusion_dropdown_width=\nfusion_column_widths=\nfusion_children_group=0\nfusion_children_type=menuitems\nsplitmenu_item_subtext=\npage_title=\nshow_page_title=1\npageclass_sfx=\nmenu_image=-1\nsecure=0\n\n', '0', '0', '0');
INSERT INTO `jos_menu` VALUES ('10', 'mainmenu', 'Νέα - Ανακοινώσεις', '2013-06-10-06-37-28', 'index.php?option=com_content&view=article&id=40', 'component', '1', '0', '20', '0', '3', '0', '0000-00-00 00:00:00', '0', '0', '0', '0', 'show_noauth=\nshow_title=\nlink_titles=\nshow_intro=\nshow_section=\nlink_section=\nshow_category=\nlink_category=\nshow_author=\nshow_create_date=\nshow_modify_date=\nshow_item_navigation=\nshow_readmore=\nshow_vote=\nshow_icons=\nshow_pdf_icon=\nshow_print_icon=\nshow_email_icon=\nshow_hits=\nfeed_summary=\nfusion_item_subtext=\nfusion_customimage=\nfusion_customclass=\nfusion_columns=1\nfusion_distribution=even\nfusion_manual_distribution=\nfusion_dropdown_width=\nfusion_column_widths=\nfusion_children_group=0\nfusion_children_type=menuitems\nsplitmenu_item_subtext=\npage_title=\nshow_page_title=1\npageclass_sfx=\nmenu_image=-1\nsecure=0\n\n', '0', '0', '0');
INSERT INTO `jos_menu` VALUES ('11', 'mainmenu', 'Ισολογισμοί', '2013-06-10-06-38-02', 'index.php?option=com_content&view=category&id=13', 'component', '1', '10', '20', '1', '3', '0', '0000-00-00 00:00:00', '0', '0', '0', '0', 'display_num=0\nshow_headings=0\nshow_date=0\ndate_format=\nfilter=0\nfilter_type=title\norderby_sec=\nshow_pagination=0\nshow_pagination_limit=0\nshow_feed_link=0\nshow_noauth=\nshow_title=\nlink_titles=\nshow_intro=\nshow_section=\nlink_section=\nshow_category=\nlink_category=\nshow_author=\nshow_create_date=\nshow_modify_date=\nshow_item_navigation=\nshow_readmore=\nshow_vote=\nshow_icons=\nshow_pdf_icon=\nshow_print_icon=\nshow_email_icon=\nshow_hits=\nfeed_summary=\nfusion_item_subtext=\nfusion_customimage=\nfusion_customclass=\nfusion_columns=1\nfusion_distribution=even\nfusion_manual_distribution=\nfusion_dropdown_width=\nfusion_column_widths=\nfusion_children_group=0\nfusion_children_type=menuitems\nsplitmenu_item_subtext=\npage_title=\nshow_page_title=1\npageclass_sfx=\nmenu_image=-1\nsecure=0\n\n', '0', '0', '0');
INSERT INTO `jos_menu` VALUES ('12', 'mainmenu', 'Νέα', '2013-06-12-07-38-05', 'index.php?option=com_content&view=category&id=12', 'component', '1', '10', '20', '1', '1', '0', '0000-00-00 00:00:00', '0', '0', '0', '0', 'display_num=0\nshow_headings=0\nshow_date=0\ndate_format=\nfilter=0\nfilter_type=title\norderby_sec=\nshow_pagination=0\nshow_pagination_limit=0\nshow_feed_link=0\nshow_noauth=\nshow_title=\nlink_titles=\nshow_intro=\nshow_section=\nlink_section=\nshow_category=\nlink_category=\nshow_author=\nshow_create_date=\nshow_modify_date=\nshow_item_navigation=\nshow_readmore=\nshow_vote=\nshow_icons=\nshow_pdf_icon=\nshow_print_icon=\nshow_email_icon=\nshow_hits=\nfeed_summary=\nfusion_item_subtext=\nfusion_customimage=\nfusion_customclass=\nfusion_columns=1\nfusion_distribution=even\nfusion_manual_distribution=\nfusion_dropdown_width=\nfusion_column_widths=\nfusion_children_group=0\nfusion_children_type=menuitems\nsplitmenu_item_subtext=\npage_title=\nshow_page_title=1\npageclass_sfx=\nmenu_image=-1\nsecure=0\n\n', '0', '0', '0');
INSERT INTO `jos_menu` VALUES ('13', 'mainmenu', 'Ανακοινώσεις', '2013-06-12-07-38-54', 'index.php?option=com_content&view=category&id=14', 'component', '1', '10', '20', '1', '2', '0', '0000-00-00 00:00:00', '0', '0', '0', '0', 'display_num=0\nshow_headings=0\nshow_date=0\ndate_format=\nfilter=0\nfilter_type=title\norderby_sec=\nshow_pagination=0\nshow_pagination_limit=0\nshow_feed_link=0\nshow_noauth=\nshow_title=\nlink_titles=\nshow_intro=\nshow_section=\nlink_section=\nshow_category=\nlink_category=\nshow_author=\nshow_create_date=\nshow_modify_date=\nshow_item_navigation=\nshow_readmore=\nshow_vote=\nshow_icons=\nshow_pdf_icon=\nshow_print_icon=\nshow_email_icon=\nshow_hits=\nfeed_summary=\nfusion_item_subtext=\nfusion_customimage=\nfusion_customclass=\nfusion_columns=1\nfusion_distribution=even\nfusion_manual_distribution=\nfusion_dropdown_width=\nfusion_column_widths=\nfusion_children_group=0\nfusion_children_type=menuitems\nsplitmenu_item_subtext=\npage_title=\nshow_page_title=1\npageclass_sfx=\nmenu_image=-1\nsecure=0\n\n', '0', '0', '0');

-- ----------------------------
-- Table structure for `jos_menu_types`
-- ----------------------------
CREATE TABLE `jos_menu_types` (
  `id` int(10) unsigned NOT NULL AUTO_INCREMENT,
  `menutype` varchar(75) NOT NULL DEFAULT '',
  `title` varchar(255) NOT NULL DEFAULT '',
  `description` varchar(255) NOT NULL DEFAULT '',
  PRIMARY KEY (`id`),
  UNIQUE KEY `menutype` (`menutype`)
) ENGINE=MyISAM AUTO_INCREMENT=2 DEFAULT CHARSET=utf8;

-- ----------------------------
-- Records of jos_menu_types
-- ----------------------------
INSERT INTO `jos_menu_types` VALUES ('1', 'mainmenu', 'Main Menu', 'The main menu for the site');

-- ----------------------------
-- Table structure for `jos_messages`
-- ----------------------------
CREATE TABLE `jos_messages` (
  `message_id` int(10) unsigned NOT NULL AUTO_INCREMENT,
  `user_id_from` int(10) unsigned NOT NULL DEFAULT '0',
  `user_id_to` int(10) unsigned NOT NULL DEFAULT '0',
  `folder_id` int(10) unsigned NOT NULL DEFAULT '0',
  `date_time` datetime NOT NULL DEFAULT '0000-00-00 00:00:00',
  `state` int(11) NOT NULL DEFAULT '0',
  `priority` int(1) unsigned NOT NULL DEFAULT '0',
  `subject` text NOT NULL,
  `message` text NOT NULL,
  PRIMARY KEY (`message_id`),
  KEY `useridto_state` (`user_id_to`,`state`)
) ENGINE=MyISAM DEFAULT CHARSET=utf8;

-- ----------------------------
-- Records of jos_messages
-- ----------------------------

-- ----------------------------
-- Table structure for `jos_messages_cfg`
-- ----------------------------
CREATE TABLE `jos_messages_cfg` (
  `user_id` int(10) unsigned NOT NULL DEFAULT '0',
  `cfg_name` varchar(100) NOT NULL DEFAULT '',
  `cfg_value` varchar(255) NOT NULL DEFAULT '',
  UNIQUE KEY `idx_user_var_name` (`user_id`,`cfg_name`)
) ENGINE=MyISAM DEFAULT CHARSET=utf8;

-- ----------------------------
-- Records of jos_messages_cfg
-- ----------------------------

-- ----------------------------
-- Table structure for `jos_migration_backlinks`
-- ----------------------------
CREATE TABLE `jos_migration_backlinks` (
  `itemid` int(11) NOT NULL,
  `name` varchar(100) NOT NULL,
  `url` text NOT NULL,
  `sefurl` text NOT NULL,
  `newurl` text NOT NULL,
  PRIMARY KEY (`itemid`)
) ENGINE=MyISAM DEFAULT CHARSET=utf8;

-- ----------------------------
-- Records of jos_migration_backlinks
-- ----------------------------

-- ----------------------------
-- Table structure for `jos_modules`
-- ----------------------------
CREATE TABLE `jos_modules` (
  `id` int(11) NOT NULL AUTO_INCREMENT,
  `title` text NOT NULL,
  `content` text NOT NULL,
  `ordering` int(11) NOT NULL DEFAULT '0',
  `position` varchar(50) DEFAULT NULL,
  `checked_out` int(11) unsigned NOT NULL DEFAULT '0',
  `checked_out_time` datetime NOT NULL DEFAULT '0000-00-00 00:00:00',
  `published` tinyint(1) NOT NULL DEFAULT '0',
  `module` varchar(50) DEFAULT NULL,
  `numnews` int(11) NOT NULL DEFAULT '0',
  `access` tinyint(3) unsigned NOT NULL DEFAULT '0',
  `showtitle` tinyint(3) unsigned NOT NULL DEFAULT '1',
  `params` text NOT NULL,
  `iscore` tinyint(4) NOT NULL DEFAULT '0',
  `client_id` tinyint(4) NOT NULL DEFAULT '0',
  `control` text NOT NULL,
  PRIMARY KEY (`id`),
  KEY `published` (`published`,`access`),
  KEY `newsfeeds` (`module`,`published`)
) ENGINE=MyISAM AUTO_INCREMENT=26 DEFAULT CHARSET=utf8;

-- ----------------------------
-- Records of jos_modules
-- ----------------------------
INSERT INTO `jos_modules` VALUES ('1', 'Main Menu', '', '1', 'left', '63', '2014-05-05 20:02:29', '1', 'mod_mainmenu', '0', '0', '1', 'menutype=mainmenu\nmoduleclass_sfx=_menu\n', '1', '0', '');
INSERT INTO `jos_modules` VALUES ('2', 'Login', '', '1', 'login', '0', '0000-00-00 00:00:00', '1', 'mod_login', '0', '0', '1', '', '1', '1', '');
INSERT INTO `jos_modules` VALUES ('3', 'Popular', '', '3', 'cpanel', '0', '0000-00-00 00:00:00', '1', 'mod_popular', '0', '2', '1', '', '0', '1', '');
INSERT INTO `jos_modules` VALUES ('4', 'Recent added Articles', '', '4', 'cpanel', '0', '0000-00-00 00:00:00', '1', 'mod_latest', '0', '2', '1', 'ordering=c_dsc\nuser_id=0\ncache=0\n\n', '0', '1', '');
INSERT INTO `jos_modules` VALUES ('5', 'Menu Stats', '', '5', 'cpanel', '0', '0000-00-00 00:00:00', '1', 'mod_stats', '0', '2', '1', '', '0', '1', '');
INSERT INTO `jos_modules` VALUES ('6', 'Unread Messages', '', '1', 'header', '0', '0000-00-00 00:00:00', '1', 'mod_unread', '0', '2', '1', '', '1', '1', '');
INSERT INTO `jos_modules` VALUES ('7', 'Online Users', '', '2', 'header', '0', '0000-00-00 00:00:00', '1', 'mod_online', '0', '2', '1', '', '1', '1', '');
INSERT INTO `jos_modules` VALUES ('8', 'Toolbar', '', '1', 'toolbar', '0', '0000-00-00 00:00:00', '1', 'mod_toolbar', '0', '2', '1', '', '1', '1', '');
INSERT INTO `jos_modules` VALUES ('9', 'Quick Icons', '', '1', 'icon', '0', '0000-00-00 00:00:00', '1', 'mod_quickicon', '0', '2', '1', '', '1', '1', '');
INSERT INTO `jos_modules` VALUES ('10', 'Logged in Users', '', '2', 'cpanel', '0', '0000-00-00 00:00:00', '1', 'mod_logged', '0', '2', '1', '', '0', '1', '');
INSERT INTO `jos_modules` VALUES ('11', 'Footer', '', '0', 'footer', '0', '0000-00-00 00:00:00', '1', 'mod_footer', '0', '0', '1', '', '1', '1', '');
INSERT INTO `jos_modules` VALUES ('12', 'Admin Menu', '', '1', 'menu', '0', '0000-00-00 00:00:00', '1', 'mod_menu', '0', '2', '1', '', '0', '1', '');
INSERT INTO `jos_modules` VALUES ('13', 'Admin SubMenu', '', '1', 'submenu', '0', '0000-00-00 00:00:00', '1', 'mod_submenu', '0', '2', '1', '', '0', '1', '');
INSERT INTO `jos_modules` VALUES ('14', 'User Status', '', '1', 'status', '0', '0000-00-00 00:00:00', '1', 'mod_status', '0', '2', '1', '', '0', '1', '');
INSERT INTO `jos_modules` VALUES ('15', 'Title', '', '1', 'title', '0', '0000-00-00 00:00:00', '1', 'mod_title', '0', '2', '1', '', '0', '1', '');
INSERT INTO `jos_modules` VALUES ('16', 'RokGallery Module', '', '0', 'showcase-b', '0', '0000-00-00 00:00:00', '1', 'mod_rokgallery', '0', '0', '0', 'gallery_id=1\nlink=none\ntitle=0\ncaption=0\nsort_by=gallery_ordering\nsort_direction=ASC\nlimit_count=20\nstyle=dark\nlayout=slideshow\ncolumns=1\narrows=onhover\nnavigation=thumbnails\nanimation_type=blindsRight\nanimation_duration=1200\nautoplay_enabled=1\nautoplay_delay=3\nshowcase_arrows=onhover\nshowcase_image_position=left\nshowcase_imgpadding=0\nshowcase_fixedheight=0\nshowcase_animatedheight=1\nshowcase_animation_type=random\nshowcase_captionsanimation=crossfade\nshowcase_animation_duration=500\nshowcase_autoplay_enabled=0\nshowcase_autoplay_delay=7\ncache=0\nmodule_cache=1\ncache_time=900\nmoduleclass_sfx=\n\n', '0', '0', '');
INSERT INTO `jos_modules` VALUES ('22', 'showcase a', '', '0', 'showcase-a', '0', '0000-00-00 00:00:00', '1', 'mod_custom', '0', '0', '0', 'moduleclass_sfx=\n\n', '0', '0', '');
INSERT INTO `jos_modules` VALUES ('17', 'RokNavMenu', '', '3', 'left', '63', '2014-05-05 19:11:00', '1', 'mod_roknavmenu', '0', '0', '1', 'theme=/modules/mod_roknavmenu/themes/basic\ncustom_layout=default.php\ncustom_formatter=default.php\n', '1', '0', '');
INSERT INTO `jos_modules` VALUES ('18', 'RokContentRotator', '', '4', 'left', '0', '0000-00-00 00:00:00', '0', 'mod_rokcontentrotator', '0', '0', '1', 'show_title=1\nshow_front=1\ncount=5\nclick_title=1\nshow_readmore=1\nreadmore=Read More\nduration=800\npreview_count=300\n', '0', '0', '');
INSERT INTO `jos_modules` VALUES ('19', 'RokTabs', '', '0', 'content-top-a', '0', '0000-00-00 00:00:00', '0', 'mod_roktabs', '0', '0', '0', 'style=light\ncontent_type=joomla\nsecid=1\ncatid=4\nshow_front=1\nitemsOrdering=\nshow_readmore=1\nreadmore=Read more...\nwidth=500\ntabs_count=3\nduration=600\ntransition_type=scrolling\ntransition_fx=Quad.easeInOut\nlinksMargins=0\nnavscrolling=1\ntabs_position=top\ntabs_event=click\ntabs_title=content\ntabs_incremental=Tab\ntabs_hideh6=1\ntabs_prefixed=0\ntabs_showicons=0\ntabs_iconside=left\ntabs_iconpath=__module__/images\ntabs_icon=icon_home.gif,icon_security.gif,icon_comment.gif,icon_world.gif,icon_note.gif\nautoplay=0\nautoplay_delay=2000\nmoduleclass_sfx=\ncache=0\nmodule_cache=1\ncache_time=900\n\n', '0', '0', '');
INSERT INTO `jos_modules` VALUES ('20', 'JCE File Browser', '', '100', 'icon', '0', '0000-00-00 00:00:00', '1', 'mod_jcefilebrowser', '0', '2', '1', '', '0', '1', '');
INSERT INTO `jos_modules` VALUES ('21', 'Projects', '', '0', 'showcase-a', '0', '0000-00-00 00:00:00', '0', 'mod_briaskISS', '0', '0', '0', 'moduleclass_sfx=\nDirectory=images/stories/banner\npxHeight=335\npxWidth=620\ntransDelay=50\nnextDelay=2500\nTitle=An Image Slideshow\nURL=http://www.joomla.org\nEnableLink=0\nSequence=2\nResize=1\n\n', '0', '0', '');
INSERT INTO `jos_modules` VALUES ('23', 'showcase-b', '', '1', 'showcase-b', '0', '0000-00-00 00:00:00', '0', 'mod_custom', '0', '0', '0', 'moduleclass_sfx=\n\n', '0', '0', '');
INSERT INTO `jos_modules` VALUES ('24', 'myLogoTop', '<p>&nbsp;hinu</p>', '0', 'top-a', '0', '0000-00-00 00:00:00', '0', 'mod_custom', '0', '0', '0', 'moduleclass_sfx=\n\n', '0', '0', '');
INSERT INTO `jos_modules` VALUES ('25', 'LogoOnStart', '<p>zxcvzsdfsdfsd</p>', '0', 'showcase-a', '0', '0000-00-00 00:00:00', '0', 'mod_custom', '0', '0', '1', 'moduleclass_sfx=\n\n', '0', '0', '');

-- ----------------------------
-- Table structure for `jos_modules_menu`
-- ----------------------------
CREATE TABLE `jos_modules_menu` (
  `moduleid` int(11) NOT NULL DEFAULT '0',
  `menuid` int(11) NOT NULL DEFAULT '0',
  PRIMARY KEY (`moduleid`,`menuid`)
) ENGINE=MyISAM DEFAULT CHARSET=utf8;

-- ----------------------------
-- Records of jos_modules_menu
-- ----------------------------
INSERT INTO `jos_modules_menu` VALUES ('1', '0');
INSERT INTO `jos_modules_menu` VALUES ('16', '1');
INSERT INTO `jos_modules_menu` VALUES ('17', '0');
INSERT INTO `jos_modules_menu` VALUES ('18', '0');
INSERT INTO `jos_modules_menu` VALUES ('19', '0');
INSERT INTO `jos_modules_menu` VALUES ('20', '0');
INSERT INTO `jos_modules_menu` VALUES ('21', '0');
INSERT INTO `jos_modules_menu` VALUES ('22', '0');
INSERT INTO `jos_modules_menu` VALUES ('23', '0');
INSERT INTO `jos_modules_menu` VALUES ('24', '0');
INSERT INTO `jos_modules_menu` VALUES ('25', '1');

-- ----------------------------
-- Table structure for `jos_newsfeeds`
-- ----------------------------
CREATE TABLE `jos_newsfeeds` (
  `catid` int(11) NOT NULL DEFAULT '0',
  `id` int(11) NOT NULL AUTO_INCREMENT,
  `name` text NOT NULL,
  `alias` varchar(255) NOT NULL DEFAULT '',
  `link` text NOT NULL,
  `filename` varchar(200) DEFAULT NULL,
  `published` tinyint(1) NOT NULL DEFAULT '0',
  `numarticles` int(11) unsigned NOT NULL DEFAULT '1',
  `cache_time` int(11) unsigned NOT NULL DEFAULT '3600',
  `checked_out` tinyint(3) unsigned NOT NULL DEFAULT '0',
  `checked_out_time` datetime NOT NULL DEFAULT '0000-00-00 00:00:00',
  `ordering` int(11) NOT NULL DEFAULT '0',
  `rtl` tinyint(4) NOT NULL DEFAULT '0',
  PRIMARY KEY (`id`),
  KEY `published` (`published`),
  KEY `catid` (`catid`)
) ENGINE=MyISAM DEFAULT CHARSET=utf8;

-- ----------------------------
-- Records of jos_newsfeeds
-- ----------------------------

-- ----------------------------
-- Table structure for `jos_plugins`
-- ----------------------------
CREATE TABLE `jos_plugins` (
  `id` int(11) NOT NULL AUTO_INCREMENT,
  `name` varchar(100) NOT NULL DEFAULT '',
  `element` varchar(100) NOT NULL DEFAULT '',
  `folder` varchar(100) NOT NULL DEFAULT '',
  `access` tinyint(3) unsigned NOT NULL DEFAULT '0',
  `ordering` int(11) NOT NULL DEFAULT '0',
  `published` tinyint(3) NOT NULL DEFAULT '0',
  `iscore` tinyint(3) NOT NULL DEFAULT '0',
  `client_id` tinyint(3) NOT NULL DEFAULT '0',
  `checked_out` int(11) unsigned NOT NULL DEFAULT '0',
  `checked_out_time` datetime NOT NULL DEFAULT '0000-00-00 00:00:00',
  `params` text NOT NULL,
  PRIMARY KEY (`id`),
  KEY `idx_folder` (`published`,`client_id`,`access`,`folder`)
) ENGINE=MyISAM AUTO_INCREMENT=49 DEFAULT CHARSET=utf8;

-- ----------------------------
-- Records of jos_plugins
-- ----------------------------
INSERT INTO `jos_plugins` VALUES ('1', 'Authentication - Joomla', 'joomla', 'authentication', '0', '1', '1', '1', '0', '0', '0000-00-00 00:00:00', '');
INSERT INTO `jos_plugins` VALUES ('2', 'Authentication - LDAP', 'ldap', 'authentication', '0', '2', '0', '1', '0', '0', '0000-00-00 00:00:00', 'host=\nport=389\nuse_ldapV3=0\nnegotiate_tls=0\nno_referrals=0\nauth_method=bind\nbase_dn=\nsearch_string=\nusers_dn=\nusername=\npassword=\nldap_fullname=fullName\nldap_email=mail\nldap_uid=uid\n\n');
INSERT INTO `jos_plugins` VALUES ('3', 'Authentication - GMail', 'gmail', 'authentication', '0', '4', '0', '0', '0', '0', '0000-00-00 00:00:00', '');
INSERT INTO `jos_plugins` VALUES ('4', 'Authentication - OpenID', 'openid', 'authentication', '0', '3', '0', '0', '0', '0', '0000-00-00 00:00:00', '');
INSERT INTO `jos_plugins` VALUES ('5', 'User - Joomla!', 'joomla', 'user', '0', '0', '1', '0', '0', '63', '2014-05-05 19:13:48', 'autoregister=1\n\n');
INSERT INTO `jos_plugins` VALUES ('6', 'Search - Content', 'content', 'search', '0', '1', '1', '1', '0', '0', '0000-00-00 00:00:00', 'search_limit=50\nsearch_content=1\nsearch_uncategorised=1\nsearch_archived=1\n\n');
INSERT INTO `jos_plugins` VALUES ('7', 'Search - Contacts', 'contacts', 'search', '0', '3', '1', '1', '0', '0', '0000-00-00 00:00:00', 'search_limit=50\n\n');
INSERT INTO `jos_plugins` VALUES ('8', 'Search - Categories', 'categories', 'search', '0', '4', '1', '0', '0', '0', '0000-00-00 00:00:00', 'search_limit=50\n\n');
INSERT INTO `jos_plugins` VALUES ('9', 'Search - Sections', 'sections', 'search', '0', '5', '1', '0', '0', '0', '0000-00-00 00:00:00', 'search_limit=50\n\n');
INSERT INTO `jos_plugins` VALUES ('10', 'Search - Newsfeeds', 'newsfeeds', 'search', '0', '6', '1', '0', '0', '0', '0000-00-00 00:00:00', 'search_limit=50\n\n');
INSERT INTO `jos_plugins` VALUES ('11', 'Search - Weblinks', 'weblinks', 'search', '0', '2', '1', '1', '0', '0', '0000-00-00 00:00:00', 'search_limit=50\n\n');
INSERT INTO `jos_plugins` VALUES ('12', 'Content - Pagebreak', 'pagebreak', 'content', '0', '10000', '1', '1', '0', '0', '0000-00-00 00:00:00', 'enabled=1\ntitle=1\nmultipage_toc=1\nshowall=1\n\n');
INSERT INTO `jos_plugins` VALUES ('13', 'Content - Rating', 'vote', 'content', '0', '4', '1', '1', '0', '0', '0000-00-00 00:00:00', '');
INSERT INTO `jos_plugins` VALUES ('14', 'Content - Email Cloaking', 'emailcloak', 'content', '0', '5', '1', '0', '0', '63', '2014-05-05 19:12:40', 'mode=1\n\n');
INSERT INTO `jos_plugins` VALUES ('15', 'Content - Code Hightlighter (GeSHi)', 'geshi', 'content', '0', '5', '0', '0', '0', '0', '0000-00-00 00:00:00', '');
INSERT INTO `jos_plugins` VALUES ('16', 'Content - Load Module', 'loadmodule', 'content', '0', '6', '1', '0', '0', '0', '0000-00-00 00:00:00', 'enabled=1\nstyle=0\n\n');
INSERT INTO `jos_plugins` VALUES ('17', 'Content - Page Navigation', 'pagenavigation', 'content', '0', '2', '1', '1', '0', '63', '2014-05-05 19:12:33', 'position=1\n\n');
INSERT INTO `jos_plugins` VALUES ('18', 'Editor - No Editor', 'none', 'editors', '0', '0', '0', '1', '0', '0', '0000-00-00 00:00:00', '');
INSERT INTO `jos_plugins` VALUES ('19', 'Editor - TinyMCE', 'tinymce', 'editors', '0', '0', '1', '1', '0', '0', '0000-00-00 00:00:00', 'mode=extended\nskin=2\ncompressed=0\ncleanup_startup=0\ncleanup_save=2\nentity_encoding=raw\nlang_mode=0\nlang_code=en\ntext_direction=ltr\ncontent_css=1\ncontent_css_custom=\nrelative_urls=1\nnewlines=1\ninvalid_elements=applet\nextended_elements=\ntoolbar=top\ntoolbar_align=left\nhtml_height=550\nhtml_width=750\nelement_path=1\nfonts=1\npaste=1\nsearchreplace=1\ninsertdate=1\nformat_date=%Y-%m-%d\ninserttime=1\nformat_time=%H:%M:%S\ncolors=1\ntable=1\nsmilies=1\nmedia=1\nhr=1\ndirectionality=1\nfullscreen=1\nstyle=1\nlayer=1\nxhtmlxtras=1\nvisualchars=1\nnonbreaking=1\nblockquote=1\ntemplate=1\nadvimage=1\nadvlink=1\nautosave=1\ncontextmenu=1\ninlinepopups=1\nsafari=1\ncustom_plugin=\ncustom_button=\n\n');
INSERT INTO `jos_plugins` VALUES ('20', 'Editor - XStandard Lite 2.0', 'xstandard', 'editors', '0', '0', '0', '1', '0', '0', '0000-00-00 00:00:00', '');
INSERT INTO `jos_plugins` VALUES ('21', 'Editor Button - Image', 'image', 'editors-xtd', '0', '0', '1', '0', '0', '0', '0000-00-00 00:00:00', '');
INSERT INTO `jos_plugins` VALUES ('22', 'Editor Button - Pagebreak', 'pagebreak', 'editors-xtd', '0', '0', '1', '0', '0', '0', '0000-00-00 00:00:00', '');
INSERT INTO `jos_plugins` VALUES ('23', 'Editor Button - Readmore', 'readmore', 'editors-xtd', '0', '0', '1', '0', '0', '0', '0000-00-00 00:00:00', '');
INSERT INTO `jos_plugins` VALUES ('24', 'XML-RPC - Joomla', 'joomla', 'xmlrpc', '0', '7', '0', '1', '0', '0', '0000-00-00 00:00:00', '');
INSERT INTO `jos_plugins` VALUES ('25', 'XML-RPC - Blogger API', 'blogger', 'xmlrpc', '0', '7', '0', '1', '0', '0', '0000-00-00 00:00:00', 'catid=1\nsectionid=0\n\n');
INSERT INTO `jos_plugins` VALUES ('27', 'System - SEF', 'sef', 'system', '0', '1', '1', '0', '0', '0', '0000-00-00 00:00:00', '');
INSERT INTO `jos_plugins` VALUES ('28', 'System - Debug', 'debug', 'system', '0', '2', '1', '0', '0', '0', '0000-00-00 00:00:00', 'queries=1\nmemory=1\nlangauge=1\n\n');
INSERT INTO `jos_plugins` VALUES ('29', 'System - Legacy', 'legacy', 'system', '0', '3', '0', '1', '0', '0', '0000-00-00 00:00:00', 'route=0\n\n');
INSERT INTO `jos_plugins` VALUES ('30', 'System - Cache', 'cache', 'system', '0', '4', '0', '1', '0', '0', '0000-00-00 00:00:00', 'browsercache=0\ncachetime=15\n\n');
INSERT INTO `jos_plugins` VALUES ('31', 'System - Log', 'log', 'system', '0', '5', '0', '1', '0', '0', '0000-00-00 00:00:00', '');
INSERT INTO `jos_plugins` VALUES ('32', 'System - Remember Me', 'remember', 'system', '0', '6', '1', '1', '0', '0', '0000-00-00 00:00:00', '');
INSERT INTO `jos_plugins` VALUES ('33', 'System - Backlink', 'backlink', 'system', '0', '7', '0', '1', '0', '0', '0000-00-00 00:00:00', '');
INSERT INTO `jos_plugins` VALUES ('34', 'System - Mootools Upgrade', 'mtupgrade', 'system', '0', '8', '0', '1', '0', '0', '0000-00-00 00:00:00', '');
INSERT INTO `jos_plugins` VALUES ('35', 'System - Gantry', 'gantry', 'system', '0', '0', '1', '0', '0', '0', '0000-00-00 00:00:00', '');
INSERT INTO `jos_plugins` VALUES ('36', 'System - RokBox', 'rokbox', 'system', '0', '0', '1', '0', '0', '0', '0000-00-00 00:00:00', 'theme=light\ncustom-theme=sample\n');
INSERT INTO `jos_plugins` VALUES ('37', 'RokGallery System Plugin', 'rokgallery', 'system', '0', '0', '1', '0', '0', '0', '0000-00-00 00:00:00', '');
INSERT INTO `jos_plugins` VALUES ('38', 'Button - RokGallery', 'rokgallery', 'editors-xtd', '0', '0', '1', '0', '0', '0', '0000-00-00 00:00:00', '');
INSERT INTO `jos_plugins` VALUES ('39', 'Content - RokBox', 'rokbox', 'content', '0', '0', '1', '0', '0', '63', '2014-05-05 19:12:18', 'remote_sizes=0\nthumb_ext=_thumb\nthumb_class=album\nthumb_custom=0\nthumb_dir=cache\nthumb_width=80\nthumb_height=45\nthumb_quality=100\n\n');
INSERT INTO `jos_plugins` VALUES ('40', 'RokNavMenu - Boost', 'boost', 'roknavmenu', '0', '0', '1', '1', '0', '63', '2014-05-05 19:13:13', '');
INSERT INTO `jos_plugins` VALUES ('41', 'RokNavMenu - Extended Link', 'extendedlink', 'roknavmenu', '0', '0', '1', '1', '0', '0', '0000-00-00 00:00:00', '');
INSERT INTO `jos_plugins` VALUES ('42', 'System - RokCandy', 'rokcandy_system', 'system', '0', '0', '1', '1', '0', '0', '0000-00-00 00:00:00', '');
INSERT INTO `jos_plugins` VALUES ('43', 'Button - RokCandy', 'rokcandy_button', 'editors-xtd', '0', '0', '1', '1', '0', '63', '2014-05-05 19:12:59', '');
INSERT INTO `jos_plugins` VALUES ('44', 'Editor - RokPad', 'rokpad', 'editors', '0', '0', '0', '0', '0', '0', '0000-00-00 00:00:00', '@spacer=<div id=\"parser-type\"   style=\"font-weight:normal;font-size:12px;color:#fff;padding:4px;margin:0;background:#666;\">Parser Type</div>\nrokpad-parser=xhtmlmixed\nrokpad-tidylevel=XHTML 1.0 Transitional\nrokpad-show-formatter=1\n@spacer=<div id=\"editor-parameters\"   style=\"font-weight:normal;font-size:12px;color:#fff;padding:4px;margin:0;background:#666;\">Editor Parameters</div>\nrokpad-height=350\nrokpad-passdelay=200\nrokpad-passtime=50\nrokpad-linenumberdelay=200\nrokpad-linenumbertime=50\nrokpad-continuous=500\nrokpad-matchparens=1\nrokpad-history=50\nrokpad-history-delay=800\nrokpad-lineHandler=1\nrokpad-textwrapperHandler=1\nrokpad-indentunit=2\nrokpad-tabmode=indent\nrokpad-loadindent=1\n');
INSERT INTO `jos_plugins` VALUES ('45', 'Editor - JCE', 'jce', 'editors', '0', '0', '1', '0', '0', '0', '0000-00-00 00:00:00', '');
INSERT INTO `jos_plugins` VALUES ('46', 'System - RokGZipper', 'rokgzipper', 'system', '0', '0', '1', '0', '0', '0', '0000-00-00 00:00:00', 'cache_time=900\nexpires_header_time=1440\nstrip_css=1\n');
INSERT INTO `jos_plugins` VALUES ('47', 'System - RokGantry Cache', 'rokgantrycache', 'system', '0', '0', '1', '0', '0', '0', '0000-00-00 00:00:00', '');
INSERT INTO `jos_plugins` VALUES ('48', 'Google Maps', 'plugin_googlemap2', 'system', '0', '0', '1', '0', '0', '63', '2014-05-05 19:13:27', 'publ=1\ndebug=0\nplugincode=mosmap\nbrackets={\nGoogle_API_version=3.x\nshow=1\nmapclass=\nmapcss=/* For img in the map remove borders, shadow, no margin and no max-width\\n*/\\n.map img {\\n    border: 0px;\\n    box-shadow: 0px;\\n    margin: 0px;\\n    max-width: none !important;\\n}\\n\\n/* Make sure the directions are below the map\\n*/\\n.directions {\\n    clear: left;\\n}\\n\\n/* Solve problems in chrome with the show of the direction steps in full width\\n*/\\n.adp-placemark {\\n    width : 100%\\n}\nloadmootools=1\ntimeinterval=500\nGoogle_API_key=\nGoogle_Multi_API_key=\nurlsetting=http_host\ngooglewebsite=maps.google.com\ngoogleindexing=1\nstyledmap=\nwidth=500\nheight=400\nlat=52.075581\nlon=4.541513\ncenterlat=\ncenterlon=\naddress=\nzoom=10\ncorzoom=0\nminzoom=0\nmaxzoom=19\ncontroltype=UI\nzoomType=3D-large\nsvcontrol=1\nrotation=1\nzoomnew=0\nzoomWheel=0\nkeyboard=0\nmapType=Normal\nshowmaptype=1\nshowNormalMaptype=1\nshowSatelliteMaptype=1\nshowHybridMaptype=1\nshowTerrainMaptype=1\nshowEarthMaptype=1\nshowscale=0\noverview=0\novzoom=-3\nnavlabel=0\ndragging=1\nmarker=1\nicon=\niconwidth=\niconheight=\niconanchorx=\niconanchory=\niconshadow=\niconshadowwidth=\niconshadowheight=\niconinfoanchorx=\niconinfoanchory=\nicontransparent=\niconimagemap=\ndir=0\ndirtype=D\navoidhighways=0\ndiroptimize=0\ndiralternatives=0\nshowdir=1\nanimdir=0\nanimspeed=1\nanimautostart=0\nanimunit=kilometers\nformspeed=0\nformdirtype=0\nformaddress=0\nformdir=0\nlanganim=en;The requested panorama could not be displayed\\|Could not generate a route for the current start and end addresses\\|Street View coverage is not available for this route\\|You have reached your destination\\|miles\\|miles\\|ft\\|kilometers\\|kilometer\\|meters\\|In\\|You will reach your destination\\|Stop\\|Drive\\|Press Drive to follow your route\\|Route\\|Speed\\|Fast\\|Medium\\|Slow\ntraffic=0\ntransit=0\nbicycle=0\npanoramio=none\npanotype=none\npanoorder=popularity\npanomax=50\nyoutube=none\nwiki=none\nadsmanager=0\nmaxads=3\nlocalsearch=0\nadsense=\nchannel=\ngooglebar=0\nsearchlist=inline\nsearchtarget=_blank\nsearchzoompan=1\ntxtdir=Directions:\ntxtgetdir=Get Directions\ntxtfrom=From here\ntxtto=To here\ntxtdiraddr=Address:\ntxt_driving=\ntxt_avhighways=\ntxt_walking=\ntxt_bicycle=\ntxt_transit=\ntxt_optimize=\ntxt_alternatives=\ndirdefault=0\ngotoaddr=0\ngotoaddrzoom=0\ntxtaddr=Address: ##\nerraddr=Address ## not found!\nclientgeotype=google\nautocompl=both\nalign=center\nlangtype=site\nlang=\nlightbox=0\ntxtlightbox=Open lightbox\nlbxcaption=\nlbxwidth=500\nlbxheight=700\nlbxcenterlat=\nlbxcenterlon=\nlbxzoom=\neffect=none\nkmlrenderer=google\nkmlsidebar=none\nkmlsbwidth=200\nkmlfoldersopen=0\nkmlhide=0\nkmlscale=0\nkmlopenmethod=click\nkmlsbsort=none\nkmllightbox=0\nkmlmessshow=0\nkmlclickablemarkers=1\nkmlzoommarkers=0\nkmlopendivmarkers=\nkmlcontentlinkmarkers=0\nkmllinkablemarkers=0\nkmllinktarget=_self\nkmllinkmethod=dblclick\nkmlmarkerlabel=100\nkmlmarkerlabelclass=\nkmlpolylabel=100\nkmlpolylabelclass=\nproxy=1\nsv=none\nsvwidth=100%\nsvheight=300\nsvyaw=0\nsvpitch=0\nsvzoom=\nsvautorotate=0\nsvaddress=1\nearthtimeout=100\nearthborders=1\nearthbuildings=0\nearthroads=0\nearthterrain=0\nmaxcluster=\ngridsize=\nminmarkerscluster=\nmaxlinesinfocluster=\nclusterinfowindow=click\nclusterzoom=dblclick\nclustermarkerzoom=16\ntilelayer=\ntileopacity=1\ntilebounds=\ntileminzoom=0\ntilemaxzoom=19\ntilemethod=\nlatitudeid=\nlatitudedesc=1\nlatitudecoord=0\nlatitudeform=0\nimageurl=\nimagex=\nimagey=\nimagexyunits=pixels\nimagewidth=\nimageheight=\nimageanchorx=\nimageanchory=\nimageanchorunits=pixels\nweather=0\nweathercloud=0\nweatherinfo=1\nweathertempunit=celsius\nweatherwindunit=km\ntwittername=\ntwittertweets=15\ntwittericon=/media/plugin_googlemap2/site/Twitter/twitter_map_icon.png\ntwitterline=#ff0000ff\ntwitterlinewidth=4\ntwitterstartloc=0,0,0\n\n');

-- ----------------------------
-- Table structure for `jos_polls`
-- ----------------------------
CREATE TABLE `jos_polls` (
  `id` int(11) unsigned NOT NULL AUTO_INCREMENT,
  `title` varchar(255) NOT NULL DEFAULT '',
  `alias` varchar(255) NOT NULL DEFAULT '',
  `voters` int(9) NOT NULL DEFAULT '0',
  `checked_out` int(11) NOT NULL DEFAULT '0',
  `checked_out_time` datetime NOT NULL DEFAULT '0000-00-00 00:00:00',
  `published` tinyint(1) NOT NULL DEFAULT '0',
  `access` int(11) NOT NULL DEFAULT '0',
  `lag` int(11) NOT NULL DEFAULT '0',
  PRIMARY KEY (`id`)
) ENGINE=MyISAM DEFAULT CHARSET=utf8;

-- ----------------------------
-- Records of jos_polls
-- ----------------------------

-- ----------------------------
-- Table structure for `jos_poll_data`
-- ----------------------------
CREATE TABLE `jos_poll_data` (
  `id` int(11) NOT NULL AUTO_INCREMENT,
  `pollid` int(11) NOT NULL DEFAULT '0',
  `text` text NOT NULL,
  `hits` int(11) NOT NULL DEFAULT '0',
  PRIMARY KEY (`id`),
  KEY `pollid` (`pollid`,`text`(1))
) ENGINE=MyISAM DEFAULT CHARSET=utf8;

-- ----------------------------
-- Records of jos_poll_data
-- ----------------------------

-- ----------------------------
-- Table structure for `jos_poll_date`
-- ----------------------------
CREATE TABLE `jos_poll_date` (
  `id` bigint(20) NOT NULL AUTO_INCREMENT,
  `date` datetime NOT NULL DEFAULT '0000-00-00 00:00:00',
  `vote_id` int(11) NOT NULL DEFAULT '0',
  `poll_id` int(11) NOT NULL DEFAULT '0',
  PRIMARY KEY (`id`),
  KEY `poll_id` (`poll_id`)
) ENGINE=MyISAM DEFAULT CHARSET=utf8;

-- ----------------------------
-- Records of jos_poll_date
-- ----------------------------

-- ----------------------------
-- Table structure for `jos_poll_menu`
-- ----------------------------
CREATE TABLE `jos_poll_menu` (
  `pollid` int(11) NOT NULL DEFAULT '0',
  `menuid` int(11) NOT NULL DEFAULT '0',
  PRIMARY KEY (`pollid`,`menuid`)
) ENGINE=MyISAM DEFAULT CHARSET=utf8;

-- ----------------------------
-- Records of jos_poll_menu
-- ----------------------------

-- ----------------------------
-- Table structure for `jos_rokcandy`
-- ----------------------------
CREATE TABLE `jos_rokcandy` (
  `id` int(11) unsigned NOT NULL AUTO_INCREMENT,
  `catid` int(11) NOT NULL,
  `macro` text NOT NULL,
  `html` text NOT NULL,
  `published` tinyint(1) NOT NULL,
  `checked_out` int(11) NOT NULL,
  `checked_out_time` datetime NOT NULL,
  `ordering` int(11) NOT NULL,
  `params` text NOT NULL,
  PRIMARY KEY (`id`)
) ENGINE=MyISAM AUTO_INCREMENT=27 DEFAULT CHARSET=utf8;

-- ----------------------------
-- Records of jos_rokcandy
-- ----------------------------
INSERT INTO `jos_rokcandy` VALUES ('20', '1', '[code]{text}[/code]', '<code>{text}</code>', '1', '0', '0000-00-00 00:00:00', '7', '');
INSERT INTO `jos_rokcandy` VALUES ('21', '1', '[i]{text}[/i]', '<em>{text}</em>', '1', '0', '0000-00-00 00:00:00', '6', '');
INSERT INTO `jos_rokcandy` VALUES ('22', '1', '[b]{text}[/b]', '<strong>{text}</strong>', '1', '0', '0000-00-00 00:00:00', '5', '');
INSERT INTO `jos_rokcandy` VALUES ('23', '1', '[h4]{text}[/h4]', '<h4>{text}</h4>', '1', '0', '0000-00-00 00:00:00', '4', '');
INSERT INTO `jos_rokcandy` VALUES ('24', '1', '[h1]{text}[/h1]', '<h1>{text}</h1>', '1', '0', '0000-00-00 00:00:00', '1', '');
INSERT INTO `jos_rokcandy` VALUES ('25', '1', '[h2]{text}[/h2]', '<h2>{text}</h2>', '1', '0', '0000-00-00 00:00:00', '2', '');
INSERT INTO `jos_rokcandy` VALUES ('26', '1', '[h3]{text}[/h3]', '<h3>{text}</h3>', '1', '0', '0000-00-00 00:00:00', '3', '');

-- ----------------------------
-- Table structure for `jos_rokgallery_files`
-- ----------------------------
CREATE TABLE `jos_rokgallery_files` (
  `id` int(10) unsigned NOT NULL AUTO_INCREMENT,
  `filename` varchar(255) NOT NULL,
  `guid` char(36) NOT NULL,
  `md5` char(32) NOT NULL,
  `title` varchar(200) NOT NULL,
  `description` text,
  `license` varchar(255) DEFAULT NULL,
  `xsize` int(10) unsigned NOT NULL,
  `ysize` int(10) unsigned NOT NULL,
  `filesize` int(10) unsigned NOT NULL,
  `type` char(20) NOT NULL,
  `published` tinyint(1) NOT NULL DEFAULT '0',
  `created_at` datetime NOT NULL,
  `updated_at` datetime NOT NULL,
  `slug` varchar(255) DEFAULT NULL,
  PRIMARY KEY (`id`),
  UNIQUE KEY `id` (`id`),
  UNIQUE KEY `guid` (`guid`),
  UNIQUE KEY `jos_files_sluggable_idx` (`slug`),
  KEY `jos_rokgallery_files_published_idx` (`published`),
  KEY `jos_rokgallery_files_md5_idx` (`md5`),
  KEY `jos_rokgallery_files_guid_idx` (`guid`)
) ENGINE=InnoDB AUTO_INCREMENT=21 DEFAULT CHARSET=latin1;

-- ----------------------------
-- Records of jos_rokgallery_files
-- ----------------------------
INSERT INTO `jos_rokgallery_files` VALUES ('1', '02. DSCN3456.jpg', 'd24ae1f9-97f6-45b3-d0a1-0306d3575f9b', '4fb96582ceae525bfa6ec48f513edaef', '02. DSCN3456', null, null, '620', '335', '89762', 'jpg', '1', '2014-03-18 01:35:58', '2014-03-18 01:35:58', '02-dscn3456');
INSERT INTO `jos_rokgallery_files` VALUES ('2', '03. DSCN3457.jpg', '0ebe9b34-1df6-4a32-8c19-a554d3f00ee9', '14c2cbb80c61594c48f76b3f6fb60641', '03. DSCN3457', null, null, '620', '335', '90449', 'jpg', '1', '2014-03-18 01:35:58', '2014-03-18 01:35:58', '03-dscn3457');
INSERT INTO `jos_rokgallery_files` VALUES ('3', '04. DSCN3460.jpg', 'a007b66f-c4d7-4e04-9de6-ab040d43abee', 'cdcc8cc20cc730ff64e8d19a861dafa3', '04. DSCN3460', null, null, '620', '335', '83005', 'jpg', '1', '2014-03-18 01:35:58', '2014-03-18 01:35:58', '04-dscn3460');
INSERT INTO `jos_rokgallery_files` VALUES ('4', '06. DSCN3462.jpg', 'f93e1f75-3cf8-4edf-c2e5-51d7a9eb2c58', '81e00f9ed1d25a7ef438049d8c54c0f5', '06. DSCN3462', null, null, '620', '335', '70468', 'jpg', '1', '2014-03-18 01:35:58', '2014-03-18 01:35:58', '06-dscn3462');
INSERT INTO `jos_rokgallery_files` VALUES ('5', '08. DSCN3784.jpg', '6a969721-f90c-40e9-91da-deb65e7178a1', '3f5f4e539b67fb62010c37cce64d25e4', '08. DSCN3784', null, null, '620', '335', '69018', 'jpg', '1', '2014-03-18 01:35:58', '2014-03-18 01:35:58', '08-dscn3784');
INSERT INTO `jos_rokgallery_files` VALUES ('6', '10. DSCN3832.jpg', '782dfd57-fbed-4720-8e3e-5370706b1264', 'ff73465762c94040fb681512e7a741c7', '10. DSCN3832', null, null, '620', '335', '69441', 'jpg', '1', '2014-03-18 01:35:58', '2014-03-18 01:35:58', '10-dscn3832');
INSERT INTO `jos_rokgallery_files` VALUES ('7', '12. DSCN3834.jpg', '720a1e5d-6d60-4d71-ff48-fe6817ae99ee', '0e3381122c214e376342ad4847934f37', '12. DSCN3834', null, null, '620', '335', '70028', 'jpg', '1', '2014-03-18 01:35:59', '2014-03-18 01:35:59', '12-dscn3834');
INSERT INTO `jos_rokgallery_files` VALUES ('8', 'biocl11.jpg', '9b10beab-381e-4552-d331-581cc1d19614', 'a27e22d2cf8ee945aecbd7090ce79009', 'biocl11', null, null, '620', '335', '51331', 'jpg', '1', '2014-03-18 01:35:59', '2014-03-18 01:35:59', 'biocl11');
INSERT INTO `jos_rokgallery_files` VALUES ('9', 'biocl21.jpg', '3657ab7b-a50e-44da-9c07-23a0c0cc8a45', '5424741d1dd8a5bc5886dad893e241fb', 'biocl21', null, null, '620', '335', '68292', 'jpg', '1', '2014-03-18 01:35:59', '2014-03-18 01:35:59', 'biocl21');
INSERT INTO `jos_rokgallery_files` VALUES ('10', 'biocl41.jpg', 'ca63423b-2762-4c3f-f25b-a30f7f426321', 'a2c42bd22a5db92b6fdf6a4112d47ad9', 'biocl41', null, null, '620', '335', '73869', 'jpg', '1', '2014-03-18 01:35:59', '2014-03-18 01:35:59', 'biocl41');
INSERT INTO `jos_rokgallery_files` VALUES ('11', 'biocl61.jpg', 'd5c3d8b8-48ee-4894-e1f8-cbc112efc7bc', '7aa5e4eb0700e336a89a7b157b468db1', 'biocl61', null, null, '620', '335', '97224', 'jpg', '1', '2014-03-18 01:35:59', '2014-03-18 01:35:59', 'biocl61');
INSERT INTO `jos_rokgallery_files` VALUES ('12', 'biocl91.jpg', 'a68cd695-42e9-4f73-8b3c-d79a0c8cba0d', '256dcefb78187e72df8dc71a926f5bca', 'biocl91', null, null, '620', '335', '83243', 'jpg', '1', '2014-03-18 01:35:59', '2014-03-18 01:35:59', 'biocl91');
INSERT INTO `jos_rokgallery_files` VALUES ('13', 'biocl111.jpg', '401662e0-acea-4449-ad21-5c1f227da968', 'a2cf5b6337f7517dc0a62fb45c8a2e18', 'biocl111', null, null, '620', '335', '98297', 'jpg', '1', '2014-03-18 01:35:59', '2014-03-18 01:35:59', 'biocl111');
INSERT INTO `jos_rokgallery_files` VALUES ('14', 'biocl131.jpg', '8b5ba5a8-6414-4d62-bf05-f5a434e90bf9', '418b6cc9cbf78ece13be7b0f00016de1', 'biocl131', null, null, '620', '335', '17394', 'jpg', '1', '2014-03-18 01:35:59', '2014-03-18 01:35:59', 'biocl131');
INSERT INTO `jos_rokgallery_files` VALUES ('15', 'biocl151.jpg', '8bf02a08-1fde-47dc-d425-4236829c8c59', '391c02e860776e67d7684bc3512410c7', 'biocl151', null, null, '620', '335', '32113', 'jpg', '1', '2014-03-18 01:35:59', '2014-03-18 01:35:59', 'biocl151');
INSERT INTO `jos_rokgallery_files` VALUES ('16', 'biocl171.jpg', '56d90733-06ab-4e40-aeee-5219f6d432e4', '4087015a2d273e64f3dc65667206c24f', 'biocl171', null, null, '620', '335', '18656', 'jpg', '1', '2014-03-18 01:36:00', '2014-03-18 01:36:00', 'biocl171');
INSERT INTO `jos_rokgallery_files` VALUES ('17', 'biocl201.jpg', 'abc9722f-ce3b-4d8c-fecb-8601a5e28ae3', '814bbcbfe18263e03ac63021b67b49a5', 'biocl201', null, null, '620', '335', '21438', 'jpg', '1', '2014-03-18 01:36:00', '2014-03-18 01:36:00', 'biocl201');
INSERT INTO `jos_rokgallery_files` VALUES ('18', 'biocl232.jpg', 'aedb59cc-d438-4063-f202-dce616ce091a', 'f63a8a3f9c3c0bc49dca4925d3cb48aa', 'biocl232', null, null, '620', '335', '52547', 'jpg', '1', '2014-03-18 01:36:00', '2014-03-18 01:36:00', 'biocl232');
INSERT INTO `jos_rokgallery_files` VALUES ('19', 'biocl233.jpg', '455769a6-fdfe-449b-9bd6-0b0ac5e69869', '274de088aaac0f984b271208c6bef1cd', 'biocl233', null, null, '620', '335', '49565', 'jpg', '1', '2014-03-18 01:36:00', '2014-03-18 01:36:00', 'biocl233');
INSERT INTO `jos_rokgallery_files` VALUES ('20', 'biocl242.jpg', '8a65c6a3-48af-4fc6-f669-41a224898487', '0a49c944c9874774af0e58296fff7248', 'biocl242', null, null, '620', '335', '38240', 'jpg', '1', '2014-03-18 01:36:00', '2014-03-18 01:36:00', 'biocl242');

-- ----------------------------
-- Table structure for `jos_rokgallery_files_index`
-- ----------------------------
CREATE TABLE `jos_rokgallery_files_index` (
  `keyword` varchar(200) NOT NULL DEFAULT '',
  `field` varchar(50) NOT NULL DEFAULT '',
  `position` bigint(20) NOT NULL DEFAULT '0',
  `id` int(10) unsigned NOT NULL DEFAULT '0',
  PRIMARY KEY (`keyword`,`field`,`position`,`id`),
  KEY `jos_rokgallery_files_index_id_idx` (`id`),
  CONSTRAINT `jos_rokgallery_files_index_id_idx` FOREIGN KEY (`id`) REFERENCES `jos_rokgallery_files` (`id`) ON DELETE CASCADE ON UPDATE CASCADE
) ENGINE=InnoDB DEFAULT CHARSET=latin1;

-- ----------------------------
-- Records of jos_rokgallery_files_index
-- ----------------------------
INSERT INTO `jos_rokgallery_files_index` VALUES ('02', 'title', '0', '1');
INSERT INTO `jos_rokgallery_files_index` VALUES ('dscn3456', 'title', '1', '1');
INSERT INTO `jos_rokgallery_files_index` VALUES ('03', 'title', '0', '2');
INSERT INTO `jos_rokgallery_files_index` VALUES ('dscn3457', 'title', '1', '2');
INSERT INTO `jos_rokgallery_files_index` VALUES ('04', 'title', '0', '3');
INSERT INTO `jos_rokgallery_files_index` VALUES ('dscn3460', 'title', '1', '3');
INSERT INTO `jos_rokgallery_files_index` VALUES ('06', 'title', '0', '4');
INSERT INTO `jos_rokgallery_files_index` VALUES ('dscn3462', 'title', '1', '4');
INSERT INTO `jos_rokgallery_files_index` VALUES ('08', 'title', '0', '5');
INSERT INTO `jos_rokgallery_files_index` VALUES ('dscn3784', 'title', '1', '5');
INSERT INTO `jos_rokgallery_files_index` VALUES ('10', 'title', '0', '6');
INSERT INTO `jos_rokgallery_files_index` VALUES ('dscn3832', 'title', '1', '6');
INSERT INTO `jos_rokgallery_files_index` VALUES ('12', 'title', '0', '7');
INSERT INTO `jos_rokgallery_files_index` VALUES ('dscn3834', 'title', '1', '7');
INSERT INTO `jos_rokgallery_files_index` VALUES ('biocl11', 'title', '0', '8');
INSERT INTO `jos_rokgallery_files_index` VALUES ('biocl21', 'title', '0', '9');
INSERT INTO `jos_rokgallery_files_index` VALUES ('biocl41', 'title', '0', '10');
INSERT INTO `jos_rokgallery_files_index` VALUES ('biocl61', 'title', '0', '11');
INSERT INTO `jos_rokgallery_files_index` VALUES ('biocl91', 'title', '0', '12');
INSERT INTO `jos_rokgallery_files_index` VALUES ('biocl111', 'title', '0', '13');
INSERT INTO `jos_rokgallery_files_index` VALUES ('biocl131', 'title', '0', '14');
INSERT INTO `jos_rokgallery_files_index` VALUES ('biocl151', 'title', '0', '15');
INSERT INTO `jos_rokgallery_files_index` VALUES ('biocl171', 'title', '0', '16');
INSERT INTO `jos_rokgallery_files_index` VALUES ('biocl201', 'title', '0', '17');
INSERT INTO `jos_rokgallery_files_index` VALUES ('biocl232', 'title', '0', '18');
INSERT INTO `jos_rokgallery_files_index` VALUES ('biocl233', 'title', '0', '19');
INSERT INTO `jos_rokgallery_files_index` VALUES ('biocl242', 'title', '0', '20');

-- ----------------------------
-- Table structure for `jos_rokgallery_file_loves`
-- ----------------------------
CREATE TABLE `jos_rokgallery_file_loves` (
  `file_id` int(10) unsigned NOT NULL DEFAULT '0',
  `kount` int(11) NOT NULL DEFAULT '0',
  PRIMARY KEY (`file_id`),
  UNIQUE KEY `file_id` (`file_id`),
  CONSTRAINT `jos_file_loves_file_id_files_id` FOREIGN KEY (`file_id`) REFERENCES `jos_rokgallery_files` (`id`) ON DELETE CASCADE ON UPDATE CASCADE
) ENGINE=InnoDB DEFAULT CHARSET=latin1;

-- ----------------------------
-- Records of jos_rokgallery_file_loves
-- ----------------------------

-- ----------------------------
-- Table structure for `jos_rokgallery_file_tags`
-- ----------------------------
CREATE TABLE `jos_rokgallery_file_tags` (
  `file_id` int(10) unsigned NOT NULL DEFAULT '0',
  `tag` varchar(50) NOT NULL DEFAULT '',
  PRIMARY KEY (`file_id`,`tag`),
  KEY `jos_rokgallery_file_tags_file_id_idx` (`file_id`),
  CONSTRAINT `jos_file_tags_file_id_files_id` FOREIGN KEY (`file_id`) REFERENCES `jos_rokgallery_files` (`id`) ON DELETE CASCADE ON UPDATE CASCADE
) ENGINE=InnoDB DEFAULT CHARSET=latin1;

-- ----------------------------
-- Records of jos_rokgallery_file_tags
-- ----------------------------
INSERT INTO `jos_rokgallery_file_tags` VALUES ('1', 'arxiki');
INSERT INTO `jos_rokgallery_file_tags` VALUES ('2', 'arxiki');
INSERT INTO `jos_rokgallery_file_tags` VALUES ('3', 'arxiki');
INSERT INTO `jos_rokgallery_file_tags` VALUES ('4', 'arxiki');
INSERT INTO `jos_rokgallery_file_tags` VALUES ('5', 'arxiki');
INSERT INTO `jos_rokgallery_file_tags` VALUES ('6', 'arxiki');
INSERT INTO `jos_rokgallery_file_tags` VALUES ('7', 'arxiki');
INSERT INTO `jos_rokgallery_file_tags` VALUES ('8', 'arxiki');
INSERT INTO `jos_rokgallery_file_tags` VALUES ('9', 'arxiki');
INSERT INTO `jos_rokgallery_file_tags` VALUES ('10', 'arxiki');
INSERT INTO `jos_rokgallery_file_tags` VALUES ('11', 'arxiki');
INSERT INTO `jos_rokgallery_file_tags` VALUES ('12', 'arxiki');
INSERT INTO `jos_rokgallery_file_tags` VALUES ('13', 'arxiki');
INSERT INTO `jos_rokgallery_file_tags` VALUES ('14', 'arxiki');
INSERT INTO `jos_rokgallery_file_tags` VALUES ('15', 'arxiki');
INSERT INTO `jos_rokgallery_file_tags` VALUES ('16', 'arxiki');
INSERT INTO `jos_rokgallery_file_tags` VALUES ('17', 'arxiki');
INSERT INTO `jos_rokgallery_file_tags` VALUES ('18', 'arxiki');
INSERT INTO `jos_rokgallery_file_tags` VALUES ('19', 'arxiki');
INSERT INTO `jos_rokgallery_file_tags` VALUES ('20', 'arxiki');

-- ----------------------------
-- Table structure for `jos_rokgallery_file_views`
-- ----------------------------
CREATE TABLE `jos_rokgallery_file_views` (
  `file_id` int(10) unsigned NOT NULL DEFAULT '0',
  `kount` int(11) NOT NULL DEFAULT '0',
  PRIMARY KEY (`file_id`),
  UNIQUE KEY `file_id` (`file_id`),
  CONSTRAINT `jos_file_views_file_id__files_id` FOREIGN KEY (`file_id`) REFERENCES `jos_rokgallery_files` (`id`) ON DELETE CASCADE ON UPDATE CASCADE
) ENGINE=InnoDB DEFAULT CHARSET=latin1;

-- ----------------------------
-- Records of jos_rokgallery_file_views
-- ----------------------------

-- ----------------------------
-- Table structure for `jos_rokgallery_filters`
-- ----------------------------
CREATE TABLE `jos_rokgallery_filters` (
  `id` int(10) unsigned NOT NULL AUTO_INCREMENT,
  `name` varchar(200) NOT NULL,
  `query` text NOT NULL,
  `created_at` datetime NOT NULL,
  `updated_at` datetime NOT NULL,
  PRIMARY KEY (`id`),
  UNIQUE KEY `id` (`id`),
  KEY `rokgallery_profiles_name_idx` (`name`)
) ENGINE=InnoDB DEFAULT CHARSET=latin1;

-- ----------------------------
-- Records of jos_rokgallery_filters
-- ----------------------------

-- ----------------------------
-- Table structure for `jos_rokgallery_galleries`
-- ----------------------------
CREATE TABLE `jos_rokgallery_galleries` (
  `id` int(10) unsigned NOT NULL AUTO_INCREMENT,
  `name` varchar(200) NOT NULL,
  `filetags` longtext,
  `width` int(10) unsigned NOT NULL DEFAULT '910',
  `height` int(10) unsigned NOT NULL DEFAULT '500',
  `keep_aspect` tinyint(1) DEFAULT '0',
  `force_image_size` tinyint(1) DEFAULT '0',
  `thumb_xsize` int(10) unsigned NOT NULL DEFAULT '190',
  `thumb_ysize` int(10) unsigned NOT NULL DEFAULT '150',
  `thumb_background` varchar(12) DEFAULT 'transparent',
  `thumb_keep_aspect` tinyint(1) DEFAULT '0',
  `auto_publish` tinyint(1) DEFAULT '0',
  PRIMARY KEY (`id`),
  UNIQUE KEY `id` (`id`),
  KEY `jos_rokgallery_galleries_auto_publish_idx` (`auto_publish`)
) ENGINE=InnoDB AUTO_INCREMENT=2 DEFAULT CHARSET=latin1;

-- ----------------------------
-- Records of jos_rokgallery_galleries
-- ----------------------------
INSERT INTO `jos_rokgallery_galleries` VALUES ('1', 'ArxikiSelida', 'a:1:{i:0;s:6:\"arxiki\";}', '910', '350', '0', '0', '160', '110', 'transparent', '0', '1');

-- ----------------------------
-- Table structure for `jos_rokgallery_jobs`
-- ----------------------------
CREATE TABLE `jos_rokgallery_jobs` (
  `id` char(36) NOT NULL DEFAULT '',
  `type` varchar(255) NOT NULL,
  `properties` text,
  `state` varchar(255) NOT NULL,
  `status` text,
  `percent` bigint(20) unsigned DEFAULT NULL,
  `sm` text NOT NULL,
  `created_at` datetime NOT NULL,
  `updated_at` datetime NOT NULL,
  PRIMARY KEY (`id`),
  UNIQUE KEY `id` (`id`)
) ENGINE=InnoDB DEFAULT CHARSET=latin1;

-- ----------------------------
-- Records of jos_rokgallery_jobs
-- ----------------------------
INSERT INTO `jos_rokgallery_jobs` VALUES ('1e75e8b6-71f2-4c0d-c860-a02ad8a01f46', 'Tag Addition', 'a:12:{i:0;O:32:\"RokGallery_Job_Property_FileTags\":5:{s:9:\"\0*\0fileId\";i:16;s:7:\"\0*\0tags\";a:1:{i:0;s:6:\"arxiki\";}s:12:\"\0*\0completed\";b:1;s:8:\"\0*\0error\";b:0;s:9:\"\0*\0status\";N;}i:1;O:32:\"RokGallery_Job_Property_FileTags\":5:{s:9:\"\0*\0fileId\";i:17;s:7:\"\0*\0tags\";a:1:{i:0;s:6:\"arxiki\";}s:12:\"\0*\0completed\";b:1;s:8:\"\0*\0error\";b:0;s:9:\"\0*\0status\";N;}i:2;O:32:\"RokGallery_Job_Property_FileTags\":5:{s:9:\"\0*\0fileId\";i:18;s:7:\"\0*\0tags\";a:1:{i:0;s:6:\"arxiki\";}s:12:\"\0*\0completed\";b:1;s:8:\"\0*\0error\";b:0;s:9:\"\0*\0status\";N;}i:3;O:32:\"RokGallery_Job_Property_FileTags\":5:{s:9:\"\0*\0fileId\";i:19;s:7:\"\0*\0tags\";a:1:{i:0;s:6:\"arxiki\";}s:12:\"\0*\0completed\";b:1;s:8:\"\0*\0error\";b:0;s:9:\"\0*\0status\";N;}i:4;O:32:\"RokGallery_Job_Property_FileTags\":5:{s:9:\"\0*\0fileId\";i:20;s:7:\"\0*\0tags\";a:1:{i:0;s:6:\"arxiki\";}s:12:\"\0*\0completed\";b:1;s:8:\"\0*\0error\";b:0;s:9:\"\0*\0status\";N;}i:5;O:32:\"RokGallery_Job_Property_FileTags\":5:{s:9:\"\0*\0fileId\";i:7;s:7:\"\0*\0tags\";a:1:{i:0;s:6:\"arxiki\";}s:12:\"\0*\0completed\";b:1;s:8:\"\0*\0error\";b:0;s:9:\"\0*\0status\";N;}i:6;O:32:\"RokGallery_Job_Property_FileTags\":5:{s:9:\"\0*\0fileId\";i:8;s:7:\"\0*\0tags\";a:1:{i:0;s:6:\"arxiki\";}s:12:\"\0*\0completed\";b:1;s:8:\"\0*\0error\";b:0;s:9:\"\0*\0status\";N;}i:7;O:32:\"RokGallery_Job_Property_FileTags\":5:{s:9:\"\0*\0fileId\";i:9;s:7:\"\0*\0tags\";a:1:{i:0;s:6:\"arxiki\";}s:12:\"\0*\0completed\";b:1;s:8:\"\0*\0error\";b:0;s:9:\"\0*\0status\";N;}i:8;O:32:\"RokGallery_Job_Property_FileTags\":5:{s:9:\"\0*\0fileId\";i:10;s:7:\"\0*\0tags\";a:1:{i:0;s:6:\"arxiki\";}s:12:\"\0*\0completed\";b:1;s:8:\"\0*\0error\";b:0;s:9:\"\0*\0status\";N;}i:9;O:32:\"RokGallery_Job_Property_FileTags\":5:{s:9:\"\0*\0fileId\";i:11;s:7:\"\0*\0tags\";a:1:{i:0;s:6:\"arxiki\";}s:12:\"\0*\0completed\";b:1;s:8:\"\0*\0error\";b:0;s:9:\"\0*\0status\";N;}i:10;O:32:\"RokGallery_Job_Property_FileTags\":5:{s:9:\"\0*\0fileId\";i:12;s:7:\"\0*\0tags\";a:1:{i:0;s:6:\"arxiki\";}s:12:\"\0*\0completed\";b:1;s:8:\"\0*\0error\";b:0;s:9:\"\0*\0status\";N;}i:11;O:32:\"RokGallery_Job_Property_FileTags\":5:{s:9:\"\0*\0fileId\";i:13;s:7:\"\0*\0tags\";a:1:{i:0;s:6:\"arxiki\";}s:12:\"\0*\0completed\";b:1;s:8:\"\0*\0error\";b:0;s:9:\"\0*\0status\";N;}}', 'Completed', 'Tag Addition Complete', '100', 'O:27:\"RokGallery_Job_StateMachine\":5:{s:9:\"\0*\0_state\";O:33:\"RokGallery_Job_StateMap_Completed\":2:{s:8:\"\0*\0_name\";s:33:\"RokGallery_Job_StateMap.Completed\";s:6:\"\0*\0_id\";i:8;}s:18:\"\0*\0_previous_state\";O:31:\"RokGallery_Job_StateMap_Running\":2:{s:8:\"\0*\0_name\";s:31:\"RokGallery_Job_StateMap.Running\";s:6:\"\0*\0_id\";i:2;}s:15:\"\0*\0_state_stack\";a:0:{}s:14:\"\0*\0_transition\";N;s:14:\"\0*\0_debug_flag\";b:0;}', '2014-03-18 01:37:56', '2014-03-18 01:38:01');
INSERT INTO `jos_rokgallery_jobs` VALUES ('2e095f0e-2bc9-435a-e029-d33fe15eed06', 'Import', null, 'Running', 'Starting Import', '0', 'O:27:\"RokGallery_Job_StateMachine\":5:{s:9:\"\0*\0_state\";O:31:\"RokGallery_Job_StateMap_Running\":2:{s:8:\"\0*\0_name\";s:31:\"RokGallery_Job_StateMap.Running\";s:6:\"\0*\0_id\";i:2;}s:18:\"\0*\0_previous_state\";O:29:\"RokGallery_Job_StateMap_Ready\":2:{s:8:\"\0*\0_name\";s:29:\"RokGallery_Job_StateMap.Ready\";s:6:\"\0*\0_id\";i:1;}s:15:\"\0*\0_state_stack\";a:0:{}s:14:\"\0*\0_transition\";N;s:14:\"\0*\0_debug_flag\";b:0;}', '2014-12-05 13:21:10', '2014-12-05 13:21:22');
INSERT INTO `jos_rokgallery_jobs` VALUES ('33b5d308-ac95-4cd2-c885-a1f9a32ea654', 'Update Gallery', 'a:2:{s:9:\"galleryId\";s:1:\"1\";s:5:\"files\";a:20:{i:0;O:35:\"RokGallery_Job_Property_GalleryFile\":4:{s:5:\"\0*\0id\";s:1:\"1\";s:12:\"\0*\0completed\";b:1;s:8:\"\0*\0error\";b:0;s:9:\"\0*\0status\";N;}i:1;O:35:\"RokGallery_Job_Property_GalleryFile\":4:{s:5:\"\0*\0id\";s:1:\"2\";s:12:\"\0*\0completed\";b:1;s:8:\"\0*\0error\";b:0;s:9:\"\0*\0status\";N;}i:2;O:35:\"RokGallery_Job_Property_GalleryFile\":4:{s:5:\"\0*\0id\";s:1:\"3\";s:12:\"\0*\0completed\";b:1;s:8:\"\0*\0error\";b:0;s:9:\"\0*\0status\";N;}i:3;O:35:\"RokGallery_Job_Property_GalleryFile\":4:{s:5:\"\0*\0id\";s:1:\"4\";s:12:\"\0*\0completed\";b:1;s:8:\"\0*\0error\";b:0;s:9:\"\0*\0status\";N;}i:4;O:35:\"RokGallery_Job_Property_GalleryFile\":4:{s:5:\"\0*\0id\";s:1:\"5\";s:12:\"\0*\0completed\";b:1;s:8:\"\0*\0error\";b:0;s:9:\"\0*\0status\";N;}i:5;O:35:\"RokGallery_Job_Property_GalleryFile\":4:{s:5:\"\0*\0id\";s:1:\"6\";s:12:\"\0*\0completed\";b:1;s:8:\"\0*\0error\";b:0;s:9:\"\0*\0status\";N;}i:6;O:35:\"RokGallery_Job_Property_GalleryFile\":4:{s:5:\"\0*\0id\";s:1:\"7\";s:12:\"\0*\0completed\";b:1;s:8:\"\0*\0error\";b:0;s:9:\"\0*\0status\";N;}i:7;O:35:\"RokGallery_Job_Property_GalleryFile\":4:{s:5:\"\0*\0id\";s:1:\"8\";s:12:\"\0*\0completed\";b:1;s:8:\"\0*\0error\";b:0;s:9:\"\0*\0status\";N;}i:8;O:35:\"RokGallery_Job_Property_GalleryFile\":4:{s:5:\"\0*\0id\";s:1:\"9\";s:12:\"\0*\0completed\";b:1;s:8:\"\0*\0error\";b:0;s:9:\"\0*\0status\";N;}i:9;O:35:\"RokGallery_Job_Property_GalleryFile\":4:{s:5:\"\0*\0id\";s:2:\"10\";s:12:\"\0*\0completed\";b:1;s:8:\"\0*\0error\";b:0;s:9:\"\0*\0status\";N;}i:10;O:35:\"RokGallery_Job_Property_GalleryFile\":4:{s:5:\"\0*\0id\";s:2:\"11\";s:12:\"\0*\0completed\";b:1;s:8:\"\0*\0error\";b:0;s:9:\"\0*\0status\";N;}i:11;O:35:\"RokGallery_Job_Property_GalleryFile\":4:{s:5:\"\0*\0id\";s:2:\"12\";s:12:\"\0*\0completed\";b:1;s:8:\"\0*\0error\";b:0;s:9:\"\0*\0status\";N;}i:12;O:35:\"RokGallery_Job_Property_GalleryFile\":4:{s:5:\"\0*\0id\";s:2:\"13\";s:12:\"\0*\0completed\";b:1;s:8:\"\0*\0error\";b:0;s:9:\"\0*\0status\";N;}i:13;O:35:\"RokGallery_Job_Property_GalleryFile\":4:{s:5:\"\0*\0id\";s:2:\"14\";s:12:\"\0*\0completed\";b:1;s:8:\"\0*\0error\";b:0;s:9:\"\0*\0status\";N;}i:14;O:35:\"RokGallery_Job_Property_GalleryFile\":4:{s:5:\"\0*\0id\";s:2:\"15\";s:12:\"\0*\0completed\";b:1;s:8:\"\0*\0error\";b:0;s:9:\"\0*\0status\";N;}i:15;O:35:\"RokGallery_Job_Property_GalleryFile\":4:{s:5:\"\0*\0id\";s:2:\"16\";s:12:\"\0*\0completed\";b:1;s:8:\"\0*\0error\";b:0;s:9:\"\0*\0status\";N;}i:16;O:35:\"RokGallery_Job_Property_GalleryFile\":4:{s:5:\"\0*\0id\";s:2:\"17\";s:12:\"\0*\0completed\";b:1;s:8:\"\0*\0error\";b:0;s:9:\"\0*\0status\";N;}i:17;O:35:\"RokGallery_Job_Property_GalleryFile\":4:{s:5:\"\0*\0id\";s:2:\"18\";s:12:\"\0*\0completed\";b:1;s:8:\"\0*\0error\";b:0;s:9:\"\0*\0status\";N;}i:18;O:35:\"RokGallery_Job_Property_GalleryFile\":4:{s:5:\"\0*\0id\";s:2:\"19\";s:12:\"\0*\0completed\";b:1;s:8:\"\0*\0error\";b:0;s:9:\"\0*\0status\";N;}i:19;O:35:\"RokGallery_Job_Property_GalleryFile\":4:{s:5:\"\0*\0id\";s:2:\"20\";s:12:\"\0*\0completed\";b:1;s:8:\"\0*\0error\";b:0;s:9:\"\0*\0status\";N;}}}', 'Completed', 'Gallery Update Complete', '100', 'O:27:\"RokGallery_Job_StateMachine\":5:{s:9:\"\0*\0_state\";O:33:\"RokGallery_Job_StateMap_Completed\":2:{s:8:\"\0*\0_name\";s:33:\"RokGallery_Job_StateMap.Completed\";s:6:\"\0*\0_id\";i:8;}s:18:\"\0*\0_previous_state\";O:31:\"RokGallery_Job_StateMap_Running\":2:{s:8:\"\0*\0_name\";s:31:\"RokGallery_Job_StateMap.Running\";s:6:\"\0*\0_id\";i:2;}s:15:\"\0*\0_state_stack\";a:0:{}s:14:\"\0*\0_transition\";N;s:14:\"\0*\0_debug_flag\";b:0;}', '2014-05-05 23:22:17', '2014-05-05 23:22:33');
INSERT INTO `jos_rokgallery_jobs` VALUES ('3b0fa0cf-a363-408d-9158-d13f283b8356', 'Import', null, 'Running', 'Starting Import', '0', 'O:27:\"RokGallery_Job_StateMachine\":5:{s:9:\"\0*\0_state\";O:31:\"RokGallery_Job_StateMap_Running\":2:{s:8:\"\0*\0_name\";s:31:\"RokGallery_Job_StateMap.Running\";s:6:\"\0*\0_id\";i:2;}s:18:\"\0*\0_previous_state\";O:29:\"RokGallery_Job_StateMap_Ready\":2:{s:8:\"\0*\0_name\";s:29:\"RokGallery_Job_StateMap.Ready\";s:6:\"\0*\0_id\";i:1;}s:15:\"\0*\0_state_stack\";a:0:{}s:14:\"\0*\0_transition\";N;s:14:\"\0*\0_debug_flag\";b:0;}', '2014-12-05 13:17:52', '2014-12-05 13:17:59');
INSERT INTO `jos_rokgallery_jobs` VALUES ('3e22b8dc-c3a8-486c-e70d-19ba7b13bad3', 'Update Gallery', 'a:2:{s:9:\"galleryId\";s:1:\"1\";s:5:\"files\";a:20:{i:0;O:35:\"RokGallery_Job_Property_GalleryFile\":4:{s:5:\"\0*\0id\";s:1:\"1\";s:12:\"\0*\0completed\";b:1;s:8:\"\0*\0error\";b:0;s:9:\"\0*\0status\";N;}i:1;O:35:\"RokGallery_Job_Property_GalleryFile\":4:{s:5:\"\0*\0id\";s:1:\"2\";s:12:\"\0*\0completed\";b:1;s:8:\"\0*\0error\";b:0;s:9:\"\0*\0status\";N;}i:2;O:35:\"RokGallery_Job_Property_GalleryFile\":4:{s:5:\"\0*\0id\";s:1:\"3\";s:12:\"\0*\0completed\";b:1;s:8:\"\0*\0error\";b:0;s:9:\"\0*\0status\";N;}i:3;O:35:\"RokGallery_Job_Property_GalleryFile\":4:{s:5:\"\0*\0id\";s:1:\"4\";s:12:\"\0*\0completed\";b:1;s:8:\"\0*\0error\";b:0;s:9:\"\0*\0status\";N;}i:4;O:35:\"RokGallery_Job_Property_GalleryFile\":4:{s:5:\"\0*\0id\";s:1:\"5\";s:12:\"\0*\0completed\";b:1;s:8:\"\0*\0error\";b:0;s:9:\"\0*\0status\";N;}i:5;O:35:\"RokGallery_Job_Property_GalleryFile\":4:{s:5:\"\0*\0id\";s:1:\"6\";s:12:\"\0*\0completed\";b:1;s:8:\"\0*\0error\";b:0;s:9:\"\0*\0status\";N;}i:6;O:35:\"RokGallery_Job_Property_GalleryFile\":4:{s:5:\"\0*\0id\";s:1:\"7\";s:12:\"\0*\0completed\";b:1;s:8:\"\0*\0error\";b:0;s:9:\"\0*\0status\";N;}i:7;O:35:\"RokGallery_Job_Property_GalleryFile\":4:{s:5:\"\0*\0id\";s:1:\"8\";s:12:\"\0*\0completed\";b:1;s:8:\"\0*\0error\";b:0;s:9:\"\0*\0status\";N;}i:8;O:35:\"RokGallery_Job_Property_GalleryFile\":4:{s:5:\"\0*\0id\";s:1:\"9\";s:12:\"\0*\0completed\";b:1;s:8:\"\0*\0error\";b:0;s:9:\"\0*\0status\";N;}i:9;O:35:\"RokGallery_Job_Property_GalleryFile\":4:{s:5:\"\0*\0id\";s:2:\"10\";s:12:\"\0*\0completed\";b:1;s:8:\"\0*\0error\";b:0;s:9:\"\0*\0status\";N;}i:10;O:35:\"RokGallery_Job_Property_GalleryFile\":4:{s:5:\"\0*\0id\";s:2:\"11\";s:12:\"\0*\0completed\";b:1;s:8:\"\0*\0error\";b:0;s:9:\"\0*\0status\";N;}i:11;O:35:\"RokGallery_Job_Property_GalleryFile\":4:{s:5:\"\0*\0id\";s:2:\"12\";s:12:\"\0*\0completed\";b:1;s:8:\"\0*\0error\";b:0;s:9:\"\0*\0status\";N;}i:12;O:35:\"RokGallery_Job_Property_GalleryFile\":4:{s:5:\"\0*\0id\";s:2:\"13\";s:12:\"\0*\0completed\";b:1;s:8:\"\0*\0error\";b:0;s:9:\"\0*\0status\";N;}i:13;O:35:\"RokGallery_Job_Property_GalleryFile\":4:{s:5:\"\0*\0id\";s:2:\"14\";s:12:\"\0*\0completed\";b:1;s:8:\"\0*\0error\";b:0;s:9:\"\0*\0status\";N;}i:14;O:35:\"RokGallery_Job_Property_GalleryFile\":4:{s:5:\"\0*\0id\";s:2:\"15\";s:12:\"\0*\0completed\";b:1;s:8:\"\0*\0error\";b:0;s:9:\"\0*\0status\";N;}i:15;O:35:\"RokGallery_Job_Property_GalleryFile\":4:{s:5:\"\0*\0id\";s:2:\"16\";s:12:\"\0*\0completed\";b:1;s:8:\"\0*\0error\";b:0;s:9:\"\0*\0status\";N;}i:16;O:35:\"RokGallery_Job_Property_GalleryFile\":4:{s:5:\"\0*\0id\";s:2:\"17\";s:12:\"\0*\0completed\";b:1;s:8:\"\0*\0error\";b:0;s:9:\"\0*\0status\";N;}i:17;O:35:\"RokGallery_Job_Property_GalleryFile\":4:{s:5:\"\0*\0id\";s:2:\"18\";s:12:\"\0*\0completed\";b:1;s:8:\"\0*\0error\";b:0;s:9:\"\0*\0status\";N;}i:18;O:35:\"RokGallery_Job_Property_GalleryFile\":4:{s:5:\"\0*\0id\";s:2:\"19\";s:12:\"\0*\0completed\";b:1;s:8:\"\0*\0error\";b:0;s:9:\"\0*\0status\";N;}i:19;O:35:\"RokGallery_Job_Property_GalleryFile\":4:{s:5:\"\0*\0id\";s:2:\"20\";s:12:\"\0*\0completed\";b:1;s:8:\"\0*\0error\";b:0;s:9:\"\0*\0status\";N;}}}', 'Completed', 'Gallery Update Complete', '100', 'O:27:\"RokGallery_Job_StateMachine\":5:{s:9:\"\0*\0_state\";O:33:\"RokGallery_Job_StateMap_Completed\":2:{s:8:\"\0*\0_name\";s:33:\"RokGallery_Job_StateMap.Completed\";s:6:\"\0*\0_id\";i:8;}s:18:\"\0*\0_previous_state\";O:31:\"RokGallery_Job_StateMap_Running\":2:{s:8:\"\0*\0_name\";s:31:\"RokGallery_Job_StateMap.Running\";s:6:\"\0*\0_id\";i:2;}s:15:\"\0*\0_state_stack\";a:0:{}s:14:\"\0*\0_transition\";N;s:14:\"\0*\0_debug_flag\";b:0;}', '2014-05-05 23:18:04', '2014-05-05 23:18:21');
INSERT INTO `jos_rokgallery_jobs` VALUES ('62278b8b-3ec5-44ad-ea56-771f3b907aac', 'Update Gallery', 'a:2:{s:9:\"galleryId\";s:1:\"1\";s:5:\"files\";a:20:{i:0;O:35:\"RokGallery_Job_Property_GalleryFile\":4:{s:5:\"\0*\0id\";s:1:\"1\";s:12:\"\0*\0completed\";b:1;s:8:\"\0*\0error\";b:0;s:9:\"\0*\0status\";N;}i:1;O:35:\"RokGallery_Job_Property_GalleryFile\":4:{s:5:\"\0*\0id\";s:1:\"2\";s:12:\"\0*\0completed\";b:1;s:8:\"\0*\0error\";b:0;s:9:\"\0*\0status\";N;}i:2;O:35:\"RokGallery_Job_Property_GalleryFile\":4:{s:5:\"\0*\0id\";s:1:\"3\";s:12:\"\0*\0completed\";b:1;s:8:\"\0*\0error\";b:0;s:9:\"\0*\0status\";N;}i:3;O:35:\"RokGallery_Job_Property_GalleryFile\":4:{s:5:\"\0*\0id\";s:1:\"4\";s:12:\"\0*\0completed\";b:1;s:8:\"\0*\0error\";b:0;s:9:\"\0*\0status\";N;}i:4;O:35:\"RokGallery_Job_Property_GalleryFile\":4:{s:5:\"\0*\0id\";s:1:\"5\";s:12:\"\0*\0completed\";b:1;s:8:\"\0*\0error\";b:0;s:9:\"\0*\0status\";N;}i:5;O:35:\"RokGallery_Job_Property_GalleryFile\":4:{s:5:\"\0*\0id\";s:1:\"6\";s:12:\"\0*\0completed\";b:1;s:8:\"\0*\0error\";b:0;s:9:\"\0*\0status\";N;}i:6;O:35:\"RokGallery_Job_Property_GalleryFile\":4:{s:5:\"\0*\0id\";s:1:\"7\";s:12:\"\0*\0completed\";b:1;s:8:\"\0*\0error\";b:0;s:9:\"\0*\0status\";N;}i:7;O:35:\"RokGallery_Job_Property_GalleryFile\":4:{s:5:\"\0*\0id\";s:1:\"8\";s:12:\"\0*\0completed\";b:1;s:8:\"\0*\0error\";b:0;s:9:\"\0*\0status\";N;}i:8;O:35:\"RokGallery_Job_Property_GalleryFile\":4:{s:5:\"\0*\0id\";s:1:\"9\";s:12:\"\0*\0completed\";b:1;s:8:\"\0*\0error\";b:0;s:9:\"\0*\0status\";N;}i:9;O:35:\"RokGallery_Job_Property_GalleryFile\":4:{s:5:\"\0*\0id\";s:2:\"10\";s:12:\"\0*\0completed\";b:1;s:8:\"\0*\0error\";b:0;s:9:\"\0*\0status\";N;}i:10;O:35:\"RokGallery_Job_Property_GalleryFile\":4:{s:5:\"\0*\0id\";s:2:\"11\";s:12:\"\0*\0completed\";b:1;s:8:\"\0*\0error\";b:0;s:9:\"\0*\0status\";N;}i:11;O:35:\"RokGallery_Job_Property_GalleryFile\":4:{s:5:\"\0*\0id\";s:2:\"12\";s:12:\"\0*\0completed\";b:1;s:8:\"\0*\0error\";b:0;s:9:\"\0*\0status\";N;}i:12;O:35:\"RokGallery_Job_Property_GalleryFile\":4:{s:5:\"\0*\0id\";s:2:\"13\";s:12:\"\0*\0completed\";b:1;s:8:\"\0*\0error\";b:0;s:9:\"\0*\0status\";N;}i:13;O:35:\"RokGallery_Job_Property_GalleryFile\":4:{s:5:\"\0*\0id\";s:2:\"14\";s:12:\"\0*\0completed\";b:1;s:8:\"\0*\0error\";b:0;s:9:\"\0*\0status\";N;}i:14;O:35:\"RokGallery_Job_Property_GalleryFile\":4:{s:5:\"\0*\0id\";s:2:\"15\";s:12:\"\0*\0completed\";b:1;s:8:\"\0*\0error\";b:0;s:9:\"\0*\0status\";N;}i:15;O:35:\"RokGallery_Job_Property_GalleryFile\":4:{s:5:\"\0*\0id\";s:2:\"16\";s:12:\"\0*\0completed\";b:1;s:8:\"\0*\0error\";b:0;s:9:\"\0*\0status\";N;}i:16;O:35:\"RokGallery_Job_Property_GalleryFile\":4:{s:5:\"\0*\0id\";s:2:\"17\";s:12:\"\0*\0completed\";b:1;s:8:\"\0*\0error\";b:0;s:9:\"\0*\0status\";N;}i:17;O:35:\"RokGallery_Job_Property_GalleryFile\":4:{s:5:\"\0*\0id\";s:2:\"18\";s:12:\"\0*\0completed\";b:1;s:8:\"\0*\0error\";b:0;s:9:\"\0*\0status\";N;}i:18;O:35:\"RokGallery_Job_Property_GalleryFile\":4:{s:5:\"\0*\0id\";s:2:\"19\";s:12:\"\0*\0completed\";b:1;s:8:\"\0*\0error\";b:0;s:9:\"\0*\0status\";N;}i:19;O:35:\"RokGallery_Job_Property_GalleryFile\":4:{s:5:\"\0*\0id\";s:2:\"20\";s:12:\"\0*\0completed\";b:1;s:8:\"\0*\0error\";b:0;s:9:\"\0*\0status\";N;}}}', 'Completed', 'Gallery Update Complete', '100', 'O:27:\"RokGallery_Job_StateMachine\":5:{s:9:\"\0*\0_state\";O:33:\"RokGallery_Job_StateMap_Completed\":2:{s:8:\"\0*\0_name\";s:33:\"RokGallery_Job_StateMap.Completed\";s:6:\"\0*\0_id\";i:8;}s:18:\"\0*\0_previous_state\";O:31:\"RokGallery_Job_StateMap_Running\":2:{s:8:\"\0*\0_name\";s:31:\"RokGallery_Job_StateMap.Running\";s:6:\"\0*\0_id\";i:2;}s:15:\"\0*\0_state_stack\";a:0:{}s:14:\"\0*\0_transition\";N;s:14:\"\0*\0_debug_flag\";b:0;}', '2014-05-06 01:56:01', '2014-05-06 01:56:17');
INSERT INTO `jos_rokgallery_jobs` VALUES ('7f24b95d-08b8-4b21-aa64-dc3e718044b5', 'Import', 'a:1:{i:0;O:34:\"RokGallery_Job_Property_ImportFile\":6:{s:7:\"\0*\0path\";s:115:\"c:\\inetpub\\wwwroot\\www.krounos-spa.gr\\tmp\\7f24b95d-08b8-4b21-aa64-dc3e718044b5\\f29dd391-3078-41eb-ba79-3a73611d143e\";s:5:\"\0*\0id\";s:36:\"f29dd391-3078-41eb-ba79-3a73611d143e\";s:11:\"\0*\0filename\";s:11:\"welcome.png\";s:12:\"\0*\0completed\";b:1;s:8:\"\0*\0error\";b:0;s:9:\"\0*\0status\";N;}}', 'Completed', 'Importing Complete', '100', 'O:27:\"RokGallery_Job_StateMachine\":5:{s:9:\"\0*\0_state\";O:33:\"RokGallery_Job_StateMap_Completed\":2:{s:8:\"\0*\0_name\";s:33:\"RokGallery_Job_StateMap.Completed\";s:6:\"\0*\0_id\";i:8;}s:18:\"\0*\0_previous_state\";O:31:\"RokGallery_Job_StateMap_Running\":2:{s:8:\"\0*\0_name\";s:31:\"RokGallery_Job_StateMap.Running\";s:6:\"\0*\0_id\";i:2;}s:15:\"\0*\0_state_stack\";a:0:{}s:14:\"\0*\0_transition\";N;s:14:\"\0*\0_debug_flag\";b:0;}', '2014-05-05 12:48:19', '2014-05-05 12:48:27');
INSERT INTO `jos_rokgallery_jobs` VALUES ('93e449de-dac8-4433-9904-b1b973a01e13', 'Update Gallery', 'a:2:{s:9:\"galleryId\";s:1:\"1\";s:5:\"files\";a:20:{i:0;O:35:\"RokGallery_Job_Property_GalleryFile\":4:{s:5:\"\0*\0id\";s:1:\"1\";s:12:\"\0*\0completed\";b:1;s:8:\"\0*\0error\";b:0;s:9:\"\0*\0status\";N;}i:1;O:35:\"RokGallery_Job_Property_GalleryFile\":4:{s:5:\"\0*\0id\";s:1:\"2\";s:12:\"\0*\0completed\";b:1;s:8:\"\0*\0error\";b:0;s:9:\"\0*\0status\";N;}i:2;O:35:\"RokGallery_Job_Property_GalleryFile\":4:{s:5:\"\0*\0id\";s:1:\"3\";s:12:\"\0*\0completed\";b:1;s:8:\"\0*\0error\";b:0;s:9:\"\0*\0status\";N;}i:3;O:35:\"RokGallery_Job_Property_GalleryFile\":4:{s:5:\"\0*\0id\";s:1:\"4\";s:12:\"\0*\0completed\";b:1;s:8:\"\0*\0error\";b:0;s:9:\"\0*\0status\";N;}i:4;O:35:\"RokGallery_Job_Property_GalleryFile\":4:{s:5:\"\0*\0id\";s:1:\"5\";s:12:\"\0*\0completed\";b:1;s:8:\"\0*\0error\";b:0;s:9:\"\0*\0status\";N;}i:5;O:35:\"RokGallery_Job_Property_GalleryFile\":4:{s:5:\"\0*\0id\";s:1:\"6\";s:12:\"\0*\0completed\";b:1;s:8:\"\0*\0error\";b:0;s:9:\"\0*\0status\";N;}i:6;O:35:\"RokGallery_Job_Property_GalleryFile\":4:{s:5:\"\0*\0id\";s:1:\"7\";s:12:\"\0*\0completed\";b:1;s:8:\"\0*\0error\";b:0;s:9:\"\0*\0status\";N;}i:7;O:35:\"RokGallery_Job_Property_GalleryFile\":4:{s:5:\"\0*\0id\";s:1:\"8\";s:12:\"\0*\0completed\";b:1;s:8:\"\0*\0error\";b:0;s:9:\"\0*\0status\";N;}i:8;O:35:\"RokGallery_Job_Property_GalleryFile\":4:{s:5:\"\0*\0id\";s:1:\"9\";s:12:\"\0*\0completed\";b:1;s:8:\"\0*\0error\";b:0;s:9:\"\0*\0status\";N;}i:9;O:35:\"RokGallery_Job_Property_GalleryFile\":4:{s:5:\"\0*\0id\";s:2:\"10\";s:12:\"\0*\0completed\";b:1;s:8:\"\0*\0error\";b:0;s:9:\"\0*\0status\";N;}i:10;O:35:\"RokGallery_Job_Property_GalleryFile\":4:{s:5:\"\0*\0id\";s:2:\"11\";s:12:\"\0*\0completed\";b:1;s:8:\"\0*\0error\";b:0;s:9:\"\0*\0status\";N;}i:11;O:35:\"RokGallery_Job_Property_GalleryFile\":4:{s:5:\"\0*\0id\";s:2:\"12\";s:12:\"\0*\0completed\";b:1;s:8:\"\0*\0error\";b:0;s:9:\"\0*\0status\";N;}i:12;O:35:\"RokGallery_Job_Property_GalleryFile\":4:{s:5:\"\0*\0id\";s:2:\"13\";s:12:\"\0*\0completed\";b:1;s:8:\"\0*\0error\";b:0;s:9:\"\0*\0status\";N;}i:13;O:35:\"RokGallery_Job_Property_GalleryFile\":4:{s:5:\"\0*\0id\";s:2:\"14\";s:12:\"\0*\0completed\";b:1;s:8:\"\0*\0error\";b:0;s:9:\"\0*\0status\";N;}i:14;O:35:\"RokGallery_Job_Property_GalleryFile\":4:{s:5:\"\0*\0id\";s:2:\"15\";s:12:\"\0*\0completed\";b:1;s:8:\"\0*\0error\";b:0;s:9:\"\0*\0status\";N;}i:15;O:35:\"RokGallery_Job_Property_GalleryFile\":4:{s:5:\"\0*\0id\";s:2:\"16\";s:12:\"\0*\0completed\";b:1;s:8:\"\0*\0error\";b:0;s:9:\"\0*\0status\";N;}i:16;O:35:\"RokGallery_Job_Property_GalleryFile\":4:{s:5:\"\0*\0id\";s:2:\"17\";s:12:\"\0*\0completed\";b:1;s:8:\"\0*\0error\";b:0;s:9:\"\0*\0status\";N;}i:17;O:35:\"RokGallery_Job_Property_GalleryFile\":4:{s:5:\"\0*\0id\";s:2:\"18\";s:12:\"\0*\0completed\";b:1;s:8:\"\0*\0error\";b:0;s:9:\"\0*\0status\";N;}i:18;O:35:\"RokGallery_Job_Property_GalleryFile\":4:{s:5:\"\0*\0id\";s:2:\"19\";s:12:\"\0*\0completed\";b:1;s:8:\"\0*\0error\";b:0;s:9:\"\0*\0status\";N;}i:19;O:35:\"RokGallery_Job_Property_GalleryFile\":4:{s:5:\"\0*\0id\";s:2:\"20\";s:12:\"\0*\0completed\";b:1;s:8:\"\0*\0error\";b:0;s:9:\"\0*\0status\";N;}}}', 'Completed', 'Gallery Update Complete', '100', 'O:27:\"RokGallery_Job_StateMachine\":5:{s:9:\"\0*\0_state\";O:33:\"RokGallery_Job_StateMap_Completed\":2:{s:8:\"\0*\0_name\";s:33:\"RokGallery_Job_StateMap.Completed\";s:6:\"\0*\0_id\";i:8;}s:18:\"\0*\0_previous_state\";O:31:\"RokGallery_Job_StateMap_Running\":2:{s:8:\"\0*\0_name\";s:31:\"RokGallery_Job_StateMap.Running\";s:6:\"\0*\0_id\";i:2;}s:15:\"\0*\0_state_stack\";a:0:{}s:14:\"\0*\0_transition\";N;s:14:\"\0*\0_debug_flag\";b:0;}', '2014-05-05 23:21:16', '2014-05-05 23:21:32');
INSERT INTO `jos_rokgallery_jobs` VALUES ('c2072bc2-092f-4294-9655-42ad6958fc70', 'Tag Addition', 'a:8:{i:0;O:32:\"RokGallery_Job_Property_FileTags\":5:{s:9:\"\0*\0fileId\";i:1;s:7:\"\0*\0tags\";a:1:{i:0;s:6:\"arxiki\";}s:12:\"\0*\0completed\";b:1;s:8:\"\0*\0error\";b:0;s:9:\"\0*\0status\";N;}i:1;O:32:\"RokGallery_Job_Property_FileTags\":5:{s:9:\"\0*\0fileId\";i:4;s:7:\"\0*\0tags\";a:1:{i:0;s:6:\"arxiki\";}s:12:\"\0*\0completed\";b:1;s:8:\"\0*\0error\";b:0;s:9:\"\0*\0status\";N;}i:2;O:32:\"RokGallery_Job_Property_FileTags\":5:{s:9:\"\0*\0fileId\";i:15;s:7:\"\0*\0tags\";a:1:{i:0;s:6:\"arxiki\";}s:12:\"\0*\0completed\";b:1;s:8:\"\0*\0error\";b:0;s:9:\"\0*\0status\";N;}i:3;O:32:\"RokGallery_Job_Property_FileTags\":5:{s:9:\"\0*\0fileId\";i:3;s:7:\"\0*\0tags\";a:1:{i:0;s:6:\"arxiki\";}s:12:\"\0*\0completed\";b:1;s:8:\"\0*\0error\";b:0;s:9:\"\0*\0status\";N;}i:4;O:32:\"RokGallery_Job_Property_FileTags\":5:{s:9:\"\0*\0fileId\";i:14;s:7:\"\0*\0tags\";a:1:{i:0;s:6:\"arxiki\";}s:12:\"\0*\0completed\";b:1;s:8:\"\0*\0error\";b:0;s:9:\"\0*\0status\";N;}i:5;O:32:\"RokGallery_Job_Property_FileTags\":5:{s:9:\"\0*\0fileId\";i:2;s:7:\"\0*\0tags\";a:1:{i:0;s:6:\"arxiki\";}s:12:\"\0*\0completed\";b:1;s:8:\"\0*\0error\";b:0;s:9:\"\0*\0status\";N;}i:6;O:32:\"RokGallery_Job_Property_FileTags\":5:{s:9:\"\0*\0fileId\";i:6;s:7:\"\0*\0tags\";a:1:{i:0;s:6:\"arxiki\";}s:12:\"\0*\0completed\";b:1;s:8:\"\0*\0error\";b:0;s:9:\"\0*\0status\";N;}i:7;O:32:\"RokGallery_Job_Property_FileTags\":5:{s:9:\"\0*\0fileId\";i:5;s:7:\"\0*\0tags\";a:1:{i:0;s:6:\"arxiki\";}s:12:\"\0*\0completed\";b:1;s:8:\"\0*\0error\";b:0;s:9:\"\0*\0status\";N;}}', 'Completed', 'Tag Addition Complete', '100', 'O:27:\"RokGallery_Job_StateMachine\":5:{s:9:\"\0*\0_state\";O:33:\"RokGallery_Job_StateMap_Completed\":2:{s:8:\"\0*\0_name\";s:33:\"RokGallery_Job_StateMap.Completed\";s:6:\"\0*\0_id\";i:8;}s:18:\"\0*\0_previous_state\";O:31:\"RokGallery_Job_StateMap_Running\":2:{s:8:\"\0*\0_name\";s:31:\"RokGallery_Job_StateMap.Running\";s:6:\"\0*\0_id\";i:2;}s:15:\"\0*\0_state_stack\";a:0:{}s:14:\"\0*\0_transition\";N;s:14:\"\0*\0_debug_flag\";b:0;}', '2014-03-18 01:52:58', '2014-03-18 01:53:01');
INSERT INTO `jos_rokgallery_jobs` VALUES ('cd19ad1b-f379-4bef-f2b8-51042142ebab', 'Update Gallery', 'a:2:{s:9:\"galleryId\";s:1:\"1\";s:5:\"files\";a:20:{i:0;O:35:\"RokGallery_Job_Property_GalleryFile\":4:{s:5:\"\0*\0id\";s:1:\"1\";s:12:\"\0*\0completed\";b:1;s:8:\"\0*\0error\";b:0;s:9:\"\0*\0status\";N;}i:1;O:35:\"RokGallery_Job_Property_GalleryFile\":4:{s:5:\"\0*\0id\";s:1:\"2\";s:12:\"\0*\0completed\";b:1;s:8:\"\0*\0error\";b:0;s:9:\"\0*\0status\";N;}i:2;O:35:\"RokGallery_Job_Property_GalleryFile\":4:{s:5:\"\0*\0id\";s:1:\"3\";s:12:\"\0*\0completed\";b:1;s:8:\"\0*\0error\";b:0;s:9:\"\0*\0status\";N;}i:3;O:35:\"RokGallery_Job_Property_GalleryFile\":4:{s:5:\"\0*\0id\";s:1:\"4\";s:12:\"\0*\0completed\";b:1;s:8:\"\0*\0error\";b:0;s:9:\"\0*\0status\";N;}i:4;O:35:\"RokGallery_Job_Property_GalleryFile\":4:{s:5:\"\0*\0id\";s:1:\"5\";s:12:\"\0*\0completed\";b:1;s:8:\"\0*\0error\";b:0;s:9:\"\0*\0status\";N;}i:5;O:35:\"RokGallery_Job_Property_GalleryFile\":4:{s:5:\"\0*\0id\";s:1:\"6\";s:12:\"\0*\0completed\";b:1;s:8:\"\0*\0error\";b:0;s:9:\"\0*\0status\";N;}i:6;O:35:\"RokGallery_Job_Property_GalleryFile\":4:{s:5:\"\0*\0id\";s:1:\"7\";s:12:\"\0*\0completed\";b:1;s:8:\"\0*\0error\";b:0;s:9:\"\0*\0status\";N;}i:7;O:35:\"RokGallery_Job_Property_GalleryFile\":4:{s:5:\"\0*\0id\";s:1:\"8\";s:12:\"\0*\0completed\";b:1;s:8:\"\0*\0error\";b:0;s:9:\"\0*\0status\";N;}i:8;O:35:\"RokGallery_Job_Property_GalleryFile\":4:{s:5:\"\0*\0id\";s:1:\"9\";s:12:\"\0*\0completed\";b:1;s:8:\"\0*\0error\";b:0;s:9:\"\0*\0status\";N;}i:9;O:35:\"RokGallery_Job_Property_GalleryFile\":4:{s:5:\"\0*\0id\";s:2:\"10\";s:12:\"\0*\0completed\";b:1;s:8:\"\0*\0error\";b:0;s:9:\"\0*\0status\";N;}i:10;O:35:\"RokGallery_Job_Property_GalleryFile\":4:{s:5:\"\0*\0id\";s:2:\"11\";s:12:\"\0*\0completed\";b:1;s:8:\"\0*\0error\";b:0;s:9:\"\0*\0status\";N;}i:11;O:35:\"RokGallery_Job_Property_GalleryFile\":4:{s:5:\"\0*\0id\";s:2:\"12\";s:12:\"\0*\0completed\";b:1;s:8:\"\0*\0error\";b:0;s:9:\"\0*\0status\";N;}i:12;O:35:\"RokGallery_Job_Property_GalleryFile\":4:{s:5:\"\0*\0id\";s:2:\"13\";s:12:\"\0*\0completed\";b:1;s:8:\"\0*\0error\";b:0;s:9:\"\0*\0status\";N;}i:13;O:35:\"RokGallery_Job_Property_GalleryFile\":4:{s:5:\"\0*\0id\";s:2:\"14\";s:12:\"\0*\0completed\";b:1;s:8:\"\0*\0error\";b:0;s:9:\"\0*\0status\";N;}i:14;O:35:\"RokGallery_Job_Property_GalleryFile\":4:{s:5:\"\0*\0id\";s:2:\"15\";s:12:\"\0*\0completed\";b:1;s:8:\"\0*\0error\";b:0;s:9:\"\0*\0status\";N;}i:15;O:35:\"RokGallery_Job_Property_GalleryFile\":4:{s:5:\"\0*\0id\";s:2:\"16\";s:12:\"\0*\0completed\";b:1;s:8:\"\0*\0error\";b:0;s:9:\"\0*\0status\";N;}i:16;O:35:\"RokGallery_Job_Property_GalleryFile\":4:{s:5:\"\0*\0id\";s:2:\"17\";s:12:\"\0*\0completed\";b:1;s:8:\"\0*\0error\";b:0;s:9:\"\0*\0status\";N;}i:17;O:35:\"RokGallery_Job_Property_GalleryFile\":4:{s:5:\"\0*\0id\";s:2:\"18\";s:12:\"\0*\0completed\";b:1;s:8:\"\0*\0error\";b:0;s:9:\"\0*\0status\";N;}i:18;O:35:\"RokGallery_Job_Property_GalleryFile\":4:{s:5:\"\0*\0id\";s:2:\"19\";s:12:\"\0*\0completed\";b:1;s:8:\"\0*\0error\";b:0;s:9:\"\0*\0status\";N;}i:19;O:35:\"RokGallery_Job_Property_GalleryFile\":4:{s:5:\"\0*\0id\";s:2:\"20\";s:12:\"\0*\0completed\";b:1;s:8:\"\0*\0error\";b:0;s:9:\"\0*\0status\";N;}}}', 'Completed', 'Gallery Update Complete', '100', 'O:27:\"RokGallery_Job_StateMachine\":5:{s:9:\"\0*\0_state\";O:33:\"RokGallery_Job_StateMap_Completed\":2:{s:8:\"\0*\0_name\";s:33:\"RokGallery_Job_StateMap.Completed\";s:6:\"\0*\0_id\";i:8;}s:18:\"\0*\0_previous_state\";O:31:\"RokGallery_Job_StateMap_Running\":2:{s:8:\"\0*\0_name\";s:31:\"RokGallery_Job_StateMap.Running\";s:6:\"\0*\0_id\";i:2;}s:15:\"\0*\0_state_stack\";a:0:{}s:14:\"\0*\0_transition\";N;s:14:\"\0*\0_debug_flag\";b:0;}', '2014-05-05 23:16:35', '2014-05-05 23:16:52');
INSERT INTO `jos_rokgallery_jobs` VALUES ('f662e293-ce4b-4367-e6d8-d2cc29bc2a7b', 'Import', 'a:20:{i:0;O:34:\"RokGallery_Job_Property_ImportFile\":6:{s:7:\"\0*\0path\";s:110:\"/var/www/html/www.krounos-spa.gr/tmp/f662e293-ce4b-4367-e6d8-d2cc29bc2a7b/95442379-7cd4-46bd-a35c-e5a0cc69888c\";s:5:\"\0*\0id\";s:36:\"95442379-7cd4-46bd-a35c-e5a0cc69888c\";s:11:\"\0*\0filename\";s:16:\"02. DSCN3456.jpg\";s:12:\"\0*\0completed\";b:1;s:8:\"\0*\0error\";b:0;s:9:\"\0*\0status\";N;}i:1;O:34:\"RokGallery_Job_Property_ImportFile\":6:{s:7:\"\0*\0path\";s:110:\"/var/www/html/www.krounos-spa.gr/tmp/f662e293-ce4b-4367-e6d8-d2cc29bc2a7b/cdf943e2-599b-4759-9d3a-b098159ad550\";s:5:\"\0*\0id\";s:36:\"cdf943e2-599b-4759-9d3a-b098159ad550\";s:11:\"\0*\0filename\";s:16:\"03. DSCN3457.jpg\";s:12:\"\0*\0completed\";b:1;s:8:\"\0*\0error\";b:0;s:9:\"\0*\0status\";N;}i:2;O:34:\"RokGallery_Job_Property_ImportFile\":6:{s:7:\"\0*\0path\";s:110:\"/var/www/html/www.krounos-spa.gr/tmp/f662e293-ce4b-4367-e6d8-d2cc29bc2a7b/d0f0d853-1bde-4ed7-898b-79a8eed5a37b\";s:5:\"\0*\0id\";s:36:\"d0f0d853-1bde-4ed7-898b-79a8eed5a37b\";s:11:\"\0*\0filename\";s:16:\"04. DSCN3460.jpg\";s:12:\"\0*\0completed\";b:1;s:8:\"\0*\0error\";b:0;s:9:\"\0*\0status\";N;}i:3;O:34:\"RokGallery_Job_Property_ImportFile\":6:{s:7:\"\0*\0path\";s:110:\"/var/www/html/www.krounos-spa.gr/tmp/f662e293-ce4b-4367-e6d8-d2cc29bc2a7b/9b214cfb-e098-4fcf-b32b-e8309605ff71\";s:5:\"\0*\0id\";s:36:\"9b214cfb-e098-4fcf-b32b-e8309605ff71\";s:11:\"\0*\0filename\";s:16:\"06. DSCN3462.jpg\";s:12:\"\0*\0completed\";b:1;s:8:\"\0*\0error\";b:0;s:9:\"\0*\0status\";N;}i:4;O:34:\"RokGallery_Job_Property_ImportFile\":6:{s:7:\"\0*\0path\";s:110:\"/var/www/html/www.krounos-spa.gr/tmp/f662e293-ce4b-4367-e6d8-d2cc29bc2a7b/e0cb0246-1052-41dd-abfa-afc05369512c\";s:5:\"\0*\0id\";s:36:\"e0cb0246-1052-41dd-abfa-afc05369512c\";s:11:\"\0*\0filename\";s:16:\"08. DSCN3784.jpg\";s:12:\"\0*\0completed\";b:1;s:8:\"\0*\0error\";b:0;s:9:\"\0*\0status\";N;}i:5;O:34:\"RokGallery_Job_Property_ImportFile\":6:{s:7:\"\0*\0path\";s:110:\"/var/www/html/www.krounos-spa.gr/tmp/f662e293-ce4b-4367-e6d8-d2cc29bc2a7b/8daa0c89-e73f-47f5-a3a8-aea6ca26fcab\";s:5:\"\0*\0id\";s:36:\"8daa0c89-e73f-47f5-a3a8-aea6ca26fcab\";s:11:\"\0*\0filename\";s:16:\"10. DSCN3832.jpg\";s:12:\"\0*\0completed\";b:1;s:8:\"\0*\0error\";b:0;s:9:\"\0*\0status\";N;}i:6;O:34:\"RokGallery_Job_Property_ImportFile\":6:{s:7:\"\0*\0path\";s:110:\"/var/www/html/www.krounos-spa.gr/tmp/f662e293-ce4b-4367-e6d8-d2cc29bc2a7b/6b3a3676-9e50-445d-ae37-7eb040083fc6\";s:5:\"\0*\0id\";s:36:\"6b3a3676-9e50-445d-ae37-7eb040083fc6\";s:11:\"\0*\0filename\";s:16:\"12. DSCN3834.jpg\";s:12:\"\0*\0completed\";b:1;s:8:\"\0*\0error\";b:0;s:9:\"\0*\0status\";N;}i:7;O:34:\"RokGallery_Job_Property_ImportFile\":6:{s:7:\"\0*\0path\";s:110:\"/var/www/html/www.krounos-spa.gr/tmp/f662e293-ce4b-4367-e6d8-d2cc29bc2a7b/f1fe6c4a-1580-4f58-b813-3e2b4d7c9f91\";s:5:\"\0*\0id\";s:36:\"f1fe6c4a-1580-4f58-b813-3e2b4d7c9f91\";s:11:\"\0*\0filename\";s:11:\"biocl11.jpg\";s:12:\"\0*\0completed\";b:1;s:8:\"\0*\0error\";b:0;s:9:\"\0*\0status\";N;}i:8;O:34:\"RokGallery_Job_Property_ImportFile\":6:{s:7:\"\0*\0path\";s:110:\"/var/www/html/www.krounos-spa.gr/tmp/f662e293-ce4b-4367-e6d8-d2cc29bc2a7b/f697d910-c103-493d-e9fa-951ed8ba7765\";s:5:\"\0*\0id\";s:36:\"f697d910-c103-493d-e9fa-951ed8ba7765\";s:11:\"\0*\0filename\";s:11:\"biocl21.jpg\";s:12:\"\0*\0completed\";b:1;s:8:\"\0*\0error\";b:0;s:9:\"\0*\0status\";N;}i:9;O:34:\"RokGallery_Job_Property_ImportFile\":6:{s:7:\"\0*\0path\";s:110:\"/var/www/html/www.krounos-spa.gr/tmp/f662e293-ce4b-4367-e6d8-d2cc29bc2a7b/0bd3dfb8-9274-4ab3-9df9-f5dfe5709c36\";s:5:\"\0*\0id\";s:36:\"0bd3dfb8-9274-4ab3-9df9-f5dfe5709c36\";s:11:\"\0*\0filename\";s:11:\"biocl41.jpg\";s:12:\"\0*\0completed\";b:1;s:8:\"\0*\0error\";b:0;s:9:\"\0*\0status\";N;}i:10;O:34:\"RokGallery_Job_Property_ImportFile\":6:{s:7:\"\0*\0path\";s:110:\"/var/www/html/www.krounos-spa.gr/tmp/f662e293-ce4b-4367-e6d8-d2cc29bc2a7b/9a5aea01-f04e-4d1d-d88b-be56ecab7902\";s:5:\"\0*\0id\";s:36:\"9a5aea01-f04e-4d1d-d88b-be56ecab7902\";s:11:\"\0*\0filename\";s:11:\"biocl61.jpg\";s:12:\"\0*\0completed\";b:1;s:8:\"\0*\0error\";b:0;s:9:\"\0*\0status\";N;}i:11;O:34:\"RokGallery_Job_Property_ImportFile\":6:{s:7:\"\0*\0path\";s:110:\"/var/www/html/www.krounos-spa.gr/tmp/f662e293-ce4b-4367-e6d8-d2cc29bc2a7b/1be6b2e8-adbf-4ad7-93e8-37188c41c4d6\";s:5:\"\0*\0id\";s:36:\"1be6b2e8-adbf-4ad7-93e8-37188c41c4d6\";s:11:\"\0*\0filename\";s:11:\"biocl91.jpg\";s:12:\"\0*\0completed\";b:1;s:8:\"\0*\0error\";b:0;s:9:\"\0*\0status\";N;}i:12;O:34:\"RokGallery_Job_Property_ImportFile\":6:{s:7:\"\0*\0path\";s:110:\"/var/www/html/www.krounos-spa.gr/tmp/f662e293-ce4b-4367-e6d8-d2cc29bc2a7b/7ef42e27-5144-43ab-c01a-54d96b6008fe\";s:5:\"\0*\0id\";s:36:\"7ef42e27-5144-43ab-c01a-54d96b6008fe\";s:11:\"\0*\0filename\";s:12:\"biocl111.jpg\";s:12:\"\0*\0completed\";b:1;s:8:\"\0*\0error\";b:0;s:9:\"\0*\0status\";N;}i:13;O:34:\"RokGallery_Job_Property_ImportFile\":6:{s:7:\"\0*\0path\";s:110:\"/var/www/html/www.krounos-spa.gr/tmp/f662e293-ce4b-4367-e6d8-d2cc29bc2a7b/d85c6906-43ca-4d5d-c1f1-7aa75cbd15ed\";s:5:\"\0*\0id\";s:36:\"d85c6906-43ca-4d5d-c1f1-7aa75cbd15ed\";s:11:\"\0*\0filename\";s:12:\"biocl131.jpg\";s:12:\"\0*\0completed\";b:1;s:8:\"\0*\0error\";b:0;s:9:\"\0*\0status\";N;}i:14;O:34:\"RokGallery_Job_Property_ImportFile\":6:{s:7:\"\0*\0path\";s:110:\"/var/www/html/www.krounos-spa.gr/tmp/f662e293-ce4b-4367-e6d8-d2cc29bc2a7b/0acd884b-95f4-45fb-804d-f4e94c4e4323\";s:5:\"\0*\0id\";s:36:\"0acd884b-95f4-45fb-804d-f4e94c4e4323\";s:11:\"\0*\0filename\";s:12:\"biocl151.jpg\";s:12:\"\0*\0completed\";b:1;s:8:\"\0*\0error\";b:0;s:9:\"\0*\0status\";N;}i:15;O:34:\"RokGallery_Job_Property_ImportFile\":6:{s:7:\"\0*\0path\";s:110:\"/var/www/html/www.krounos-spa.gr/tmp/f662e293-ce4b-4367-e6d8-d2cc29bc2a7b/70edac25-93d1-4073-d2d6-84d2b488e4b3\";s:5:\"\0*\0id\";s:36:\"70edac25-93d1-4073-d2d6-84d2b488e4b3\";s:11:\"\0*\0filename\";s:12:\"biocl171.jpg\";s:12:\"\0*\0completed\";b:1;s:8:\"\0*\0error\";b:0;s:9:\"\0*\0status\";N;}i:16;O:34:\"RokGallery_Job_Property_ImportFile\":6:{s:7:\"\0*\0path\";s:110:\"/var/www/html/www.krounos-spa.gr/tmp/f662e293-ce4b-4367-e6d8-d2cc29bc2a7b/c33a9086-7280-4649-d365-2508e4449a01\";s:5:\"\0*\0id\";s:36:\"c33a9086-7280-4649-d365-2508e4449a01\";s:11:\"\0*\0filename\";s:12:\"biocl201.jpg\";s:12:\"\0*\0completed\";b:1;s:8:\"\0*\0error\";b:0;s:9:\"\0*\0status\";N;}i:17;O:34:\"RokGallery_Job_Property_ImportFile\":6:{s:7:\"\0*\0path\";s:110:\"/var/www/html/www.krounos-spa.gr/tmp/f662e293-ce4b-4367-e6d8-d2cc29bc2a7b/e0066680-a743-4b02-fdad-4f428e9c63ad\";s:5:\"\0*\0id\";s:36:\"e0066680-a743-4b02-fdad-4f428e9c63ad\";s:11:\"\0*\0filename\";s:12:\"biocl232.jpg\";s:12:\"\0*\0completed\";b:1;s:8:\"\0*\0error\";b:0;s:9:\"\0*\0status\";N;}i:18;O:34:\"RokGallery_Job_Property_ImportFile\":6:{s:7:\"\0*\0path\";s:110:\"/var/www/html/www.krounos-spa.gr/tmp/f662e293-ce4b-4367-e6d8-d2cc29bc2a7b/3b4ed096-65eb-4902-f234-11596958d368\";s:5:\"\0*\0id\";s:36:\"3b4ed096-65eb-4902-f234-11596958d368\";s:11:\"\0*\0filename\";s:12:\"biocl233.jpg\";s:12:\"\0*\0completed\";b:1;s:8:\"\0*\0error\";b:0;s:9:\"\0*\0status\";N;}i:19;O:34:\"RokGallery_Job_Property_ImportFile\":6:{s:7:\"\0*\0path\";s:110:\"/var/www/html/www.krounos-spa.gr/tmp/f662e293-ce4b-4367-e6d8-d2cc29bc2a7b/9d8d4a3f-e9e5-4c15-f750-8242d4cea48b\";s:5:\"\0*\0id\";s:36:\"9d8d4a3f-e9e5-4c15-f750-8242d4cea48b\";s:11:\"\0*\0filename\";s:12:\"biocl242.jpg\";s:12:\"\0*\0completed\";b:1;s:8:\"\0*\0error\";b:0;s:9:\"\0*\0status\";N;}}', 'Completed', 'Importing Complete', '100', 'O:27:\"RokGallery_Job_StateMachine\":5:{s:9:\"\0*\0_state\";O:33:\"RokGallery_Job_StateMap_Completed\":2:{s:8:\"\0*\0_name\";s:33:\"RokGallery_Job_StateMap.Completed\";s:6:\"\0*\0_id\";i:8;}s:18:\"\0*\0_previous_state\";O:31:\"RokGallery_Job_StateMap_Running\":2:{s:8:\"\0*\0_name\";s:31:\"RokGallery_Job_StateMap.Running\";s:6:\"\0*\0_id\";i:2;}s:15:\"\0*\0_state_stack\";a:0:{}s:14:\"\0*\0_transition\";N;s:14:\"\0*\0_debug_flag\";b:0;}', '2014-03-18 01:35:55', '2014-03-18 01:36:00');
INSERT INTO `jos_rokgallery_jobs` VALUES ('f8badbeb-7973-4e32-c349-fa77f16e7cad', 'Update Gallery', 'a:2:{s:9:\"galleryId\";s:1:\"1\";s:5:\"files\";a:20:{i:0;O:35:\"RokGallery_Job_Property_GalleryFile\":4:{s:5:\"\0*\0id\";s:1:\"1\";s:12:\"\0*\0completed\";b:1;s:8:\"\0*\0error\";b:0;s:9:\"\0*\0status\";N;}i:1;O:35:\"RokGallery_Job_Property_GalleryFile\":4:{s:5:\"\0*\0id\";s:1:\"2\";s:12:\"\0*\0completed\";b:1;s:8:\"\0*\0error\";b:0;s:9:\"\0*\0status\";N;}i:2;O:35:\"RokGallery_Job_Property_GalleryFile\":4:{s:5:\"\0*\0id\";s:1:\"3\";s:12:\"\0*\0completed\";b:1;s:8:\"\0*\0error\";b:0;s:9:\"\0*\0status\";N;}i:3;O:35:\"RokGallery_Job_Property_GalleryFile\":4:{s:5:\"\0*\0id\";s:1:\"4\";s:12:\"\0*\0completed\";b:1;s:8:\"\0*\0error\";b:0;s:9:\"\0*\0status\";N;}i:4;O:35:\"RokGallery_Job_Property_GalleryFile\":4:{s:5:\"\0*\0id\";s:1:\"5\";s:12:\"\0*\0completed\";b:1;s:8:\"\0*\0error\";b:0;s:9:\"\0*\0status\";N;}i:5;O:35:\"RokGallery_Job_Property_GalleryFile\":4:{s:5:\"\0*\0id\";s:1:\"6\";s:12:\"\0*\0completed\";b:1;s:8:\"\0*\0error\";b:0;s:9:\"\0*\0status\";N;}i:6;O:35:\"RokGallery_Job_Property_GalleryFile\":4:{s:5:\"\0*\0id\";s:1:\"7\";s:12:\"\0*\0completed\";b:1;s:8:\"\0*\0error\";b:0;s:9:\"\0*\0status\";N;}i:7;O:35:\"RokGallery_Job_Property_GalleryFile\":4:{s:5:\"\0*\0id\";s:1:\"8\";s:12:\"\0*\0completed\";b:1;s:8:\"\0*\0error\";b:0;s:9:\"\0*\0status\";N;}i:8;O:35:\"RokGallery_Job_Property_GalleryFile\":4:{s:5:\"\0*\0id\";s:1:\"9\";s:12:\"\0*\0completed\";b:1;s:8:\"\0*\0error\";b:0;s:9:\"\0*\0status\";N;}i:9;O:35:\"RokGallery_Job_Property_GalleryFile\":4:{s:5:\"\0*\0id\";s:2:\"10\";s:12:\"\0*\0completed\";b:1;s:8:\"\0*\0error\";b:0;s:9:\"\0*\0status\";N;}i:10;O:35:\"RokGallery_Job_Property_GalleryFile\":4:{s:5:\"\0*\0id\";s:2:\"11\";s:12:\"\0*\0completed\";b:1;s:8:\"\0*\0error\";b:0;s:9:\"\0*\0status\";N;}i:11;O:35:\"RokGallery_Job_Property_GalleryFile\":4:{s:5:\"\0*\0id\";s:2:\"12\";s:12:\"\0*\0completed\";b:1;s:8:\"\0*\0error\";b:0;s:9:\"\0*\0status\";N;}i:12;O:35:\"RokGallery_Job_Property_GalleryFile\":4:{s:5:\"\0*\0id\";s:2:\"13\";s:12:\"\0*\0completed\";b:1;s:8:\"\0*\0error\";b:0;s:9:\"\0*\0status\";N;}i:13;O:35:\"RokGallery_Job_Property_GalleryFile\":4:{s:5:\"\0*\0id\";s:2:\"14\";s:12:\"\0*\0completed\";b:1;s:8:\"\0*\0error\";b:0;s:9:\"\0*\0status\";N;}i:14;O:35:\"RokGallery_Job_Property_GalleryFile\":4:{s:5:\"\0*\0id\";s:2:\"15\";s:12:\"\0*\0completed\";b:1;s:8:\"\0*\0error\";b:0;s:9:\"\0*\0status\";N;}i:15;O:35:\"RokGallery_Job_Property_GalleryFile\":4:{s:5:\"\0*\0id\";s:2:\"16\";s:12:\"\0*\0completed\";b:1;s:8:\"\0*\0error\";b:0;s:9:\"\0*\0status\";N;}i:16;O:35:\"RokGallery_Job_Property_GalleryFile\":4:{s:5:\"\0*\0id\";s:2:\"17\";s:12:\"\0*\0completed\";b:1;s:8:\"\0*\0error\";b:0;s:9:\"\0*\0status\";N;}i:17;O:35:\"RokGallery_Job_Property_GalleryFile\":4:{s:5:\"\0*\0id\";s:2:\"18\";s:12:\"\0*\0completed\";b:1;s:8:\"\0*\0error\";b:0;s:9:\"\0*\0status\";N;}i:18;O:35:\"RokGallery_Job_Property_GalleryFile\":4:{s:5:\"\0*\0id\";s:2:\"19\";s:12:\"\0*\0completed\";b:1;s:8:\"\0*\0error\";b:0;s:9:\"\0*\0status\";N;}i:19;O:35:\"RokGallery_Job_Property_GalleryFile\":4:{s:5:\"\0*\0id\";s:2:\"20\";s:12:\"\0*\0completed\";b:1;s:8:\"\0*\0error\";b:0;s:9:\"\0*\0status\";N;}}}', 'Completed', 'Gallery Update Complete', '100', 'O:27:\"RokGallery_Job_StateMachine\":5:{s:9:\"\0*\0_state\";O:33:\"RokGallery_Job_StateMap_Completed\":2:{s:8:\"\0*\0_name\";s:33:\"RokGallery_Job_StateMap.Completed\";s:6:\"\0*\0_id\";i:8;}s:18:\"\0*\0_previous_state\";O:31:\"RokGallery_Job_StateMap_Running\":2:{s:8:\"\0*\0_name\";s:31:\"RokGallery_Job_StateMap.Running\";s:6:\"\0*\0_id\";i:2;}s:15:\"\0*\0_state_stack\";a:0:{}s:14:\"\0*\0_transition\";N;s:14:\"\0*\0_debug_flag\";b:0;}', '2014-05-05 23:19:36', '2014-05-05 23:19:54');

-- ----------------------------
-- Table structure for `jos_rokgallery_profiles`
-- ----------------------------
CREATE TABLE `jos_rokgallery_profiles` (
  `id` int(10) unsigned NOT NULL AUTO_INCREMENT,
  `name` varchar(200) NOT NULL,
  `profile` text NOT NULL,
  `created_at` datetime NOT NULL,
  `updated_at` datetime NOT NULL,
  PRIMARY KEY (`id`),
  UNIQUE KEY `id` (`id`),
  KEY `jos_rokgallery_profiles_name_idx` (`name`)
) ENGINE=InnoDB DEFAULT CHARSET=latin1;

-- ----------------------------
-- Records of jos_rokgallery_profiles
-- ----------------------------

-- ----------------------------
-- Table structure for `jos_rokgallery_schema_version`
-- ----------------------------
CREATE TABLE `jos_rokgallery_schema_version` (
  `version` int(11) DEFAULT NULL
) ENGINE=InnoDB DEFAULT CHARSET=latin1;

-- ----------------------------
-- Records of jos_rokgallery_schema_version
-- ----------------------------
INSERT INTO `jos_rokgallery_schema_version` VALUES ('2');

-- ----------------------------
-- Table structure for `jos_rokgallery_slices`
-- ----------------------------
CREATE TABLE `jos_rokgallery_slices` (
  `id` int(10) unsigned NOT NULL AUTO_INCREMENT,
  `file_id` int(10) unsigned NOT NULL,
  `gallery_id` int(10) unsigned DEFAULT NULL,
  `guid` char(36) NOT NULL,
  `title` varchar(200) DEFAULT NULL,
  `caption` text,
  `link` text,
  `filesize` int(10) unsigned NOT NULL,
  `xsize` int(10) unsigned NOT NULL,
  `ysize` int(10) unsigned NOT NULL,
  `published` tinyint(1) NOT NULL DEFAULT '0',
  `admin_thumb` tinyint(1) NOT NULL DEFAULT '0',
  `manipulations` longtext,
  `palette` text,
  `created_at` datetime NOT NULL,
  `updated_at` datetime NOT NULL,
  `slug` varchar(255) DEFAULT NULL,
  `thumb_xsize` int(10) unsigned NOT NULL,
  `thumb_ysize` int(10) unsigned NOT NULL,
  `thumb_keep_aspect` tinyint(1) NOT NULL DEFAULT '1',
  `thumb_background` varchar(12) DEFAULT 'transparent',
  `ordering` int(10) unsigned NOT NULL,
  PRIMARY KEY (`id`),
  UNIQUE KEY `id` (`id`),
  UNIQUE KEY `guid` (`guid`),
  UNIQUE KEY `jos_rokgallery_slices_sluggable_idx` (`slug`,`gallery_id`),
  KEY `rokgallery_slices_published_idx` (`published`),
  KEY `rokgallery_slices_guid_idx` (`guid`),
  KEY `file_id_idx` (`file_id`),
  KEY `gallery_id_idx` (`gallery_id`),
  CONSTRAINT `jos_slices_file_id_files_id` FOREIGN KEY (`file_id`) REFERENCES `jos_rokgallery_files` (`id`) ON DELETE CASCADE ON UPDATE CASCADE,
  CONSTRAINT `jos_slices_gallery_id_galleries_id` FOREIGN KEY (`gallery_id`) REFERENCES `jos_rokgallery_galleries` (`id`) ON DELETE SET NULL ON UPDATE CASCADE
) ENGINE=InnoDB AUTO_INCREMENT=41 DEFAULT CHARSET=latin1;

-- ----------------------------
-- Records of jos_rokgallery_slices
-- ----------------------------
INSERT INTO `jos_rokgallery_slices` VALUES ('1', '1', null, 'cd6617d9-670f-4182-ecc5-b0c9a1705cdf', 'Admin Thumbnail', 'Admin Thumbnail', null, '13633', '300', '180', '0', '1', 'a:2:{i:0;O:37:\"RokGallery_Manipulation_Action_Resize\":4:{s:7:\"\0*\0type\";s:6:\"resize\";s:5:\"width\";i:333;s:6:\"height\";i:180;s:8:\"\0*\0setup\";b:1;}i:1;O:35:\"RokGallery_Manipulation_Action_Crop\":6:{s:7:\"\0*\0type\";s:4:\"crop\";s:4:\"left\";i:17;s:3:\"top\";i:0;s:5:\"width\";i:300;s:6:\"height\";i:180;s:8:\"\0*\0setup\";b:1;}}', null, '2014-03-18 01:35:58', '2014-03-18 01:35:58', 'admin-thumbnail', '150', '150', '1', null, '20');
INSERT INTO `jos_rokgallery_slices` VALUES ('2', '2', null, 'e486fb80-7284-4a96-f488-a34f0a6ab896', 'Admin Thumbnail', 'Admin Thumbnail', null, '13856', '300', '180', '0', '1', 'a:2:{i:0;O:37:\"RokGallery_Manipulation_Action_Resize\":4:{s:7:\"\0*\0type\";s:6:\"resize\";s:5:\"width\";i:333;s:6:\"height\";i:180;s:8:\"\0*\0setup\";b:1;}i:1;O:35:\"RokGallery_Manipulation_Action_Crop\":6:{s:7:\"\0*\0type\";s:4:\"crop\";s:4:\"left\";i:17;s:3:\"top\";i:0;s:5:\"width\";i:300;s:6:\"height\";i:180;s:8:\"\0*\0setup\";b:1;}}', null, '2014-03-18 01:35:58', '2014-03-18 01:35:58', 'admin-thumbnail-1', '150', '150', '1', null, '19');
INSERT INTO `jos_rokgallery_slices` VALUES ('3', '3', null, '91e59540-4849-4ee2-af7e-9d2ad55c0067', 'Admin Thumbnail', 'Admin Thumbnail', null, '11999', '300', '180', '0', '1', 'a:2:{i:0;O:37:\"RokGallery_Manipulation_Action_Resize\":4:{s:7:\"\0*\0type\";s:6:\"resize\";s:5:\"width\";i:333;s:6:\"height\";i:180;s:8:\"\0*\0setup\";b:1;}i:1;O:35:\"RokGallery_Manipulation_Action_Crop\":6:{s:7:\"\0*\0type\";s:4:\"crop\";s:4:\"left\";i:17;s:3:\"top\";i:0;s:5:\"width\";i:300;s:6:\"height\";i:180;s:8:\"\0*\0setup\";b:1;}}', null, '2014-03-18 01:35:58', '2014-03-18 01:35:58', 'admin-thumbnail-2', '150', '150', '1', null, '18');
INSERT INTO `jos_rokgallery_slices` VALUES ('4', '4', null, '31afa39a-fc7e-4348-a4a4-31962365815b', 'Admin Thumbnail', 'Admin Thumbnail', null, '8335', '300', '180', '0', '1', 'a:2:{i:0;O:37:\"RokGallery_Manipulation_Action_Resize\":4:{s:7:\"\0*\0type\";s:6:\"resize\";s:5:\"width\";i:333;s:6:\"height\";i:180;s:8:\"\0*\0setup\";b:1;}i:1;O:35:\"RokGallery_Manipulation_Action_Crop\":6:{s:7:\"\0*\0type\";s:4:\"crop\";s:4:\"left\";i:17;s:3:\"top\";i:0;s:5:\"width\";i:300;s:6:\"height\";i:180;s:8:\"\0*\0setup\";b:1;}}', null, '2014-03-18 01:35:58', '2014-03-18 01:35:58', 'admin-thumbnail-3', '150', '150', '1', null, '17');
INSERT INTO `jos_rokgallery_slices` VALUES ('5', '5', null, '54543101-6852-4a10-91bb-a54111e8097f', 'Admin Thumbnail', 'Admin Thumbnail', null, '7791', '300', '180', '0', '1', 'a:2:{i:0;O:37:\"RokGallery_Manipulation_Action_Resize\":4:{s:7:\"\0*\0type\";s:6:\"resize\";s:5:\"width\";i:333;s:6:\"height\";i:180;s:8:\"\0*\0setup\";b:1;}i:1;O:35:\"RokGallery_Manipulation_Action_Crop\":6:{s:7:\"\0*\0type\";s:4:\"crop\";s:4:\"left\";i:17;s:3:\"top\";i:0;s:5:\"width\";i:300;s:6:\"height\";i:180;s:8:\"\0*\0setup\";b:1;}}', null, '2014-03-18 01:35:58', '2014-03-18 01:35:58', 'admin-thumbnail-4', '150', '150', '1', null, '16');
INSERT INTO `jos_rokgallery_slices` VALUES ('6', '6', null, '0376dbcd-56a9-4202-b1cd-a654e4cd998e', 'Admin Thumbnail', 'Admin Thumbnail', null, '8115', '300', '180', '0', '1', 'a:2:{i:0;O:37:\"RokGallery_Manipulation_Action_Resize\":4:{s:7:\"\0*\0type\";s:6:\"resize\";s:5:\"width\";i:333;s:6:\"height\";i:180;s:8:\"\0*\0setup\";b:1;}i:1;O:35:\"RokGallery_Manipulation_Action_Crop\":6:{s:7:\"\0*\0type\";s:4:\"crop\";s:4:\"left\";i:17;s:3:\"top\";i:0;s:5:\"width\";i:300;s:6:\"height\";i:180;s:8:\"\0*\0setup\";b:1;}}', null, '2014-03-18 01:35:58', '2014-03-18 01:35:58', 'admin-thumbnail-5', '150', '150', '1', null, '15');
INSERT INTO `jos_rokgallery_slices` VALUES ('7', '7', null, '0a21fee0-5914-41a5-c218-fcbccba70f3b', 'Admin Thumbnail', 'Admin Thumbnail', null, '8211', '300', '180', '0', '1', 'a:2:{i:0;O:37:\"RokGallery_Manipulation_Action_Resize\":4:{s:7:\"\0*\0type\";s:6:\"resize\";s:5:\"width\";i:333;s:6:\"height\";i:180;s:8:\"\0*\0setup\";b:1;}i:1;O:35:\"RokGallery_Manipulation_Action_Crop\":6:{s:7:\"\0*\0type\";s:4:\"crop\";s:4:\"left\";i:17;s:3:\"top\";i:0;s:5:\"width\";i:300;s:6:\"height\";i:180;s:8:\"\0*\0setup\";b:1;}}', null, '2014-03-18 01:35:59', '2014-03-18 01:35:59', 'admin-thumbnail-6', '150', '150', '1', null, '14');
INSERT INTO `jos_rokgallery_slices` VALUES ('8', '8', null, '8ebb4131-d371-43f6-b08c-360dc812ed51', 'Admin Thumbnail', 'Admin Thumbnail', null, '8984', '300', '180', '0', '1', 'a:2:{i:0;O:37:\"RokGallery_Manipulation_Action_Resize\":4:{s:7:\"\0*\0type\";s:6:\"resize\";s:5:\"width\";i:333;s:6:\"height\";i:180;s:8:\"\0*\0setup\";b:1;}i:1;O:35:\"RokGallery_Manipulation_Action_Crop\":6:{s:7:\"\0*\0type\";s:4:\"crop\";s:4:\"left\";i:17;s:3:\"top\";i:0;s:5:\"width\";i:300;s:6:\"height\";i:180;s:8:\"\0*\0setup\";b:1;}}', null, '2014-03-18 01:35:59', '2014-03-18 01:35:59', 'admin-thumbnail-7', '150', '150', '1', null, '13');
INSERT INTO `jos_rokgallery_slices` VALUES ('9', '9', null, '503d939a-ee23-4349-fc70-b6630ec77f6e', 'Admin Thumbnail', 'Admin Thumbnail', null, '10140', '300', '180', '0', '1', 'a:2:{i:0;O:37:\"RokGallery_Manipulation_Action_Resize\":4:{s:7:\"\0*\0type\";s:6:\"resize\";s:5:\"width\";i:333;s:6:\"height\";i:180;s:8:\"\0*\0setup\";b:1;}i:1;O:35:\"RokGallery_Manipulation_Action_Crop\":6:{s:7:\"\0*\0type\";s:4:\"crop\";s:4:\"left\";i:17;s:3:\"top\";i:0;s:5:\"width\";i:300;s:6:\"height\";i:180;s:8:\"\0*\0setup\";b:1;}}', null, '2014-03-18 01:35:59', '2014-03-18 01:35:59', 'admin-thumbnail-8', '150', '150', '1', null, '12');
INSERT INTO `jos_rokgallery_slices` VALUES ('10', '10', null, 'e3213264-6840-4166-e2e7-e2696b821d6f', 'Admin Thumbnail', 'Admin Thumbnail', null, '10852', '300', '180', '0', '1', 'a:2:{i:0;O:37:\"RokGallery_Manipulation_Action_Resize\":4:{s:7:\"\0*\0type\";s:6:\"resize\";s:5:\"width\";i:333;s:6:\"height\";i:180;s:8:\"\0*\0setup\";b:1;}i:1;O:35:\"RokGallery_Manipulation_Action_Crop\":6:{s:7:\"\0*\0type\";s:4:\"crop\";s:4:\"left\";i:17;s:3:\"top\";i:0;s:5:\"width\";i:300;s:6:\"height\";i:180;s:8:\"\0*\0setup\";b:1;}}', null, '2014-03-18 01:35:59', '2014-03-18 01:35:59', 'admin-thumbnail-9', '150', '150', '1', null, '11');
INSERT INTO `jos_rokgallery_slices` VALUES ('11', '11', null, '4690fbd9-0adb-4e7f-dff3-775509202aab', 'Admin Thumbnail', 'Admin Thumbnail', null, '16736', '300', '180', '0', '1', 'a:2:{i:0;O:37:\"RokGallery_Manipulation_Action_Resize\":4:{s:7:\"\0*\0type\";s:6:\"resize\";s:5:\"width\";i:333;s:6:\"height\";i:180;s:8:\"\0*\0setup\";b:1;}i:1;O:35:\"RokGallery_Manipulation_Action_Crop\":6:{s:7:\"\0*\0type\";s:4:\"crop\";s:4:\"left\";i:17;s:3:\"top\";i:0;s:5:\"width\";i:300;s:6:\"height\";i:180;s:8:\"\0*\0setup\";b:1;}}', null, '2014-03-18 01:35:59', '2014-03-18 01:35:59', 'admin-thumbnail-10', '150', '150', '1', null, '10');
INSERT INTO `jos_rokgallery_slices` VALUES ('12', '12', null, '40bc10c9-c1ee-4b4c-b439-046bb41158df', 'Admin Thumbnail', 'Admin Thumbnail', null, '13911', '300', '180', '0', '1', 'a:2:{i:0;O:37:\"RokGallery_Manipulation_Action_Resize\":4:{s:7:\"\0*\0type\";s:6:\"resize\";s:5:\"width\";i:333;s:6:\"height\";i:180;s:8:\"\0*\0setup\";b:1;}i:1;O:35:\"RokGallery_Manipulation_Action_Crop\":6:{s:7:\"\0*\0type\";s:4:\"crop\";s:4:\"left\";i:17;s:3:\"top\";i:0;s:5:\"width\";i:300;s:6:\"height\";i:180;s:8:\"\0*\0setup\";b:1;}}', null, '2014-03-18 01:35:59', '2014-03-18 01:35:59', 'admin-thumbnail-11', '150', '150', '1', null, '9');
INSERT INTO `jos_rokgallery_slices` VALUES ('13', '13', null, 'be2e6d77-3864-4c92-9043-4dd3b428d339', 'Admin Thumbnail', 'Admin Thumbnail', null, '15159', '300', '180', '0', '1', 'a:2:{i:0;O:37:\"RokGallery_Manipulation_Action_Resize\":4:{s:7:\"\0*\0type\";s:6:\"resize\";s:5:\"width\";i:333;s:6:\"height\";i:180;s:8:\"\0*\0setup\";b:1;}i:1;O:35:\"RokGallery_Manipulation_Action_Crop\":6:{s:7:\"\0*\0type\";s:4:\"crop\";s:4:\"left\";i:17;s:3:\"top\";i:0;s:5:\"width\";i:300;s:6:\"height\";i:180;s:8:\"\0*\0setup\";b:1;}}', null, '2014-03-18 01:35:59', '2014-03-18 01:35:59', 'admin-thumbnail-12', '150', '150', '1', null, '8');
INSERT INTO `jos_rokgallery_slices` VALUES ('14', '14', null, 'c76539b1-4f3c-4a95-fcc5-c87549db2746', 'Admin Thumbnail', 'Admin Thumbnail', null, '9134', '300', '180', '0', '1', 'a:2:{i:0;O:37:\"RokGallery_Manipulation_Action_Resize\":4:{s:7:\"\0*\0type\";s:6:\"resize\";s:5:\"width\";i:333;s:6:\"height\";i:180;s:8:\"\0*\0setup\";b:1;}i:1;O:35:\"RokGallery_Manipulation_Action_Crop\":6:{s:7:\"\0*\0type\";s:4:\"crop\";s:4:\"left\";i:17;s:3:\"top\";i:0;s:5:\"width\";i:300;s:6:\"height\";i:180;s:8:\"\0*\0setup\";b:1;}}', null, '2014-03-18 01:35:59', '2014-03-18 01:35:59', 'admin-thumbnail-13', '150', '150', '1', null, '7');
INSERT INTO `jos_rokgallery_slices` VALUES ('15', '15', null, '92e6a4cb-0d6b-425e-f34f-3eadccfdf70c', 'Admin Thumbnail', 'Admin Thumbnail', null, '16067', '300', '180', '0', '1', 'a:2:{i:0;O:37:\"RokGallery_Manipulation_Action_Resize\":4:{s:7:\"\0*\0type\";s:6:\"resize\";s:5:\"width\";i:333;s:6:\"height\";i:180;s:8:\"\0*\0setup\";b:1;}i:1;O:35:\"RokGallery_Manipulation_Action_Crop\":6:{s:7:\"\0*\0type\";s:4:\"crop\";s:4:\"left\";i:17;s:3:\"top\";i:0;s:5:\"width\";i:300;s:6:\"height\";i:180;s:8:\"\0*\0setup\";b:1;}}', null, '2014-03-18 01:36:00', '2014-03-18 01:36:00', 'admin-thumbnail-14', '150', '150', '1', null, '6');
INSERT INTO `jos_rokgallery_slices` VALUES ('16', '16', null, 'c1e1d71e-4048-4d40-d729-b992b0c867a5', 'Admin Thumbnail', 'Admin Thumbnail', null, '9743', '300', '180', '0', '1', 'a:2:{i:0;O:37:\"RokGallery_Manipulation_Action_Resize\":4:{s:7:\"\0*\0type\";s:6:\"resize\";s:5:\"width\";i:333;s:6:\"height\";i:180;s:8:\"\0*\0setup\";b:1;}i:1;O:35:\"RokGallery_Manipulation_Action_Crop\":6:{s:7:\"\0*\0type\";s:4:\"crop\";s:4:\"left\";i:17;s:3:\"top\";i:0;s:5:\"width\";i:300;s:6:\"height\";i:180;s:8:\"\0*\0setup\";b:1;}}', null, '2014-03-18 01:36:00', '2014-03-18 01:36:00', 'admin-thumbnail-15', '150', '150', '1', null, '5');
INSERT INTO `jos_rokgallery_slices` VALUES ('17', '17', null, '74677d46-920c-4691-85b6-f65aa9467042', 'Admin Thumbnail', 'Admin Thumbnail', null, '11249', '300', '180', '0', '1', 'a:2:{i:0;O:37:\"RokGallery_Manipulation_Action_Resize\":4:{s:7:\"\0*\0type\";s:6:\"resize\";s:5:\"width\";i:333;s:6:\"height\";i:180;s:8:\"\0*\0setup\";b:1;}i:1;O:35:\"RokGallery_Manipulation_Action_Crop\":6:{s:7:\"\0*\0type\";s:4:\"crop\";s:4:\"left\";i:17;s:3:\"top\";i:0;s:5:\"width\";i:300;s:6:\"height\";i:180;s:8:\"\0*\0setup\";b:1;}}', null, '2014-03-18 01:36:00', '2014-03-18 01:36:00', 'admin-thumbnail-16', '150', '150', '1', null, '4');
INSERT INTO `jos_rokgallery_slices` VALUES ('18', '18', null, '3ada05d5-8eb6-4339-dabc-59704c28c7ba', 'Admin Thumbnail', 'Admin Thumbnail', null, '13209', '300', '180', '0', '1', 'a:2:{i:0;O:37:\"RokGallery_Manipulation_Action_Resize\":4:{s:7:\"\0*\0type\";s:6:\"resize\";s:5:\"width\";i:333;s:6:\"height\";i:180;s:8:\"\0*\0setup\";b:1;}i:1;O:35:\"RokGallery_Manipulation_Action_Crop\":6:{s:7:\"\0*\0type\";s:4:\"crop\";s:4:\"left\";i:17;s:3:\"top\";i:0;s:5:\"width\";i:300;s:6:\"height\";i:180;s:8:\"\0*\0setup\";b:1;}}', null, '2014-03-18 01:36:00', '2014-03-18 01:36:00', 'admin-thumbnail-17', '150', '150', '1', null, '3');
INSERT INTO `jos_rokgallery_slices` VALUES ('19', '19', null, 'c976e9a2-1587-44d9-b0b8-1cc51ad0b014', 'Admin Thumbnail', 'Admin Thumbnail', null, '11164', '300', '180', '0', '1', 'a:2:{i:0;O:37:\"RokGallery_Manipulation_Action_Resize\":4:{s:7:\"\0*\0type\";s:6:\"resize\";s:5:\"width\";i:333;s:6:\"height\";i:180;s:8:\"\0*\0setup\";b:1;}i:1;O:35:\"RokGallery_Manipulation_Action_Crop\":6:{s:7:\"\0*\0type\";s:4:\"crop\";s:4:\"left\";i:17;s:3:\"top\";i:0;s:5:\"width\";i:300;s:6:\"height\";i:180;s:8:\"\0*\0setup\";b:1;}}', null, '2014-03-18 01:36:00', '2014-03-18 01:36:00', 'admin-thumbnail-18', '150', '150', '1', null, '2');
INSERT INTO `jos_rokgallery_slices` VALUES ('20', '20', null, '8b6d90ac-e38c-447d-edae-86737a163a22', 'Admin Thumbnail', 'Admin Thumbnail', null, '13305', '300', '180', '0', '1', 'a:2:{i:0;O:37:\"RokGallery_Manipulation_Action_Resize\":4:{s:7:\"\0*\0type\";s:6:\"resize\";s:5:\"width\";i:333;s:6:\"height\";i:180;s:8:\"\0*\0setup\";b:1;}i:1;O:35:\"RokGallery_Manipulation_Action_Crop\":6:{s:7:\"\0*\0type\";s:4:\"crop\";s:4:\"left\";i:17;s:3:\"top\";i:0;s:5:\"width\";i:300;s:6:\"height\";i:180;s:8:\"\0*\0setup\";b:1;}}', null, '2014-03-18 01:36:00', '2014-03-18 01:36:00', 'admin-thumbnail-19', '150', '150', '1', null, '1');
INSERT INTO `jos_rokgallery_slices` VALUES ('21', '16', '1', '6dbeb831-2467-4ddf-aa5c-f9be4a042176', 'biocl171', null, null, '35650', '910', '350', '1', '0', 'a:2:{i:0;O:37:\"RokGallery_Manipulation_Action_Resize\":4:{s:7:\"\0*\0type\";s:6:\"resize\";s:5:\"width\";s:3:\"910\";s:6:\"height\";i:492;s:8:\"\0*\0setup\";b:1;}i:1;O:35:\"RokGallery_Manipulation_Action_Crop\":6:{s:7:\"\0*\0type\";s:4:\"crop\";s:4:\"left\";i:0;s:3:\"top\";i:71;s:5:\"width\";s:3:\"910\";s:6:\"height\";s:3:\"350\";s:8:\"\0*\0setup\";b:1;}}', null, '2014-03-18 01:37:57', '2014-05-06 01:56:14', 'biocl171', '160', '110', '0', 'transparent', '19');
INSERT INTO `jos_rokgallery_slices` VALUES ('22', '17', '1', '7ea2d0b4-db66-4e18-fcda-80d69ccbc313', 'biocl201', null, null, '37019', '910', '350', '1', '0', 'a:2:{i:0;O:37:\"RokGallery_Manipulation_Action_Resize\":4:{s:7:\"\0*\0type\";s:6:\"resize\";s:5:\"width\";s:3:\"910\";s:6:\"height\";i:492;s:8:\"\0*\0setup\";b:1;}i:1;O:35:\"RokGallery_Manipulation_Action_Crop\":6:{s:7:\"\0*\0type\";s:4:\"crop\";s:4:\"left\";i:0;s:3:\"top\";i:71;s:5:\"width\";s:3:\"910\";s:6:\"height\";s:3:\"350\";s:8:\"\0*\0setup\";b:1;}}', null, '2014-03-18 01:37:57', '2014-05-06 01:56:14', 'biocl201', '160', '110', '0', 'transparent', '18');
INSERT INTO `jos_rokgallery_slices` VALUES ('23', '18', '1', '1a1e5b11-6ad7-4160-ff86-a6dd16ea42d5', 'biocl232', null, null, '46718', '910', '350', '1', '0', 'a:2:{i:0;O:37:\"RokGallery_Manipulation_Action_Resize\":4:{s:7:\"\0*\0type\";s:6:\"resize\";s:5:\"width\";s:3:\"910\";s:6:\"height\";i:492;s:8:\"\0*\0setup\";b:1;}i:1;O:35:\"RokGallery_Manipulation_Action_Crop\":6:{s:7:\"\0*\0type\";s:4:\"crop\";s:4:\"left\";i:0;s:3:\"top\";i:71;s:5:\"width\";s:3:\"910\";s:6:\"height\";s:3:\"350\";s:8:\"\0*\0setup\";b:1;}}', null, '2014-03-18 01:37:58', '2014-05-06 01:56:15', 'biocl232', '160', '110', '0', 'transparent', '17');
INSERT INTO `jos_rokgallery_slices` VALUES ('24', '19', '1', '7b8d85d2-2276-443e-b695-1640261060fa', 'biocl233', null, null, '42536', '910', '350', '1', '0', 'a:2:{i:0;O:37:\"RokGallery_Manipulation_Action_Resize\":4:{s:7:\"\0*\0type\";s:6:\"resize\";s:5:\"width\";s:3:\"910\";s:6:\"height\";i:492;s:8:\"\0*\0setup\";b:1;}i:1;O:35:\"RokGallery_Manipulation_Action_Crop\":6:{s:7:\"\0*\0type\";s:4:\"crop\";s:4:\"left\";i:0;s:3:\"top\";i:71;s:5:\"width\";s:3:\"910\";s:6:\"height\";s:3:\"350\";s:8:\"\0*\0setup\";b:1;}}', null, '2014-03-18 01:37:58', '2014-05-06 01:56:16', 'biocl233', '160', '110', '0', 'transparent', '16');
INSERT INTO `jos_rokgallery_slices` VALUES ('25', '20', '1', '55a86bee-dd91-43de-9739-5fc9281bcbe0', 'biocl242', null, null, '43894', '910', '350', '1', '0', 'a:2:{i:0;O:37:\"RokGallery_Manipulation_Action_Resize\":4:{s:7:\"\0*\0type\";s:6:\"resize\";s:5:\"width\";s:3:\"910\";s:6:\"height\";i:492;s:8:\"\0*\0setup\";b:1;}i:1;O:35:\"RokGallery_Manipulation_Action_Crop\":6:{s:7:\"\0*\0type\";s:4:\"crop\";s:4:\"left\";i:0;s:3:\"top\";i:71;s:5:\"width\";s:3:\"910\";s:6:\"height\";s:3:\"350\";s:8:\"\0*\0setup\";b:1;}}', null, '2014-03-18 01:37:58', '2014-05-06 01:56:17', 'biocl242', '160', '110', '0', 'transparent', '15');
INSERT INTO `jos_rokgallery_slices` VALUES ('26', '7', '1', '900c8e15-9ea5-4660-8a3f-6bd6965924d2', '12. DSCN3834', null, null, '30312', '910', '350', '1', '0', 'a:2:{i:0;O:37:\"RokGallery_Manipulation_Action_Resize\":4:{s:7:\"\0*\0type\";s:6:\"resize\";s:5:\"width\";s:3:\"910\";s:6:\"height\";i:492;s:8:\"\0*\0setup\";b:1;}i:1;O:35:\"RokGallery_Manipulation_Action_Crop\":6:{s:7:\"\0*\0type\";s:4:\"crop\";s:4:\"left\";i:0;s:3:\"top\";i:71;s:5:\"width\";s:3:\"910\";s:6:\"height\";s:3:\"350\";s:8:\"\0*\0setup\";b:1;}}', null, '2014-03-18 01:37:58', '2014-05-06 01:56:06', '12-dscn3834', '160', '110', '0', 'transparent', '14');
INSERT INTO `jos_rokgallery_slices` VALUES ('27', '8', '1', 'e6976f40-4389-4c06-f490-036895314c75', 'biocl11', null, null, '32392', '910', '350', '1', '0', 'a:2:{i:0;O:37:\"RokGallery_Manipulation_Action_Resize\":4:{s:7:\"\0*\0type\";s:6:\"resize\";s:5:\"width\";s:3:\"910\";s:6:\"height\";i:492;s:8:\"\0*\0setup\";b:1;}i:1;O:35:\"RokGallery_Manipulation_Action_Crop\":6:{s:7:\"\0*\0type\";s:4:\"crop\";s:4:\"left\";i:0;s:3:\"top\";i:71;s:5:\"width\";s:3:\"910\";s:6:\"height\";s:3:\"350\";s:8:\"\0*\0setup\";b:1;}}', null, '2014-03-18 01:37:59', '2014-05-06 01:56:07', 'biocl11', '160', '110', '0', 'transparent', '13');
INSERT INTO `jos_rokgallery_slices` VALUES ('28', '9', '1', '243a1060-7dd5-4ba9-ba9b-13b82bf50f1c', 'biocl21', null, null, '42709', '910', '350', '1', '0', 'a:2:{i:0;O:37:\"RokGallery_Manipulation_Action_Resize\":4:{s:7:\"\0*\0type\";s:6:\"resize\";s:5:\"width\";s:3:\"910\";s:6:\"height\";i:492;s:8:\"\0*\0setup\";b:1;}i:1;O:35:\"RokGallery_Manipulation_Action_Crop\":6:{s:7:\"\0*\0type\";s:4:\"crop\";s:4:\"left\";i:0;s:3:\"top\";i:71;s:5:\"width\";s:3:\"910\";s:6:\"height\";s:3:\"350\";s:8:\"\0*\0setup\";b:1;}}', null, '2014-03-18 01:37:59', '2014-05-06 01:56:08', 'biocl21', '160', '110', '0', 'transparent', '12');
INSERT INTO `jos_rokgallery_slices` VALUES ('29', '10', '1', '5b4ccef9-a7ab-4586-dcbd-e9f5fab49bca', 'biocl41', null, null, '46576', '910', '350', '1', '0', 'a:2:{i:0;O:37:\"RokGallery_Manipulation_Action_Resize\":4:{s:7:\"\0*\0type\";s:6:\"resize\";s:5:\"width\";s:3:\"910\";s:6:\"height\";i:492;s:8:\"\0*\0setup\";b:1;}i:1;O:35:\"RokGallery_Manipulation_Action_Crop\":6:{s:7:\"\0*\0type\";s:4:\"crop\";s:4:\"left\";i:0;s:3:\"top\";i:71;s:5:\"width\";s:3:\"910\";s:6:\"height\";s:3:\"350\";s:8:\"\0*\0setup\";b:1;}}', null, '2014-03-18 01:37:59', '2014-05-06 01:56:09', 'biocl41', '160', '110', '0', 'transparent', '11');
INSERT INTO `jos_rokgallery_slices` VALUES ('30', '11', '1', '94d3c195-f2b5-478c-d865-fcc2671507fe', 'biocl61', null, null, '64806', '910', '350', '1', '0', 'a:2:{i:0;O:37:\"RokGallery_Manipulation_Action_Resize\":4:{s:7:\"\0*\0type\";s:6:\"resize\";s:5:\"width\";s:3:\"910\";s:6:\"height\";i:492;s:8:\"\0*\0setup\";b:1;}i:1;O:35:\"RokGallery_Manipulation_Action_Crop\":6:{s:7:\"\0*\0type\";s:4:\"crop\";s:4:\"left\";i:0;s:3:\"top\";i:71;s:5:\"width\";s:3:\"910\";s:6:\"height\";s:3:\"350\";s:8:\"\0*\0setup\";b:1;}}', null, '2014-03-18 01:38:00', '2014-05-06 01:56:10', 'biocl61', '160', '110', '0', 'transparent', '10');
INSERT INTO `jos_rokgallery_slices` VALUES ('31', '12', '1', '1d91e93c-9cf8-4ece-ea8b-3241ff27e50c', 'biocl91', null, null, '51797', '910', '350', '1', '0', 'a:2:{i:0;O:37:\"RokGallery_Manipulation_Action_Resize\":4:{s:7:\"\0*\0type\";s:6:\"resize\";s:5:\"width\";s:3:\"910\";s:6:\"height\";i:492;s:8:\"\0*\0setup\";b:1;}i:1;O:35:\"RokGallery_Manipulation_Action_Crop\":6:{s:7:\"\0*\0type\";s:4:\"crop\";s:4:\"left\";i:0;s:3:\"top\";i:71;s:5:\"width\";s:3:\"910\";s:6:\"height\";s:3:\"350\";s:8:\"\0*\0setup\";b:1;}}', null, '2014-03-18 01:38:00', '2014-05-06 01:56:10', 'biocl91', '160', '110', '0', 'transparent', '9');
INSERT INTO `jos_rokgallery_slices` VALUES ('32', '13', '1', '7a9298da-f01f-4402-839e-b2e0169e928b', 'biocl111', null, null, '61725', '910', '350', '1', '0', 'a:2:{i:0;O:37:\"RokGallery_Manipulation_Action_Resize\":4:{s:7:\"\0*\0type\";s:6:\"resize\";s:5:\"width\";s:3:\"910\";s:6:\"height\";i:492;s:8:\"\0*\0setup\";b:1;}i:1;O:35:\"RokGallery_Manipulation_Action_Crop\":6:{s:7:\"\0*\0type\";s:4:\"crop\";s:4:\"left\";i:0;s:3:\"top\";i:71;s:5:\"width\";s:3:\"910\";s:6:\"height\";s:3:\"350\";s:8:\"\0*\0setup\";b:1;}}', null, '2014-03-18 01:38:00', '2014-05-06 01:56:11', 'biocl111', '160', '110', '0', 'transparent', '8');
INSERT INTO `jos_rokgallery_slices` VALUES ('33', '1', '1', '79845696-4dcf-4bec-d31c-02f92263a376', '02. DSCN3456', null, null, '60890', '910', '350', '1', '0', 'a:2:{i:0;O:37:\"RokGallery_Manipulation_Action_Resize\":4:{s:7:\"\0*\0type\";s:6:\"resize\";s:5:\"width\";s:3:\"910\";s:6:\"height\";i:492;s:8:\"\0*\0setup\";b:1;}i:1;O:35:\"RokGallery_Manipulation_Action_Crop\":6:{s:7:\"\0*\0type\";s:4:\"crop\";s:4:\"left\";i:0;s:3:\"top\";i:71;s:5:\"width\";s:3:\"910\";s:6:\"height\";s:3:\"350\";s:8:\"\0*\0setup\";b:1;}}', null, '2014-03-18 01:52:58', '2014-05-06 01:56:02', '02-dscn3456', '160', '110', '0', 'transparent', '7');
INSERT INTO `jos_rokgallery_slices` VALUES ('34', '4', '1', '2096fb31-32fb-4ad1-c603-0708f9eb2d20', '06. DSCN3462', null, null, '35449', '910', '350', '1', '0', 'a:2:{i:0;O:37:\"RokGallery_Manipulation_Action_Resize\":4:{s:7:\"\0*\0type\";s:6:\"resize\";s:5:\"width\";s:3:\"910\";s:6:\"height\";i:492;s:8:\"\0*\0setup\";b:1;}i:1;O:35:\"RokGallery_Manipulation_Action_Crop\":6:{s:7:\"\0*\0type\";s:4:\"crop\";s:4:\"left\";i:0;s:3:\"top\";i:71;s:5:\"width\";s:3:\"910\";s:6:\"height\";s:3:\"350\";s:8:\"\0*\0setup\";b:1;}}', null, '2014-03-18 01:52:59', '2014-05-06 01:56:04', '06-dscn3462', '160', '110', '0', 'transparent', '6');
INSERT INTO `jos_rokgallery_slices` VALUES ('35', '15', '1', '57b7e435-08b4-4a1a-8897-667925b14fc1', 'biocl151', null, null, '57665', '910', '350', '1', '0', 'a:2:{i:0;O:37:\"RokGallery_Manipulation_Action_Resize\":4:{s:7:\"\0*\0type\";s:6:\"resize\";s:5:\"width\";s:3:\"910\";s:6:\"height\";i:492;s:8:\"\0*\0setup\";b:1;}i:1;O:35:\"RokGallery_Manipulation_Action_Crop\":6:{s:7:\"\0*\0type\";s:4:\"crop\";s:4:\"left\";i:0;s:3:\"top\";i:71;s:5:\"width\";s:3:\"910\";s:6:\"height\";s:3:\"350\";s:8:\"\0*\0setup\";b:1;}}', null, '2014-03-18 01:52:59', '2014-05-06 01:56:13', 'biocl151', '160', '110', '0', 'transparent', '5');
INSERT INTO `jos_rokgallery_slices` VALUES ('36', '3', '1', '17610cad-87da-4852-bcbe-584a4724ccc9', '04. DSCN3460', null, null, '50639', '910', '350', '1', '0', 'a:2:{i:0;O:37:\"RokGallery_Manipulation_Action_Resize\":4:{s:7:\"\0*\0type\";s:6:\"resize\";s:5:\"width\";s:3:\"910\";s:6:\"height\";i:492;s:8:\"\0*\0setup\";b:1;}i:1;O:35:\"RokGallery_Manipulation_Action_Crop\":6:{s:7:\"\0*\0type\";s:4:\"crop\";s:4:\"left\";i:0;s:3:\"top\";i:71;s:5:\"width\";s:3:\"910\";s:6:\"height\";s:3:\"350\";s:8:\"\0*\0setup\";b:1;}}', null, '2014-03-18 01:52:59', '2014-05-06 01:56:03', '04-dscn3460', '160', '110', '0', 'transparent', '4');
INSERT INTO `jos_rokgallery_slices` VALUES ('37', '14', '1', '15f1c797-a6ed-4072-f16f-c2ce6a9fdd62', 'biocl131', null, null, '36996', '910', '350', '1', '0', 'a:2:{i:0;O:37:\"RokGallery_Manipulation_Action_Resize\":4:{s:7:\"\0*\0type\";s:6:\"resize\";s:5:\"width\";s:3:\"910\";s:6:\"height\";i:492;s:8:\"\0*\0setup\";b:1;}i:1;O:35:\"RokGallery_Manipulation_Action_Crop\":6:{s:7:\"\0*\0type\";s:4:\"crop\";s:4:\"left\";i:0;s:3:\"top\";i:71;s:5:\"width\";s:3:\"910\";s:6:\"height\";s:3:\"350\";s:8:\"\0*\0setup\";b:1;}}', null, '2014-03-18 01:53:00', '2014-05-06 01:56:12', 'biocl131', '160', '110', '0', 'transparent', '3');
INSERT INTO `jos_rokgallery_slices` VALUES ('38', '2', '1', '5ad64fa1-28ba-49ab-c40e-cd1801ad3f95', '03. DSCN3457', null, null, '63349', '910', '350', '1', '0', 'a:2:{i:0;O:37:\"RokGallery_Manipulation_Action_Resize\":4:{s:7:\"\0*\0type\";s:6:\"resize\";s:5:\"width\";s:3:\"910\";s:6:\"height\";i:492;s:8:\"\0*\0setup\";b:1;}i:1;O:35:\"RokGallery_Manipulation_Action_Crop\":6:{s:7:\"\0*\0type\";s:4:\"crop\";s:4:\"left\";i:0;s:3:\"top\";i:71;s:5:\"width\";s:3:\"910\";s:6:\"height\";s:3:\"350\";s:8:\"\0*\0setup\";b:1;}}', null, '2014-03-18 01:53:00', '2014-05-06 01:56:02', '03-dscn3457', '160', '110', '0', 'transparent', '2');
INSERT INTO `jos_rokgallery_slices` VALUES ('39', '6', '1', '0adbdd62-540b-4b27-eef2-cf0c251e9b8b', '10. DSCN3832', null, null, '27797', '910', '350', '1', '0', 'a:2:{i:0;O:37:\"RokGallery_Manipulation_Action_Resize\":4:{s:7:\"\0*\0type\";s:6:\"resize\";s:5:\"width\";s:3:\"910\";s:6:\"height\";i:492;s:8:\"\0*\0setup\";b:1;}i:1;O:35:\"RokGallery_Manipulation_Action_Crop\":6:{s:7:\"\0*\0type\";s:4:\"crop\";s:4:\"left\";i:0;s:3:\"top\";i:71;s:5:\"width\";s:3:\"910\";s:6:\"height\";s:3:\"350\";s:8:\"\0*\0setup\";b:1;}}', null, '2014-03-18 01:53:00', '2014-05-06 01:56:06', '10-dscn3832', '160', '110', '0', 'transparent', '1');
INSERT INTO `jos_rokgallery_slices` VALUES ('40', '5', '1', '431d9705-03bb-495a-853b-d24a637986d9', '08. DSCN3784', null, null, '35700', '910', '350', '1', '0', 'a:2:{i:0;O:37:\"RokGallery_Manipulation_Action_Resize\":4:{s:7:\"\0*\0type\";s:6:\"resize\";s:5:\"width\";s:3:\"910\";s:6:\"height\";i:492;s:8:\"\0*\0setup\";b:1;}i:1;O:35:\"RokGallery_Manipulation_Action_Crop\":6:{s:7:\"\0*\0type\";s:4:\"crop\";s:4:\"left\";i:0;s:3:\"top\";i:71;s:5:\"width\";s:3:\"910\";s:6:\"height\";s:3:\"350\";s:8:\"\0*\0setup\";b:1;}}', null, '2014-03-18 01:53:01', '2014-05-06 01:56:05', '08-dscn3784', '160', '110', '0', 'transparent', '0');

-- ----------------------------
-- Table structure for `jos_rokgallery_slices_index`
-- ----------------------------
CREATE TABLE `jos_rokgallery_slices_index` (
  `keyword` varchar(200) NOT NULL DEFAULT '',
  `field` varchar(50) NOT NULL DEFAULT '',
  `position` bigint(20) NOT NULL DEFAULT '0',
  `id` int(10) unsigned NOT NULL DEFAULT '0',
  PRIMARY KEY (`keyword`,`field`,`position`,`id`),
  KEY `rokgallery_slices_index_id_idx` (`id`),
  CONSTRAINT `jos_rokgallery_slices_index_id_idx` FOREIGN KEY (`id`) REFERENCES `jos_rokgallery_slices` (`id`) ON DELETE CASCADE ON UPDATE CASCADE
) ENGINE=InnoDB DEFAULT CHARSET=latin1;

-- ----------------------------
-- Records of jos_rokgallery_slices_index
-- ----------------------------
INSERT INTO `jos_rokgallery_slices_index` VALUES ('admin', 'caption', '0', '1');
INSERT INTO `jos_rokgallery_slices_index` VALUES ('admin', 'title', '0', '1');
INSERT INTO `jos_rokgallery_slices_index` VALUES ('thumbnail', 'caption', '1', '1');
INSERT INTO `jos_rokgallery_slices_index` VALUES ('thumbnail', 'title', '1', '1');
INSERT INTO `jos_rokgallery_slices_index` VALUES ('admin', 'caption', '0', '2');
INSERT INTO `jos_rokgallery_slices_index` VALUES ('admin', 'title', '0', '2');
INSERT INTO `jos_rokgallery_slices_index` VALUES ('thumbnail', 'caption', '1', '2');
INSERT INTO `jos_rokgallery_slices_index` VALUES ('thumbnail', 'title', '1', '2');
INSERT INTO `jos_rokgallery_slices_index` VALUES ('admin', 'caption', '0', '3');
INSERT INTO `jos_rokgallery_slices_index` VALUES ('admin', 'title', '0', '3');
INSERT INTO `jos_rokgallery_slices_index` VALUES ('thumbnail', 'caption', '1', '3');
INSERT INTO `jos_rokgallery_slices_index` VALUES ('thumbnail', 'title', '1', '3');
INSERT INTO `jos_rokgallery_slices_index` VALUES ('admin', 'caption', '0', '4');
INSERT INTO `jos_rokgallery_slices_index` VALUES ('admin', 'title', '0', '4');
INSERT INTO `jos_rokgallery_slices_index` VALUES ('thumbnail', 'caption', '1', '4');
INSERT INTO `jos_rokgallery_slices_index` VALUES ('thumbnail', 'title', '1', '4');
INSERT INTO `jos_rokgallery_slices_index` VALUES ('admin', 'caption', '0', '5');
INSERT INTO `jos_rokgallery_slices_index` VALUES ('admin', 'title', '0', '5');
INSERT INTO `jos_rokgallery_slices_index` VALUES ('thumbnail', 'caption', '1', '5');
INSERT INTO `jos_rokgallery_slices_index` VALUES ('thumbnail', 'title', '1', '5');
INSERT INTO `jos_rokgallery_slices_index` VALUES ('admin', 'caption', '0', '6');
INSERT INTO `jos_rokgallery_slices_index` VALUES ('admin', 'title', '0', '6');
INSERT INTO `jos_rokgallery_slices_index` VALUES ('thumbnail', 'caption', '1', '6');
INSERT INTO `jos_rokgallery_slices_index` VALUES ('thumbnail', 'title', '1', '6');
INSERT INTO `jos_rokgallery_slices_index` VALUES ('admin', 'caption', '0', '7');
INSERT INTO `jos_rokgallery_slices_index` VALUES ('admin', 'title', '0', '7');
INSERT INTO `jos_rokgallery_slices_index` VALUES ('thumbnail', 'caption', '1', '7');
INSERT INTO `jos_rokgallery_slices_index` VALUES ('thumbnail', 'title', '1', '7');
INSERT INTO `jos_rokgallery_slices_index` VALUES ('admin', 'caption', '0', '8');
INSERT INTO `jos_rokgallery_slices_index` VALUES ('admin', 'title', '0', '8');
INSERT INTO `jos_rokgallery_slices_index` VALUES ('thumbnail', 'caption', '1', '8');
INSERT INTO `jos_rokgallery_slices_index` VALUES ('thumbnail', 'title', '1', '8');
INSERT INTO `jos_rokgallery_slices_index` VALUES ('admin', 'caption', '0', '9');
INSERT INTO `jos_rokgallery_slices_index` VALUES ('admin', 'title', '0', '9');
INSERT INTO `jos_rokgallery_slices_index` VALUES ('thumbnail', 'caption', '1', '9');
INSERT INTO `jos_rokgallery_slices_index` VALUES ('thumbnail', 'title', '1', '9');
INSERT INTO `jos_rokgallery_slices_index` VALUES ('admin', 'caption', '0', '10');
INSERT INTO `jos_rokgallery_slices_index` VALUES ('admin', 'title', '0', '10');
INSERT INTO `jos_rokgallery_slices_index` VALUES ('thumbnail', 'caption', '1', '10');
INSERT INTO `jos_rokgallery_slices_index` VALUES ('thumbnail', 'title', '1', '10');
INSERT INTO `jos_rokgallery_slices_index` VALUES ('admin', 'caption', '0', '11');
INSERT INTO `jos_rokgallery_slices_index` VALUES ('admin', 'title', '0', '11');
INSERT INTO `jos_rokgallery_slices_index` VALUES ('thumbnail', 'caption', '1', '11');
INSERT INTO `jos_rokgallery_slices_index` VALUES ('thumbnail', 'title', '1', '11');
INSERT INTO `jos_rokgallery_slices_index` VALUES ('admin', 'caption', '0', '12');
INSERT INTO `jos_rokgallery_slices_index` VALUES ('admin', 'title', '0', '12');
INSERT INTO `jos_rokgallery_slices_index` VALUES ('thumbnail', 'caption', '1', '12');
INSERT INTO `jos_rokgallery_slices_index` VALUES ('thumbnail', 'title', '1', '12');
INSERT INTO `jos_rokgallery_slices_index` VALUES ('admin', 'caption', '0', '13');
INSERT INTO `jos_rokgallery_slices_index` VALUES ('admin', 'title', '0', '13');
INSERT INTO `jos_rokgallery_slices_index` VALUES ('thumbnail', 'caption', '1', '13');
INSERT INTO `jos_rokgallery_slices_index` VALUES ('thumbnail', 'title', '1', '13');
INSERT INTO `jos_rokgallery_slices_index` VALUES ('admin', 'caption', '0', '14');
INSERT INTO `jos_rokgallery_slices_index` VALUES ('admin', 'title', '0', '14');
INSERT INTO `jos_rokgallery_slices_index` VALUES ('thumbnail', 'caption', '1', '14');
INSERT INTO `jos_rokgallery_slices_index` VALUES ('thumbnail', 'title', '1', '14');
INSERT INTO `jos_rokgallery_slices_index` VALUES ('admin', 'caption', '0', '15');
INSERT INTO `jos_rokgallery_slices_index` VALUES ('admin', 'title', '0', '15');
INSERT INTO `jos_rokgallery_slices_index` VALUES ('thumbnail', 'caption', '1', '15');
INSERT INTO `jos_rokgallery_slices_index` VALUES ('thumbnail', 'title', '1', '15');
INSERT INTO `jos_rokgallery_slices_index` VALUES ('admin', 'caption', '0', '16');
INSERT INTO `jos_rokgallery_slices_index` VALUES ('admin', 'title', '0', '16');
INSERT INTO `jos_rokgallery_slices_index` VALUES ('thumbnail', 'caption', '1', '16');
INSERT INTO `jos_rokgallery_slices_index` VALUES ('thumbnail', 'title', '1', '16');
INSERT INTO `jos_rokgallery_slices_index` VALUES ('admin', 'caption', '0', '17');
INSERT INTO `jos_rokgallery_slices_index` VALUES ('admin', 'title', '0', '17');
INSERT INTO `jos_rokgallery_slices_index` VALUES ('thumbnail', 'caption', '1', '17');
INSERT INTO `jos_rokgallery_slices_index` VALUES ('thumbnail', 'title', '1', '17');
INSERT INTO `jos_rokgallery_slices_index` VALUES ('admin', 'caption', '0', '18');
INSERT INTO `jos_rokgallery_slices_index` VALUES ('admin', 'title', '0', '18');
INSERT INTO `jos_rokgallery_slices_index` VALUES ('thumbnail', 'caption', '1', '18');
INSERT INTO `jos_rokgallery_slices_index` VALUES ('thumbnail', 'title', '1', '18');
INSERT INTO `jos_rokgallery_slices_index` VALUES ('admin', 'caption', '0', '19');
INSERT INTO `jos_rokgallery_slices_index` VALUES ('admin', 'title', '0', '19');
INSERT INTO `jos_rokgallery_slices_index` VALUES ('thumbnail', 'caption', '1', '19');
INSERT INTO `jos_rokgallery_slices_index` VALUES ('thumbnail', 'title', '1', '19');
INSERT INTO `jos_rokgallery_slices_index` VALUES ('admin', 'caption', '0', '20');
INSERT INTO `jos_rokgallery_slices_index` VALUES ('admin', 'title', '0', '20');
INSERT INTO `jos_rokgallery_slices_index` VALUES ('thumbnail', 'caption', '1', '20');
INSERT INTO `jos_rokgallery_slices_index` VALUES ('thumbnail', 'title', '1', '20');
INSERT INTO `jos_rokgallery_slices_index` VALUES ('biocl171', 'title', '0', '21');
INSERT INTO `jos_rokgallery_slices_index` VALUES ('biocl201', 'title', '0', '22');
INSERT INTO `jos_rokgallery_slices_index` VALUES ('biocl232', 'title', '0', '23');
INSERT INTO `jos_rokgallery_slices_index` VALUES ('biocl233', 'title', '0', '24');
INSERT INTO `jos_rokgallery_slices_index` VALUES ('biocl242', 'title', '0', '25');
INSERT INTO `jos_rokgallery_slices_index` VALUES ('12', 'title', '0', '26');
INSERT INTO `jos_rokgallery_slices_index` VALUES ('dscn3834', 'title', '1', '26');
INSERT INTO `jos_rokgallery_slices_index` VALUES ('biocl11', 'title', '0', '27');
INSERT INTO `jos_rokgallery_slices_index` VALUES ('biocl21', 'title', '0', '28');
INSERT INTO `jos_rokgallery_slices_index` VALUES ('biocl41', 'title', '0', '29');
INSERT INTO `jos_rokgallery_slices_index` VALUES ('biocl61', 'title', '0', '30');
INSERT INTO `jos_rokgallery_slices_index` VALUES ('biocl91', 'title', '0', '31');
INSERT INTO `jos_rokgallery_slices_index` VALUES ('biocl111', 'title', '0', '32');
INSERT INTO `jos_rokgallery_slices_index` VALUES ('02', 'title', '0', '33');
INSERT INTO `jos_rokgallery_slices_index` VALUES ('dscn3456', 'title', '1', '33');
INSERT INTO `jos_rokgallery_slices_index` VALUES ('06', 'title', '0', '34');
INSERT INTO `jos_rokgallery_slices_index` VALUES ('dscn3462', 'title', '1', '34');
INSERT INTO `jos_rokgallery_slices_index` VALUES ('biocl151', 'title', '0', '35');
INSERT INTO `jos_rokgallery_slices_index` VALUES ('04', 'title', '0', '36');
INSERT INTO `jos_rokgallery_slices_index` VALUES ('dscn3460', 'title', '1', '36');
INSERT INTO `jos_rokgallery_slices_index` VALUES ('biocl131', 'title', '0', '37');
INSERT INTO `jos_rokgallery_slices_index` VALUES ('03', 'title', '0', '38');
INSERT INTO `jos_rokgallery_slices_index` VALUES ('dscn3457', 'title', '1', '38');
INSERT INTO `jos_rokgallery_slices_index` VALUES ('10', 'title', '0', '39');
INSERT INTO `jos_rokgallery_slices_index` VALUES ('dscn3832', 'title', '1', '39');
INSERT INTO `jos_rokgallery_slices_index` VALUES ('08', 'title', '0', '40');
INSERT INTO `jos_rokgallery_slices_index` VALUES ('dscn3784', 'title', '1', '40');

-- ----------------------------
-- Table structure for `jos_rokgallery_slice_tags`
-- ----------------------------
CREATE TABLE `jos_rokgallery_slice_tags` (
  `slice_id` int(10) unsigned NOT NULL DEFAULT '0',
  `tag` varchar(50) NOT NULL DEFAULT '',
  PRIMARY KEY (`slice_id`,`tag`),
  KEY `rokgallery_slice_tags_slice_id_idx` (`slice_id`),
  CONSTRAINT `jos_slice_tags_slice_id_slices_id` FOREIGN KEY (`slice_id`) REFERENCES `jos_rokgallery_slices` (`id`) ON DELETE CASCADE ON UPDATE CASCADE
) ENGINE=InnoDB DEFAULT CHARSET=latin1;

-- ----------------------------
-- Records of jos_rokgallery_slice_tags
-- ----------------------------

-- ----------------------------
-- Table structure for `jos_sections`
-- ----------------------------
CREATE TABLE `jos_sections` (
  `id` int(11) NOT NULL AUTO_INCREMENT,
  `title` varchar(255) NOT NULL DEFAULT '',
  `name` varchar(255) NOT NULL DEFAULT '',
  `alias` varchar(255) NOT NULL DEFAULT '',
  `image` text NOT NULL,
  `scope` varchar(50) NOT NULL DEFAULT '',
  `image_position` varchar(30) NOT NULL DEFAULT '',
  `description` text NOT NULL,
  `published` tinyint(1) NOT NULL DEFAULT '0',
  `checked_out` int(11) unsigned NOT NULL DEFAULT '0',
  `checked_out_time` datetime NOT NULL DEFAULT '0000-00-00 00:00:00',
  `ordering` int(11) NOT NULL DEFAULT '0',
  `access` tinyint(3) unsigned NOT NULL DEFAULT '0',
  `count` int(11) NOT NULL DEFAULT '0',
  `params` text NOT NULL,
  PRIMARY KEY (`id`),
  KEY `idx_scope` (`scope`)
) ENGINE=MyISAM AUTO_INCREMENT=4 DEFAULT CHARSET=utf8;

-- ----------------------------
-- Records of jos_sections
-- ----------------------------
INSERT INTO `jos_sections` VALUES ('1', 'Άρθρα', '', '2013-03-14-08-33-26', '', 'content', 'left', '', '1', '0', '0000-00-00 00:00:00', '1', '0', '6', '');
INSERT INTO `jos_sections` VALUES ('2', 'Έργα', '', '2013-03-20-07-26-34', '', 'content', 'left', '', '1', '0', '0000-00-00 00:00:00', '2', '0', '6', '');
INSERT INTO `jos_sections` VALUES ('3', 'Anakoinoseis', '', 'anakoinoseis', '', 'content', 'left', '', '1', '0', '0000-00-00 00:00:00', '3', '0', '10', '');

-- ----------------------------
-- Table structure for `jos_session`
-- ----------------------------
CREATE TABLE `jos_session` (
  `username` varchar(150) DEFAULT '',
  `time` varchar(14) DEFAULT '',
  `session_id` varchar(200) NOT NULL DEFAULT '0',
  `guest` tinyint(4) DEFAULT '1',
  `userid` int(11) DEFAULT '0',
  `usertype` varchar(50) DEFAULT '',
  `gid` tinyint(3) unsigned NOT NULL DEFAULT '0',
  `client_id` tinyint(3) unsigned NOT NULL DEFAULT '0',
  `data` longtext,
  PRIMARY KEY (`session_id`(64)),
  KEY `whosonline` (`guest`,`usertype`),
  KEY `userid` (`userid`),
  KEY `time` (`time`)
) ENGINE=MyISAM DEFAULT CHARSET=utf8;

-- ----------------------------
-- Records of jos_session
-- ----------------------------
INSERT INTO `jos_session` VALUES ('', '1470839035', '911cc8bc1dcbe0127fb8db7eed3f2f1c', '1', '0', '', '0', '0', '__default|a:8:{s:15:\"session.counter\";i:1;s:19:\"session.timer.start\";i:1470839035;s:18:\"session.timer.last\";i:1470839035;s:17:\"session.timer.now\";i:1470839035;s:22:\"session.client.browser\";s:69:\"Mozilla/5.0 (compatible; NetcraftSurveyAgent/1.0; +info@netcraft.com)\";s:8:\"registry\";O:9:\"JRegistry\":3:{s:17:\"_defaultNameSpace\";s:7:\"session\";s:9:\"_registry\";a:1:{s:7:\"session\";a:1:{s:4:\"data\";O:8:\"stdClass\":0:{}}}s:7:\"_errors\";a:0:{}}s:4:\"user\";O:5:\"JUser\":19:{s:2:\"id\";i:0;s:4:\"name\";N;s:8:\"username\";N;s:5:\"email\";N;s:8:\"password\";N;s:14:\"password_clear\";s:0:\"\";s:8:\"usertype\";N;s:5:\"block\";N;s:9:\"sendEmail\";i:0;s:3:\"gid\";i:0;s:12:\"registerDate\";N;s:13:\"lastvisitDate\";N;s:10:\"activation\";N;s:6:\"params\";N;s:3:\"aid\";i:0;s:5:\"guest\";i:1;s:7:\"_params\";O:10:\"JParameter\":7:{s:4:\"_raw\";s:0:\"\";s:4:\"_xml\";N;s:9:\"_elements\";a:0:{}s:12:\"_elementPath\";a:1:{i:0;s:99:\"/hermes/bosnaweb17a/b299/ipg.deltashopgr/www.krounos-spa.gr/libraries/joomla/html/parameter/element\";}s:17:\"_defaultNameSpace\";s:8:\"_default\";s:9:\"_registry\";a:1:{s:8:\"_default\";a:1:{s:4:\"data\";O:8:\"stdClass\":0:{}}}s:7:\"_errors\";a:0:{}}s:9:\"_errorMsg\";N;s:7:\"_errors\";a:0:{}}s:23:\"gantry-current-template\";s:13:\"rt_visage_j15\";}com_rokgallery|a:1:{s:4:\"data\";O:8:\"stdClass\":0:{}}');

-- ----------------------------
-- Table structure for `jos_stats_agents`
-- ----------------------------
CREATE TABLE `jos_stats_agents` (
  `agent` varchar(255) NOT NULL DEFAULT '',
  `type` tinyint(1) unsigned NOT NULL DEFAULT '0',
  `hits` int(11) unsigned NOT NULL DEFAULT '1'
) ENGINE=MyISAM DEFAULT CHARSET=utf8;

-- ----------------------------
-- Records of jos_stats_agents
-- ----------------------------

-- ----------------------------
-- Table structure for `jos_templates_menu`
-- ----------------------------
CREATE TABLE `jos_templates_menu` (
  `template` varchar(255) NOT NULL DEFAULT '',
  `menuid` int(11) NOT NULL DEFAULT '0',
  `client_id` tinyint(4) NOT NULL DEFAULT '0',
  PRIMARY KEY (`menuid`,`client_id`,`template`)
) ENGINE=MyISAM DEFAULT CHARSET=utf8;

-- ----------------------------
-- Records of jos_templates_menu
-- ----------------------------
INSERT INTO `jos_templates_menu` VALUES ('rt_visage_j15', '0', '0');
INSERT INTO `jos_templates_menu` VALUES ('khepri', '0', '1');

-- ----------------------------
-- Table structure for `jos_users`
-- ----------------------------
CREATE TABLE `jos_users` (
  `id` int(11) NOT NULL AUTO_INCREMENT,
  `name` varchar(255) NOT NULL DEFAULT '',
  `username` varchar(150) NOT NULL DEFAULT '',
  `email` varchar(100) NOT NULL DEFAULT '',
  `password` varchar(100) NOT NULL DEFAULT '',
  `usertype` varchar(25) NOT NULL DEFAULT '',
  `block` tinyint(4) NOT NULL DEFAULT '0',
  `sendEmail` tinyint(4) DEFAULT '0',
  `gid` tinyint(3) unsigned NOT NULL DEFAULT '1',
  `registerDate` datetime NOT NULL DEFAULT '0000-00-00 00:00:00',
  `lastvisitDate` datetime NOT NULL DEFAULT '0000-00-00 00:00:00',
  `activation` varchar(100) NOT NULL DEFAULT '',
  `params` text NOT NULL,
  PRIMARY KEY (`id`),
  KEY `usertype` (`usertype`),
  KEY `idx_name` (`name`),
  KEY `gid_block` (`gid`,`block`),
  KEY `username` (`username`),
  KEY `email` (`email`)
) ENGINE=MyISAM AUTO_INCREMENT=70 DEFAULT CHARSET=utf8;

-- ----------------------------
-- Records of jos_users
-- ----------------------------
INSERT INTO `jos_users` VALUES ('62', 'Administrator', 'admin', 'info@visualsoft.gr', '9e9d0500140fe9527041f6366b2be028:DZhfpWcpjID1r1CxxfmqmGhBm9DRQhvV', 'Super Administrator', '0', '1', '25', '2013-02-12 08:28:53', '2013-09-11 13:28:08', '', 'admin_language=\nlanguage=\neditor=\nhelpsite=\ntimezone=0\n\n');
INSERT INTO `jos_users` VALUES ('63', 'vaggelis', 'vaggelis', 'vaggelis.tsiakiroudis@google.com', 'e0ca2b58ba3ec036a2ac42bb89e416cd:avpvY2CL3O33PBsRzUmEgPajg7oVK90M', 'Super Administrator', '0', '0', '25', '2013-06-08 11:12:15', '2014-06-04 23:57:43', '', 'admin_language=\nlanguage=\neditor=\nhelpsite=\ntimezone=0\n\n');
INSERT INTO `jos_users` VALUES ('64', 'Yiannis Karastratidis', 'yiannis', 'vaggelis.t@visualsoft.gr', 'd4dc02e8b575d6c9ff9d49109d282003:Li6umT0Ymm22RqXqvxoFxzrbkC9X149X', 'Publisher', '0', '0', '21', '2013-06-08 11:13:34', '0000-00-00 00:00:00', '', 'admin_language=\nlanguage=\neditor=\nhelpsite=\ntimezone=0\n\n');
INSERT INTO `jos_users` VALUES ('65', 'Lia', 'lia.t', 'lia.t@visualsoft.gr', 'fa5916f8bf76c2f173f5d5a2c4d2bfd7:atTponrA0KJNkwYnlQTyH07JjdWpffRx', 'Super Administrator', '0', '0', '25', '2014-05-05 14:08:56', '2016-02-19 16:59:03', '', 'admin_language=\nlanguage=\neditor=\nhelpsite=\ntimezone=0\n\n');
INSERT INTO `jos_users` VALUES ('66', 'krounos1', 'krounos1', 'krounos@tee.gr', 'ff716c4fb5731de32e4e05708e294b2d:fjHmqLQHKfbnpfsRBHZD5tcmmkdspDrt', 'Registered', '0', '0', '18', '2014-12-05 15:10:47', '0000-00-00 00:00:00', '', 'admin_language=el-GR\nlanguage=el-GR\neditor=\nhelpsite=\ntimezone=0\n\n');
INSERT INTO `jos_users` VALUES ('67', 'ΚΡΟΥΝΟΣ', 'krounos.sa', 'krounos@cyta.gr', '65a8d57debfec95b743b6b9b65de2ded:9hETyaR1WRU1UAJND2GNx6nxZcmp4p90', 'Manager', '0', '1', '23', '2014-12-06 11:24:38', '2015-09-24 09:43:19', '', 'admin_language=\nlanguage=\neditor=\nhelpsite=\ntimezone=0\n\n');
INSERT INTO `jos_users` VALUES ('68', 'jmtls23', 'jmtls23', 'jmtls23@fjucasf.waw.pl', 'a93a45916746411c57f7add3f3c5557c:PJLNcqxVRX3zMlhInxqzHf0tGjOlTKjE', 'Registered', '0', '0', '18', '2014-12-27 20:29:21', '2014-12-29 09:20:50', '', '\n');
INSERT INTO `jos_users` VALUES ('69', 'Permanent Visa', 'UsaImmigrants', 'fenikl.lakart@yandex.com', '6d14da8abf633c1f0447c228b8cffbac:XdKfWHYGrrRqbEh8ZEEAsizIpbS5Wajp', 'Registered', '1', '0', '18', '2016-01-29 22:01:40', '0000-00-00 00:00:00', 'cbc17886783c9d72fcccace6cb3c6b11', '\n');

-- ----------------------------
-- Table structure for `jos_weblinks`
-- ----------------------------
CREATE TABLE `jos_weblinks` (
  `id` int(11) unsigned NOT NULL AUTO_INCREMENT,
  `catid` int(11) NOT NULL DEFAULT '0',
  `sid` int(11) NOT NULL DEFAULT '0',
  `title` varchar(250) NOT NULL DEFAULT '',
  `alias` varchar(255) NOT NULL DEFAULT '',
  `url` varchar(250) NOT NULL DEFAULT '',
  `description` text NOT NULL,
  `date` datetime NOT NULL DEFAULT '0000-00-00 00:00:00',
  `hits` int(11) NOT NULL DEFAULT '0',
  `published` tinyint(1) NOT NULL DEFAULT '0',
  `checked_out` int(11) NOT NULL DEFAULT '0',
  `checked_out_time` datetime NOT NULL DEFAULT '0000-00-00 00:00:00',
  `ordering` int(11) NOT NULL DEFAULT '0',
  `archived` tinyint(1) NOT NULL DEFAULT '0',
  `approved` tinyint(1) NOT NULL DEFAULT '1',
  `params` text NOT NULL,
  PRIMARY KEY (`id`),
  KEY `catid` (`catid`,`published`,`archived`)
) ENGINE=MyISAM DEFAULT CHARSET=utf8;

-- ----------------------------
-- Records of jos_weblinks
-- ----------------------------
