/*
Navicat MySQL Data Transfer

Source Server         : localhost
Source Server Version : 50612
Source Host           : localhost:3306
Source Database       : priority

Target Server Type    : MYSQL
Target Server Version : 50612
File Encoding         : 65001

Date: 2020-06-14 22:52:56
*/


-- ----------------------------
-- Table structure for `calendar`
-- ----------------------------
CREATE TABLE `calendar` (
  `IDCalendar` int(11) NOT NULL AUTO_INCREMENT,
  `HmEnarxis` datetime DEFAULT NULL,
  `HmLixis` datetime DEFAULT NULL,
  `OraEnarxis` datetime DEFAULT NULL,
  `OraLixis` datetime DEFAULT NULL,
  `RemindDate` int(11) DEFAULT NULL,
  `RemindDateEnd` int(11) DEFAULT NULL,
  `RemindOraSeLepta` int(11) DEFAULT NULL,
  `RemindTimeBefore` int(11) DEFAULT '15',
  `RemindType` tinyint(3) unsigned DEFAULT '0',
  `Appointment` longtext,
  `BackColorR` smallint(6) DEFAULT NULL,
  `BackColorG` smallint(6) DEFAULT NULL,
  `BackColorB` smallint(6) DEFAULT NULL,
  `BorderColorR` smallint(6) DEFAULT NULL,
  `BorderColorG` smallint(6) DEFAULT NULL,
  `BorderColorB` smallint(6) DEFAULT NULL,
  `Pattern` varchar(255) DEFAULT NULL,
  `RingBell1` tinyint(3) unsigned DEFAULT '0',
  `SendSms` tinyint(3) unsigned DEFAULT '0',
  `SendSmsPhone` varchar(30) DEFAULT NULL,
  `Finishing` tinyint(3) unsigned DEFAULT '0',
  `FinishingComputerName` varchar(30) DEFAULT NULL,
  `Katigoria` int(11) DEFAULT '0',
  `Topos` varchar(150) DEFAULT NULL,
  `Priority` int(11) DEFAULT '0',
  `UpdateTerminal` varchar(30) DEFAULT NULL,
  `UpdateUser` varchar(30) DEFAULT NULL,
  `IDTable` int(11) DEFAULT NULL,
  `Table` varchar(50) DEFAULT NULL,
  `Sxolia` longtext,
  PRIMARY KEY (`IDCalendar`),
  KEY `Ημερομηνια` (`HmEnarxis`),
  KEY `ΗμΛηξης` (`HmLixis`),
  KEY `Auto_Increment_Key` (`IDCalendar`)
) ENGINE=InnoDB AUTO_INCREMENT=9 DEFAULT CHARSET=utf8;

-- ----------------------------
-- Records of calendar
-- ----------------------------
INSERT INTO `calendar` VALUES ('1', '2015-01-22 00:00:00', '2015-01-22 00:00:00', '1899-12-30 09:30:00', '1899-12-30 10:00:00', '60515115', '60515160', '645', '15', '0', 'asss', '255', '255', '255', null, null, null, null, '0', '0', '', '0', '', '0', '', '5', 'VAGGELIS-PC', 'vaggelis', null, null, '');
INSERT INTO `calendar` VALUES ('2', '2015-07-16 00:00:00', '2015-07-16 00:00:00', '1899-12-30 09:30:00', '1899-12-30 09:45:00', '60767130', '60767145', '600', '0', '0', 'sadfasda', '0', '0', '0', null, null, null, null, '0', '0', '', '0', '', '0', '', '5', 'XEONSERVER', 'vaggelis', null, null, '');
INSERT INTO `calendar` VALUES ('3', '2015-07-16 00:00:00', '2015-07-16 00:00:00', '1899-12-30 10:30:00', '1899-12-30 12:30:00', '60767175', '60767310', '615', '15', '0', 'dasfasdfdasf', '90', '108', '154', null, null, null, null, '0', '0', '', '0', '', '0', '', '1', 'XEONSERVER', 'vaggelis', null, null, '');
INSERT INTO `calendar` VALUES ('4', '2015-07-16 00:00:00', '2015-07-16 00:00:00', '1899-12-30 10:30:00', '1899-12-30 10:45:00', '60767175', '60767205', '615', '15', '0', 'sadasdasd', '255', '255', '255', null, null, null, null, '0', '0', '', '0', '', '0', '', '5', 'VAGGELIS-PC', 'vaggelis', null, null, '');
INSERT INTO `calendar` VALUES ('5', '2015-07-17 00:00:00', '2015-07-17 00:00:00', '1899-12-30 10:00:00', '1899-12-30 10:15:00', '60768585', '60768615', '585', '15', '0', 'd sdfs fsdf sdf', '255', '255', '255', null, null, null, null, '0', '0', '', '0', '', '0', '', '5', 'VAGGELIS-PC', 'vaggelis', null, null, '');
INSERT INTO `calendar` VALUES ('6', '2015-07-17 00:00:00', '2015-07-17 00:00:00', '1899-12-30 10:30:00', '1899-12-30 10:45:00', '60768615', '60768645', '615', '15', '0', 'αααααααα ββββββ', '255', '255', '255', null, null, null, null, '0', '0', '', '0', '', '0', '', '5', 'VAGGELIS-PC', 'vaggelis', null, null, '');
INSERT INTO `calendar` VALUES ('7', '2015-07-16 00:00:00', '2015-07-16 00:00:00', '1899-12-30 13:30:00', '1899-12-30 13:45:00', '60767355', '60767385', '795', '15', '0', 'ccccccccccccccccc', '240', '232', '68', null, null, null, null, '0', '0', '', '0', '', '0', '', '3', 'VAGGELIS-PC', 'vaggelis', null, null, '');
INSERT INTO `calendar` VALUES ('8', '2015-07-15 00:00:00', '2015-07-21 00:00:00', '1899-12-30 09:00:00', '1899-12-30 09:15:00', '60765645', '60774315', '525', '15', '0', 'ΟΓΚΟΛΟΓΙΚΟ ΣΥΝΕΔΡΙΟ', '255', '255', '255', null, null, null, null, '0', '0', '', '0', '', '0', '', '5', 'VAGGELIS-PC', 'vaggelis', null, null, '');

-- ----------------------------
-- Table structure for `calendarkatigories`
-- ----------------------------
CREATE TABLE `calendarkatigories` (
  `IDKatigorias` int(11) NOT NULL AUTO_INCREMENT,
  `Kodikos` int(11) DEFAULT NULL,
  `Perigrafi` varchar(50) DEFAULT NULL,
  `BackColorR` smallint(6) DEFAULT NULL,
  `BackColorG` smallint(6) DEFAULT NULL,
  `BackColorB` smallint(6) DEFAULT NULL,
  `BorderColor` int(11) DEFAULT NULL,
  `Sxolia` longtext,
  PRIMARY KEY (`IDKatigorias`),
  KEY `Auto_Increment_Key` (`IDKatigorias`)
) ENGINE=InnoDB AUTO_INCREMENT=5 DEFAULT CHARSET=utf8;

-- ----------------------------
-- Records of calendarkatigories
-- ----------------------------
INSERT INTO `calendarkatigories` VALUES ('1', '1', 'ΠΡΟΣΚΛΗΣΕΙΣ', '205', '211', '211', '0', null);
INSERT INTO `calendarkatigories` VALUES ('2', '2', 'ΕΡΓΑΣΙΕΣ', '248', '225', '11', null, null);
INSERT INTO `calendarkatigories` VALUES ('3', '0', 'ΡΑΝΤΕΒΟΥ', '255', '0', '0', null, null);
INSERT INTO `calendarkatigories` VALUES ('4', '4', 'ΥΠΟΧΡΕΩΣΕΙΣ', '0', '128', '0', null, null);

-- ----------------------------
-- Table structure for `calendarparametroi`
-- ----------------------------
CREATE TABLE `calendarparametroi` (
  `IDc` int(11) NOT NULL AUTO_INCREMENT,
  `Ημερα1Start` datetime DEFAULT NULL,
  `Ημερα1End` datetime DEFAULT NULL,
  `Ημερα2Start` datetime DEFAULT NULL,
  `Ημερα2End` datetime DEFAULT NULL,
  `Ημερα3Start` datetime DEFAULT NULL,
  `Ημερα3End` datetime DEFAULT NULL,
  `Ημερα4Start` datetime DEFAULT NULL,
  `Ημερα4End` datetime DEFAULT NULL,
  `Ημερα5Start` datetime DEFAULT NULL,
  `Ημερα5End` datetime DEFAULT NULL,
  `Ημερα6Start` datetime DEFAULT NULL,
  `Ημερα6End` datetime DEFAULT NULL,
  `Ημερα7Start` datetime DEFAULT NULL,
  `Ημερα7End` datetime DEFAULT NULL,
  PRIMARY KEY (`IDc`),
  KEY `Auto_Increment_Key` (`IDc`)
) ENGINE=InnoDB DEFAULT CHARSET=utf8;

-- ----------------------------
-- Records of calendarparametroi
-- ----------------------------

-- ----------------------------
-- Table structure for `calendarpriority`
-- ----------------------------
CREATE TABLE `calendarpriority` (
  `IDPriority` int(11) NOT NULL AUTO_INCREMENT,
  `Perigrafi` varchar(50) DEFAULT NULL,
  `BackColorR` smallint(6) DEFAULT NULL,
  `BackColorG` smallint(6) DEFAULT NULL,
  `BackColorB` smallint(6) DEFAULT NULL,
  `BorderColor` int(11) DEFAULT NULL,
  `Sxolia` longtext,
  PRIMARY KEY (`IDPriority`),
  KEY `Auto_Increment_Key` (`IDPriority`)
) ENGINE=InnoDB AUTO_INCREMENT=6 DEFAULT CHARSET=utf8;

-- ----------------------------
-- Records of calendarpriority
-- ----------------------------
INSERT INTO `calendarpriority` VALUES ('1', 'ΠΡΟΓΡΑΜΜΑΤΙΣΜΕΝΟ', '230', '230', '230', null, null);
INSERT INTO `calendarpriority` VALUES ('2', 'ΕΠΕΙΓΟΝ', '255', '0', '0', null, null);
INSERT INTO `calendarpriority` VALUES ('3', 'ΕΚΤΑΚΤΟ', '248', '225', '11', null, null);
INSERT INTO `calendarpriority` VALUES ('4', 'ΠΛΑΙΣΙΟ', '0', '178', '0', null, null);
INSERT INTO `calendarpriority` VALUES ('5', 'ΚΑΝΟΝΙΚΟ', '225', '255', '255', null, null);

-- ----------------------------
-- Table structure for `calendarupdatetbl`
-- ----------------------------
CREATE TABLE `calendarupdatetbl` (
  `IDc` int(11) NOT NULL AUTO_INCREMENT,
  `LastDate` int(11) DEFAULT NULL,
  `LastTime` int(11) DEFAULT NULL,
  `UpdateTerminal` varchar(100) DEFAULT NULL,
  `UpdateUser` varchar(50) DEFAULT NULL,
  PRIMARY KEY (`IDc`),
  KEY `Auto_Increment_Key` (`IDc`)
) ENGINE=InnoDB AUTO_INCREMENT=2 DEFAULT CHARSET=utf8;

-- ----------------------------
-- Records of calendarupdatetbl
-- ----------------------------
INSERT INTO `calendarupdatetbl` VALUES ('1', '20150718', '122205', 'XEONSERVER', 'vaggelis');

-- ----------------------------
-- Table structure for `countries`
-- ----------------------------
CREATE TABLE `countries` (
  `IDCountry` int(11) NOT NULL AUTO_INCREMENT,
  `Country` varchar(30) DEFAULT NULL,
  `CountryCode` varchar(12) DEFAULT NULL,
  `CountryGr` varchar(30) DEFAULT NULL,
  `Currency` varchar(30) DEFAULT NULL,
  `Flag` varchar(80) DEFAULT NULL,
  PRIMARY KEY (`IDCountry`)
) ENGINE=InnoDB AUTO_INCREMENT=274 DEFAULT CHARSET=utf8;

-- ----------------------------
-- Records of countries
-- ----------------------------
INSERT INTO `countries` VALUES ('1', 'ANDORRA', 'AD', 'ΑΝΔΟΡΑ', null, null);
INSERT INTO `countries` VALUES ('2', 'UNITED ARAB EMIRATES', 'AE', 'ΕΝΩΜΕΝΑ ΑΡΑΒΙΚΑ ΕΜΙΡΑΤΑ', null, null);
INSERT INTO `countries` VALUES ('3', 'AFGHANISTAN', 'AF', 'ΑΦΓΑΝΙΣΤΑΝ', null, null);
INSERT INTO `countries` VALUES ('4', 'ANTIGUA AND BARBUDA', 'AG', 'ΑΝΤΙΚΟΥΑ ΚΑΙ ΜΠΑΡΜΠΟΥΔΑ', null, null);
INSERT INTO `countries` VALUES ('5', 'ANGUILLA', 'AI', 'ΑΝΓΚΟΥΙΛΑ', null, null);
INSERT INTO `countries` VALUES ('6', 'ALBANIA', 'AL', 'ΑΛΒΑΝΙΑ', null, null);
INSERT INTO `countries` VALUES ('7', 'ARMENIA', 'AM', 'ΑΡΜΕΝΙΑ', null, null);
INSERT INTO `countries` VALUES ('8', 'NETHERLANDS ANTILLES', 'AN', 'ΟΛΑΝΔΙΚΕΣ ΑΝΤΙΛΛΕΣ', null, null);
INSERT INTO `countries` VALUES ('9', 'ANGOLA', 'AO', 'ΑΝΓΚΟΛΑ', null, null);
INSERT INTO `countries` VALUES ('10', 'ANTARCTICA', 'AQ', 'ΑΝΤΑΡΚΤΙΚΗ', null, null);
INSERT INTO `countries` VALUES ('11', 'ARGENTINA', 'AR', 'ΑΡΓΕΝΤΙΝΗ', null, null);
INSERT INTO `countries` VALUES ('12', 'AMERICAN SAMOA', 'AS', 'ΑΜΕΡΙΚΑΝΙΚΗ ΣΑΜΟΑ', null, null);
INSERT INTO `countries` VALUES ('13', 'AUSTRIA', 'AT', 'ΑΥΣΤΡΙΑ', null, null);
INSERT INTO `countries` VALUES ('14', 'AUSTRALIA', 'AU', 'ΑΥΣΤΡΑΛΙΑ', null, null);
INSERT INTO `countries` VALUES ('15', 'ARUBA', 'AW', 'ΑΡΟΥΜΠΑ', null, null);
INSERT INTO `countries` VALUES ('16', 'ALAND ISLANDS', 'AX', 'ΝΗΣΟΙ ΩΛΑΝΤ', null, null);
INSERT INTO `countries` VALUES ('17', 'AZERBAIJAN', 'AZ', 'ΑΖΕΡΜΠΑΙΤΖΑΝ', null, null);
INSERT INTO `countries` VALUES ('18', 'BOSNIA AND HERZEGOVINA', 'BA', 'ΒΟΣΝΙΑ ΚΑΙ ΕΡΖΕΓΟΒΙΝΗ', null, null);
INSERT INTO `countries` VALUES ('19', 'BARBADOS', 'BB', 'ΜΠΑΡΜΠΑΝΤΟΣ', null, null);
INSERT INTO `countries` VALUES ('20', 'BANGLADESH', 'BD', 'ΜΠΑΓΚΛΑΝΤΕΣ', null, null);
INSERT INTO `countries` VALUES ('21', 'BELGIUM', 'BE', 'ΒΕΛΓΙΟ', null, null);
INSERT INTO `countries` VALUES ('22', 'BURKINA FASO', 'BF', 'ΜΠΟΥΡΚΙΝΑ ΦΑΣΟ', null, null);
INSERT INTO `countries` VALUES ('23', 'BULGARIA', 'BG', 'ΒΟΥΛΓΑΡΙΑ', null, null);
INSERT INTO `countries` VALUES ('24', 'BAHRAIN', 'BH', 'ΜΠΑΧΡΕΪΝ', null, null);
INSERT INTO `countries` VALUES ('25', 'BURUNDI', 'BI', 'ΜΠΟΥΡΟΥΝΤΙ', null, null);
INSERT INTO `countries` VALUES ('26', 'BENIN', 'BJ', 'ΜΠΕΝΙΝ', null, null);
INSERT INTO `countries` VALUES ('27', 'SAINT BARTHELEMY', 'BL', 'ΑΓΙΟΣ ΒΑΡΘΟΛΟΜΑΙΟΣ', null, null);
INSERT INTO `countries` VALUES ('28', 'BERMUDA', 'BM', 'ΒΕΡΜΟΥΔΕΣ', null, null);
INSERT INTO `countries` VALUES ('29', 'BRUNEI DARUSSALAM', 'BN', 'ΜΠΡΟΥΝΕΪ', null, null);
INSERT INTO `countries` VALUES ('31', 'BRAZIL', 'BR', 'ΒΡΑΖΙΛΙΑ', null, null);
INSERT INTO `countries` VALUES ('32', 'BAHAMAS', 'BS', 'ΒΑΧΑΜΕΣ', null, null);
INSERT INTO `countries` VALUES ('33', 'BHUTAN', 'BT', 'ΜΠΟΥΤΑΝ', null, null);
INSERT INTO `countries` VALUES ('34', 'BOUVET ISLAND', 'BV', 'ΜΠΟΥΒΕ', null, null);
INSERT INTO `countries` VALUES ('35', 'BOTSWANA', 'BW', 'ΜΠΟΤΣΟΥΑΝΑ', null, null);
INSERT INTO `countries` VALUES ('36', 'BELARUS', 'BY', 'ΛΕΥΚΟΡΩΣΙΑ', null, null);
INSERT INTO `countries` VALUES ('37', 'BELIZE', 'BZ', 'ΜΠΕΛΙΖ', null, null);
INSERT INTO `countries` VALUES ('38', 'CANADA', 'CA', 'ΚΑΝΑΔΑΣ', null, null);
INSERT INTO `countries` VALUES ('39', 'COCOS (KEELING) ISLANDS', 'CC', 'ΝΗΣΟΙ ΚΟΚΟΣ', null, null);
INSERT INTO `countries` VALUES ('41', 'CENTRAL AFRICAN REPUBLIC', 'CF', 'ΔΗΜΟΚΡΑΤΙΑ ΚΕΝΤΡΙΚΗΣ ΑΦΡΙΚΗΣ', null, null);
INSERT INTO `countries` VALUES ('42', 'CONGO', 'CG', 'ΚΟΓΚΟ', null, null);
INSERT INTO `countries` VALUES ('43', 'SWITZERLAND', 'CH', 'ΕΛΒΕΤΙΑ', null, null);
INSERT INTO `countries` VALUES ('44', 'COTE D\'IVOIRE', 'CI', 'ΑΚΤΗ ΕΛΕΦΑΝΤΟΣΤΟΥ', null, null);
INSERT INTO `countries` VALUES ('45', 'COOK ISLANDS', 'CK', 'ΝΗΣΟΙ ΚΟΥΚ', null, null);
INSERT INTO `countries` VALUES ('46', 'CHILE', 'CL', 'ΧΙΛΗ', null, null);
INSERT INTO `countries` VALUES ('47', 'CAMEROON', 'CM', 'ΚΑΜΕΡΟΥΝ', null, null);
INSERT INTO `countries` VALUES ('48', 'CHINA', 'CN', 'ΚΙΝΑ', null, null);
INSERT INTO `countries` VALUES ('49', 'COLOMBIA', 'CO', 'ΚΟΛΟΜΒΙΑ', null, null);
INSERT INTO `countries` VALUES ('50', 'COSTA RICA', 'CR', 'ΚΟΣΤΑ ΡΙΚΑ', null, null);
INSERT INTO `countries` VALUES ('51', 'CUBA', 'CU', 'ΚΟΥΒΑ', null, null);
INSERT INTO `countries` VALUES ('52', 'CAPE VERDE', 'CV', 'ΠΡΑΣΙΝΟ ΑΚΡΩΤΗΡΙΟ', null, null);
INSERT INTO `countries` VALUES ('53', 'CHRISTMAS ISLAND', 'CX', 'ΝΗΣΟΣ ΤΩΝ ΧΡΙΣΤΟΥΓΕΝΝΩΝ', null, null);
INSERT INTO `countries` VALUES ('54', 'CYPRUS', 'CY', 'ΚΥΠΡΟΣ', null, null);
INSERT INTO `countries` VALUES ('55', 'CZECH REPUBLIC', 'CZ', 'ΤΣΕΧΙΑ', null, null);
INSERT INTO `countries` VALUES ('56', 'GERMANY', 'DE', 'ΓΕΡΜΑΝΙΑ', null, null);
INSERT INTO `countries` VALUES ('57', 'DJIBOUTI', 'DJ', 'ΤΖΙΜΠΟΥΤΙ', null, null);
INSERT INTO `countries` VALUES ('58', 'DENMARK', 'DK', 'ΔΑΝΙΑ', null, null);
INSERT INTO `countries` VALUES ('59', 'DOMINICA', 'DM', 'ΔΟΜΙΝΙΚΑ', null, null);
INSERT INTO `countries` VALUES ('60', 'DOMINICAN REPUBLIC', 'DO', 'ΔΟΜΙΝΙΚΑΝΗ ΔΗΜΟΚΡΑΤΙΑ', null, null);
INSERT INTO `countries` VALUES ('61', 'ALGERIA', 'DZ', 'ΑΛΓΕΡΙΑ', null, null);
INSERT INTO `countries` VALUES ('62', 'ECUADOR', 'EC', 'ΕΚΟΥΑΔΟΡ', null, null);
INSERT INTO `countries` VALUES ('63', 'ESTONIA', 'EE', 'ΕΣΘΟΝΙΑ', null, null);
INSERT INTO `countries` VALUES ('64', 'EGYPT', 'EG', 'ΑΙΓΥΠΤΟΣ', null, null);
INSERT INTO `countries` VALUES ('65', 'WESTERN SAHARA', 'EH', 'ΔΥΤΙΚΗ ΣΑΧΑΡΑ', null, null);
INSERT INTO `countries` VALUES ('66', 'ERITREA', 'ER', 'ΕΡΙΘΡΕΑ', null, null);
INSERT INTO `countries` VALUES ('67', 'SPAIN', 'ES', 'ΙΣΠΑΝΙΑ', null, null);
INSERT INTO `countries` VALUES ('68', 'ETHIOPIA', 'ET', 'ΑΙΘΙΟΠΙΑ', null, null);
INSERT INTO `countries` VALUES ('69', 'FINLAND', 'FI', 'ΦΙΝΛΑΝΔΙΑ', null, null);
INSERT INTO `countries` VALUES ('70', 'FIJI', 'FJ', 'ΦΙΤΖΙ', null, null);
INSERT INTO `countries` VALUES ('71', 'FALKLAND ISLANDS (MALVINAS)', 'FK', 'ΝΗΣΟΙ ΦΩΚΛΑΝΤ', null, null);
INSERT INTO `countries` VALUES ('73', 'FAROE ISLANDS', 'FO', 'ΝΗΣΙΑ ΦΑΡΩΕ', null, null);
INSERT INTO `countries` VALUES ('74', 'FRANCE', 'FR', 'ΓΑΛΛΙΑ', null, null);
INSERT INTO `countries` VALUES ('75', 'GABON', 'GA', 'ΓΚΑΜΠΟΝ', null, null);
INSERT INTO `countries` VALUES ('76', 'UNITED KINGDOM', 'GB', 'ΗΝΩΜΕΝΟ ΒΑΣΙΛΕΙΟ', null, null);
INSERT INTO `countries` VALUES ('77', 'GRENADA', 'GD', 'ΓΡΕΝΑΔΑ', null, null);
INSERT INTO `countries` VALUES ('78', 'GEORGIA', 'GE', 'ΓΕΩΡΓΙΑ', null, null);
INSERT INTO `countries` VALUES ('79', 'FRENCH GUIANA', 'GF', 'ΓΑΛΙΚΗ ΓΟΥΙΑΝΑ', null, null);
INSERT INTO `countries` VALUES ('80', 'GUERNSEY', 'GG', 'ΓΚΕΡΝΣΕΪ', null, null);
INSERT INTO `countries` VALUES ('81', 'GHANA', 'GH', 'ΓΚΑΝΑ', null, null);
INSERT INTO `countries` VALUES ('82', 'GIBRALTAR', 'GI', 'ΓΙΒΡΑΛΤΑΡ', null, null);
INSERT INTO `countries` VALUES ('83', 'GREENLAND', 'GL', 'ΓΡΟΙΝΛΑΝΔΙΑ', null, null);
INSERT INTO `countries` VALUES ('84', 'GAMBIA', 'GM', 'ΓΚΑΜΠΙΑ', null, null);
INSERT INTO `countries` VALUES ('85', 'GUINEA', 'GN', 'ΓΟΥΙΝΕΑ', null, null);
INSERT INTO `countries` VALUES ('86', 'GUADELOUPE', 'GP', 'ΓΟΥΑΝΔΑΛΟΥΠΗ', null, null);
INSERT INTO `countries` VALUES ('87', 'EQUATORIAL GUINEA', 'GQ', 'ΙΣΗΜΕΡΙΝΗ ΣΟΥΙΝΕΑ', null, null);
INSERT INTO `countries` VALUES ('88', 'GREECE', 'GR', 'ΕΛΛΑΔΑ', null, null);
INSERT INTO `countries` VALUES ('90', 'GUATEMALA', 'GT', 'ΓΟΥΑΤΕΜΑΛΑ', null, null);
INSERT INTO `countries` VALUES ('91', 'GUAM', 'GU', 'ΓΚΟΥΑΜ', null, null);
INSERT INTO `countries` VALUES ('92', 'GUINEA-BISSAU', 'GW', 'ΓΟΥΙΝΕΑ-ΜΠΙΣΣΑΟΥ', null, null);
INSERT INTO `countries` VALUES ('93', 'GUYANA', 'GY', 'ΓΟΥΙΑΝΑ', null, null);
INSERT INTO `countries` VALUES ('94', 'HONG KONG', 'HK', 'ΧΟΝΓΚ ΚΟΝΓΚ', null, null);
INSERT INTO `countries` VALUES ('96', 'HONDURAS', 'HN', 'ΟΝΔΟΥΡΑ', null, null);
INSERT INTO `countries` VALUES ('97', 'CROATIA', 'HR', 'ΚΡΟΑΤΙΑ', null, null);
INSERT INTO `countries` VALUES ('98', 'HAITI', 'HT', 'ΑΙΤΗ', null, null);
INSERT INTO `countries` VALUES ('99', 'HUNGARY', 'HU', 'ΟΥΓΚΑΡΙΑ', null, null);
INSERT INTO `countries` VALUES ('100', 'INDONESIA', 'ID', 'ΙΝΔΟΝΗΣΙΑ', null, null);
INSERT INTO `countries` VALUES ('101', 'IRELAND', 'IE', 'ΙΡΛΑΝΔΙΑ', null, null);
INSERT INTO `countries` VALUES ('102', 'ISRAEL', 'IL', 'ΙΣΤΡΑΗΛ', null, null);
INSERT INTO `countries` VALUES ('103', 'ISLE OF MAN', 'IM', 'ΝΗΣΟΣ ΤΟΥ ΜΑΝ', null, null);
INSERT INTO `countries` VALUES ('104', 'INDIA', 'IN', 'ΙΝΔΙΑ', null, null);
INSERT INTO `countries` VALUES ('105', 'BRITISH INDIAN OCEAN TERRITORY', 'IO', 'ΒΡΕΤΑΝΙΚΟ ΕΔΑΦΟΣ ΙΝΔ.ΩΚΕΑΝΟΥ', null, null);
INSERT INTO `countries` VALUES ('106', 'IRAQ', 'IQ', 'ΙΡΑΚ', null, null);
INSERT INTO `countries` VALUES ('107', 'IRAN, ISLAMIC REPUBLIC OF', 'IR', 'ΙΡΑΝ', null, null);
INSERT INTO `countries` VALUES ('108', 'ICELAND', 'IS', 'ΙΣΛΑΝΔΙΑ', null, null);
INSERT INTO `countries` VALUES ('109', 'ITALY', 'IT', 'ΙΤΑΛΙΑ', null, null);
INSERT INTO `countries` VALUES ('110', 'JERSEY', 'JE', 'ΤΖΕΡΣΕΪ', null, null);
INSERT INTO `countries` VALUES ('111', 'JAMAICA', 'JM', 'ΤΖΑΜΑΙΚΑ', null, null);
INSERT INTO `countries` VALUES ('112', 'JORDAN', 'JO', 'ΙΟΡΔΑΝΙΑ', null, null);
INSERT INTO `countries` VALUES ('113', 'JAPAN', 'JP', 'ΙΑΠΩΝΙΑ', null, null);
INSERT INTO `countries` VALUES ('114', 'KENYA', 'KE', 'ΚΕΝΥΑ', null, null);
INSERT INTO `countries` VALUES ('115', 'KYRGYZSTAN', 'KG', 'ΚΥΡΓΚΙΣΤΑΝ', null, null);
INSERT INTO `countries` VALUES ('116', 'CAMBODIA', 'KH', 'ΚΑΜΠΟΤΖΗ', null, null);
INSERT INTO `countries` VALUES ('117', 'KIRIBATI', 'KI', 'ΚΙΡΙΒΑΤΙ', null, null);
INSERT INTO `countries` VALUES ('118', 'COMOROS', 'KM', 'ΚΟΜΟΡΕΣ', null, null);
INSERT INTO `countries` VALUES ('119', 'SAINT KITTS AND NEVIS', 'KN', 'ΑΓΙΟΣ ΧΡΙΣΤΟΦΟΡΟΣ', null, null);
INSERT INTO `countries` VALUES ('121', 'KOREA, REPUBLIC OF', 'KR', 'ΚΟΡΕΑ', null, null);
INSERT INTO `countries` VALUES ('122', 'KUWAIT', 'KW', 'ΚΟΥΒΕΙΤ', null, null);
INSERT INTO `countries` VALUES ('123', 'CAYMAN ISLANDS', 'KY', 'ΝΗΣΟΙ ΚΕΥΜΑΝ', null, null);
INSERT INTO `countries` VALUES ('124', 'KAZAKHSTAN', 'KZ', 'ΚΑΖΑΚΣΤΑΝ', null, null);
INSERT INTO `countries` VALUES ('126', 'LEBANON', 'LB', 'ΛΙΒΑΝΟΣ', null, null);
INSERT INTO `countries` VALUES ('127', 'SAINT LUCIA', 'LC', 'ΑΓΙΑ ΛΟΥΚΙΑ', null, null);
INSERT INTO `countries` VALUES ('128', 'LIECHTENSTEIN', 'LI', 'ΛΙΧΤΕΝΣΤΑΪΝ', null, null);
INSERT INTO `countries` VALUES ('129', 'SRI LANKA', 'LK', 'ΣΤΡΙ ΛΑΝΚΑ', null, null);
INSERT INTO `countries` VALUES ('130', 'LIBERIA', 'LR', 'ΛΙΒΕΡΙΑ', null, null);
INSERT INTO `countries` VALUES ('131', 'LESOTHO', 'LS', 'ΛΕΣΣΟΤΟ', null, null);
INSERT INTO `countries` VALUES ('132', 'LITHUANIA', 'LT', 'ΛΙΘΟΥΑΝΙΑ', null, null);
INSERT INTO `countries` VALUES ('133', 'LUXEMBOURG', 'LU', 'ΛΟΥΞΕΜΒΟΥΡΓΟ', null, null);
INSERT INTO `countries` VALUES ('134', 'LATVIA', 'LV', 'ΛΕΤΤΟΝΙΑ', null, null);
INSERT INTO `countries` VALUES ('135', 'LIBYAN ARAB JAMAHIRIYA', 'LY', 'ΛΙΒΥΗ', null, null);
INSERT INTO `countries` VALUES ('136', 'MOROCCO', 'MA', 'ΜΑΡΟΚΟ', null, null);
INSERT INTO `countries` VALUES ('137', 'MONACO', 'MC', 'ΜΟΝΑΚΟ', null, null);
INSERT INTO `countries` VALUES ('138', 'MOLDOVA, REPUBLIC OF', 'MD', 'ΜΟΛΔΑΒΙΑ', null, null);
INSERT INTO `countries` VALUES ('139', 'MONTENEGRO', 'ME', 'ΜΑΥΡΟΒΟΥΝΙΟ', null, null);
INSERT INTO `countries` VALUES ('140', 'SAINT MARTIN', 'MF', 'ΑΓΙΟΣ ΜΑΡΤΙΝΟΣ', null, null);
INSERT INTO `countries` VALUES ('141', 'MADAGASCAR', 'MG', 'ΜΑΔΑΓΑΣΚΑΡΗ', null, null);
INSERT INTO `countries` VALUES ('142', 'MARSHALL ISLANDS', 'MH', 'ΝΗΣΟΙ ΜΑΡΣΑΛ', null, null);
INSERT INTO `countries` VALUES ('144', 'MALI', 'ML', 'ΜΑΛΙ', null, null);
INSERT INTO `countries` VALUES ('145', 'MYANMAR', 'MM', 'ΜΑΙΝΜΑΡ', null, null);
INSERT INTO `countries` VALUES ('146', 'MONGOLIA', 'MN', 'ΜΟΝΓΚΟΛΙΑ', null, null);
INSERT INTO `countries` VALUES ('147', 'MACAO', 'MO', 'ΜΑΚΑΟ', null, null);
INSERT INTO `countries` VALUES ('148', 'NORTHERN MARIANA ISLANDS', 'MP', 'ΝΗΣΟΙ ΒΟΡΙΕΣ ΜΑΡΙΑΝΕΣ', null, null);
INSERT INTO `countries` VALUES ('149', 'MARTINIQUE', 'MQ', 'ΜΑΡΤΙΝΙΚΑ', null, null);
INSERT INTO `countries` VALUES ('150', 'MAURITANIA', 'MR', 'ΜΑΥΡΙΤΑΝΙΑ', null, null);
INSERT INTO `countries` VALUES ('151', 'MONTSERRAT', 'MS', 'ΜΟΝΤΣΕΡΡΑΤ', null, null);
INSERT INTO `countries` VALUES ('152', 'MALTA', 'MT', 'ΜΑΛΤΑ', null, null);
INSERT INTO `countries` VALUES ('153', 'MAURITIUS', 'MU', 'ΜΑΥΡΙΚΙΟΣ', null, null);
INSERT INTO `countries` VALUES ('154', 'MALDIVES', 'MV', 'ΜΑΛΔΙΒΕΣ', null, null);
INSERT INTO `countries` VALUES ('155', 'MALAWI', 'MW', 'ΜΑΛΑΟΥΙ', null, null);
INSERT INTO `countries` VALUES ('156', 'MEXICO', 'MX', 'ΜΕΧΙΚΟ', null, null);
INSERT INTO `countries` VALUES ('157', 'MALAYSIA', 'MY', 'ΜΑΛΑΙΣΙΑ', null, null);
INSERT INTO `countries` VALUES ('158', 'MOZAMBIQUE', 'MZ', 'ΜΟΖΑΝΒΙΚΗ', null, null);
INSERT INTO `countries` VALUES ('159', 'NAMIBIA', 'NA', 'ΝΑΜΙΜΠΙΑ', null, null);
INSERT INTO `countries` VALUES ('160', 'NEW CALEDONIA', 'NC', 'ΝΕΑ ΚΑΛΙΔΟΝΙΑ', null, null);
INSERT INTO `countries` VALUES ('161', 'NIGER', 'NE', 'ΝΙΓΗΡΑΣ', null, null);
INSERT INTO `countries` VALUES ('162', 'NORFOLK ISLAND', 'NF', 'ΝΟΡΦΟΛΚ ΝΗΣΟΣ', null, null);
INSERT INTO `countries` VALUES ('163', 'NIGERIA', 'NG', 'ΝΙΓΕΡΙΑ', null, null);
INSERT INTO `countries` VALUES ('164', 'NICARAGUA', 'NI', 'ΝΙΚΑΡΑΓΟΥΑ', null, null);
INSERT INTO `countries` VALUES ('165', 'NETHERLANDS', 'NL', 'ΟΛΑΝΔΙΑ', null, null);
INSERT INTO `countries` VALUES ('166', 'NORWAY', 'NO', 'ΝΟΡΒΗΓΙΑ', null, null);
INSERT INTO `countries` VALUES ('167', 'NEPAL', 'NP', 'ΝΕΠΑΛ', null, null);
INSERT INTO `countries` VALUES ('168', 'NAURU', 'NR', 'ΝΑΟΥΡΟΥ', null, null);
INSERT INTO `countries` VALUES ('169', 'NIUE', 'NU', 'ΝΙΟΥΕ', null, null);
INSERT INTO `countries` VALUES ('170', 'NEW ZEALAND', 'NZ', 'ΝΕΑ ΖΗΛΑΝΔΙΑ', null, null);
INSERT INTO `countries` VALUES ('171', 'OMAN', 'OM', 'ΟΜΑΝ', null, null);
INSERT INTO `countries` VALUES ('172', 'PANAMA', 'PA', 'ΠΑΝΑΜΑΣ', null, null);
INSERT INTO `countries` VALUES ('173', 'PERU', 'PE', 'ΠΕΡΟΥ', null, null);
INSERT INTO `countries` VALUES ('174', 'FRENCH POLYNESIA', 'PF', 'ΓΑΛΛΙΚΗ ΠΟΛΥΝΗΣΙΑ', null, null);
INSERT INTO `countries` VALUES ('175', 'PAPUA NEW GUINEA', 'PG', 'ΠΑΠΟΥΑ ΝΕΑ ΓΟΥΙΝΕΑ', null, null);
INSERT INTO `countries` VALUES ('176', 'PHILIPPINES', 'PH', 'ΦΙΛΙΠΠΙΝΕΣ', null, null);
INSERT INTO `countries` VALUES ('177', 'PAKISTAN', 'PK', 'ΠΑΚΙΣΤΑΝ', null, null);
INSERT INTO `countries` VALUES ('178', 'POLAND', 'PL', 'ΠΟΛΩΝΙΑ', null, null);
INSERT INTO `countries` VALUES ('179', 'SAINT PIERRE AND MIQUELON', 'PM', 'ΑΓΙΟΣ ΠΕΤΡΟΣ ΚΑΙ ΜΙΚΕΛΟΝ', null, null);
INSERT INTO `countries` VALUES ('180', 'PITCAIRN', 'PN', 'ΝΗΣΟΙ ΠΙΤΚΑΙΡΝ', null, null);
INSERT INTO `countries` VALUES ('181', 'PUERTO RICO', 'PR', 'ΠΟΥΕΡΤΟ ΡΙΚΟ', null, null);
INSERT INTO `countries` VALUES ('183', 'PORTUGAL', 'PT', 'ΠΟΡΤΟΓΑΛΛΙΑ', null, null);
INSERT INTO `countries` VALUES ('184', 'PALAU', 'PW', 'ΠΑΛΑΟΥ', null, null);
INSERT INTO `countries` VALUES ('185', 'PARAGUAY', 'PY', 'ΠΑΡΑΓΟΥΑΗ', null, null);
INSERT INTO `countries` VALUES ('186', 'QATAR', 'QA', 'ΚΑΤΑΡ', null, null);
INSERT INTO `countries` VALUES ('187', 'RΕUNION', 'RE', 'ΡΕΪΒΙΟΝ', null, null);
INSERT INTO `countries` VALUES ('188', 'ROMANIA', 'RO', 'ΡΟΥΜΑΝΙΑ', null, null);
INSERT INTO `countries` VALUES ('189', 'SERBIA', 'RS', 'ΣΕΡΒΙΑ', null, null);
INSERT INTO `countries` VALUES ('190', 'RUSSIAN FEDERATION', 'RU', 'ΡΩΣΙΑ', null, null);
INSERT INTO `countries` VALUES ('191', 'RWANDA', 'RW', 'ΡΟΥΑΝΤΑ', null, null);
INSERT INTO `countries` VALUES ('192', 'SAUDI ARABIA', 'SA', 'ΣΑΟΥΔΙΚΗ ΑΡΑΒΙΑ', null, null);
INSERT INTO `countries` VALUES ('193', 'SOLOMON ISLANDS', 'SB', 'ΝΗΣΙΑ ΣΟΛΟΜΩΝΤΑ', null, null);
INSERT INTO `countries` VALUES ('194', 'SEYCHELLES', 'SC', 'ΣΕΥΧΕΛΕΣ', null, null);
INSERT INTO `countries` VALUES ('195', 'SUDAN', 'SD', 'ΣΟΥΔΑΝ', null, null);
INSERT INTO `countries` VALUES ('196', 'SWEDEN', 'SE', 'ΣΟΥΗΔΙΑ', null, null);
INSERT INTO `countries` VALUES ('197', 'SINGAPORE', 'SG', 'ΣΙΓΚΑΠΟΥΡΗ', null, null);
INSERT INTO `countries` VALUES ('199', 'SLOVENIA', 'SI', 'ΣΛΟΒΕΝΙΑ', null, null);
INSERT INTO `countries` VALUES ('200', 'SVALBARD AND JAN MAYEN', 'SJ', 'ΣΒΑΛΒΑΡΔ ΚΑΙ ΓΙΑΝ ΜΑΓΙΕΝ', null, null);
INSERT INTO `countries` VALUES ('201', 'SLOVAKIA', 'SK', 'ΣΛΟΒΑΚΙΑ', null, null);
INSERT INTO `countries` VALUES ('202', 'SIERRA LEONE', 'SL', 'ΣΙΕΡΡΑ ΛΕΟΝΕ', null, null);
INSERT INTO `countries` VALUES ('203', 'SAN MARINO', 'SM', 'ΣΑΝ ΜΑΡΙΝΟ', null, null);
INSERT INTO `countries` VALUES ('204', 'SENEGAL', 'SN', 'ΣΕΝΕΓΑΛΗ', null, null);
INSERT INTO `countries` VALUES ('205', 'SOMALIA', 'SO', 'ΣΟΜΑΛΙΑ', null, null);
INSERT INTO `countries` VALUES ('206', 'SURINAME', 'SR', 'ΣΟΥΡΙΝΑΜ', null, null);
INSERT INTO `countries` VALUES ('207', 'SAO TOME AND PRINCIPE', 'ST', 'ΑΓΙΟΣ ΘΩΜΑΣ ΚΑΙ ΠΡΙΓΚΙΠΑΣ', null, null);
INSERT INTO `countries` VALUES ('208', 'EL SALVADOR', 'SV', 'ΕΛ ΣΛΒΑΔΟΡ', null, null);
INSERT INTO `countries` VALUES ('209', 'SYRIAN ARAB REPUBLIC', 'SY', 'ΣΥΡΙΑ', null, null);
INSERT INTO `countries` VALUES ('210', 'SWAZILAND', 'SZ', 'ΣΟΥΑΖΙΛΑΝΔΗ', null, null);
INSERT INTO `countries` VALUES ('211', 'TURKS AND CAICOS ISLANDS', 'TC', 'ΝΗΣΟΙ ΤΕΡΚ ΚΑΙ ΚΕΙΚΟΣ', null, null);
INSERT INTO `countries` VALUES ('212', 'CHAD', 'TD', 'ΤΣΑΔ', null, null);
INSERT INTO `countries` VALUES ('213', 'FRENCH SOUTHERN TERRITORIES', 'TF', 'ΓΑΛΛΙΚΑ ΝΟΤΙΑ ΑΝΤΑΡΚ.ΕΔΑΦΗ', null, null);
INSERT INTO `countries` VALUES ('214', 'TOGO', 'TG', 'ΤΟΓΚΟ', null, null);
INSERT INTO `countries` VALUES ('215', 'THAILAND', 'TH', 'ΤΑΙΛΑΝΔΗ', null, null);
INSERT INTO `countries` VALUES ('216', 'TAJIKISTAN', 'TJ', 'ΤΑΤΖΙΚΙΣΤΑΝ', null, null);
INSERT INTO `countries` VALUES ('217', 'TOKELAU', 'TK', 'ΤΟΚΕΛΑΟΥ', null, null);
INSERT INTO `countries` VALUES ('218', 'TIMOR-LESTE', 'TL', 'ΑΝΑΤΟΛΙΚΟ ΤΙΜΟΡ', null, null);
INSERT INTO `countries` VALUES ('219', 'TURKMENISTAN', 'TM', 'ΤΟΥΡΚΜΕΝΙΣΤΑΝ', null, null);
INSERT INTO `countries` VALUES ('220', 'TUNISIA', 'TN', 'ΤΥΝΗΣΙΑ', null, null);
INSERT INTO `countries` VALUES ('221', 'TONGA', 'TO', 'ΤΟΝΓΚΑ', null, null);
INSERT INTO `countries` VALUES ('222', 'TURKEY', 'TR', 'ΤΟΥΡΚΙΑ', null, null);
INSERT INTO `countries` VALUES ('223', 'TRINIDAD AND TOBAGO', 'TT', 'ΤΡΙΝΙΝΤΑΝΤ', null, null);
INSERT INTO `countries` VALUES ('224', 'TUVALU', 'TV', 'ΤΟΥΜΠΑΛΟΥ', null, null);
INSERT INTO `countries` VALUES ('225', 'TAIWAN, PROVINCE OF CHINA', 'TW', 'ΤΑΙΒΑΝ', null, null);
INSERT INTO `countries` VALUES ('226', 'TANZANIA, UNITED REPUBLIC OF', 'TZ', 'ΤΑΝΖΑΝΙΑ', null, null);
INSERT INTO `countries` VALUES ('227', 'UKRAINE', 'UA', 'ΟΥΚΡΑΝΙΑ', null, null);
INSERT INTO `countries` VALUES ('228', 'UGANDA', 'UG', 'ΟΥΓΚΑΝΤΑ', null, null);
INSERT INTO `countries` VALUES ('230', 'UNITED STATES', 'US', 'ΗΠΑ', null, null);
INSERT INTO `countries` VALUES ('231', 'URUGUAY', 'UY', 'ΟΥΡΟΥΓΟΥΑΗ', null, null);
INSERT INTO `countries` VALUES ('232', 'UZBEKISTAN', 'UZ', 'ΟΥΖΜΠΕΚΙΣΤΑΝ', null, null);
INSERT INTO `countries` VALUES ('233', 'HOLY SEE (VATICAN CITY STATE)', 'VA', 'ΒΑΤΙΚΑΝΟ', null, null);
INSERT INTO `countries` VALUES ('236', 'VIRGIN ISLANDS, BRITISH', 'VG', 'ΝΗΣΟΙ ΒΙΤΖΙΝ, ΒΡΕΤΑΝΙΑ', null, null);
INSERT INTO `countries` VALUES ('237', 'VIRGIN ISLANDS, U.S.', 'VI', 'ΝΗΣΟΙ ΒΙΤΖΙΝ, ΗΠΑ', null, null);
INSERT INTO `countries` VALUES ('238', 'VIET NAM', 'VN', 'ΒΙΕΤΝΑΜ', null, null);
INSERT INTO `countries` VALUES ('239', 'VANUATU', 'VU', 'ΒΑΝΑΤΑΟΥ', null, null);
INSERT INTO `countries` VALUES ('240', 'WALLIS AND FUTUNA', 'WF', 'ΟΥΑΛΙΣ ΚΑΙ ΦΟΥΤΟΥΝΑ', null, null);
INSERT INTO `countries` VALUES ('241', 'SAMOA', 'WS', 'ΣΑΜΟΑ', null, null);
INSERT INTO `countries` VALUES ('242', 'YEMEN', 'YE', 'ΥΕΜΕΝΗ', null, null);
INSERT INTO `countries` VALUES ('243', 'MAYOTTE', 'YT', 'ΜΑΓΙΟΤ', null, null);
INSERT INTO `countries` VALUES ('244', 'SOUTH AFRICA', 'ZA', 'ΝΟΤΙΑ ΑΦΡΙΚΗ', null, null);
INSERT INTO `countries` VALUES ('245', 'ZAMBIA', 'ZM', 'ΖΑΜΠΙΑ', null, null);
INSERT INTO `countries` VALUES ('246', 'ZIMBABWE', 'ZW', 'ΖΙΜΠΑΜΠΟΥΕ', null, null);
INSERT INTO `countries` VALUES ('261', 'BOLIVIA', 'BO', 'ΒΟΛΙΒΙΑ', null, null);
INSERT INTO `countries` VALUES ('262', 'MICRONESIA', 'FM', 'ΜΙΚΡΟΝΗΣΙΑ', null, null);
INSERT INTO `countries` VALUES ('263', 'CONGO, THE DEMOCRATIC REPUBLIC', 'CD', 'ΛΑΪΚΗ ΔΗΜΟΚΡ.ΤΟΥ ΚΟΝΓΚΟ', null, null);
INSERT INTO `countries` VALUES ('264', 'SOUTH GEORGIA ISLANDS', 'GS', 'ΝΗΣΟΙ ΝΟΤΙΑ ΓΕΩΡΓΙΑ', null, null);
INSERT INTO `countries` VALUES ('265', 'HEARD  AND MCDONALD ISLAND', 'HM', 'ΝΗΣΟΙ ΧΕΑΡΝΤ ΚΑΙ ΜΑΚΝΤΟΝΑΛΝΤ', null, null);
INSERT INTO `countries` VALUES ('266', 'KOREA, DEMOCRATIC PEOPLE\'S', 'KP', 'ΚΟΡΕΑ, ΛΑΪΚΗ ΔΗΜΟΚΡΑΤΙΑ', null, null);
INSERT INTO `countries` VALUES ('267', 'LAO  DEMOCRATIC REPUBLIC', 'LA', 'ΛΑΟ, ΛΑΪΚΗ ΔΗΜΟΚΡΑΤΙΑ', null, null);
INSERT INTO `countries` VALUES ('268', 'F.Y.R.MACEDONIA', 'MK', 'ΜΑΚΕΔΟΝΙΑ, ΠΡΩΗΝ ΓΙΟΥΓΚΟΣΛ.ΔΗΜ', null, null);
INSERT INTO `countries` VALUES ('269', 'PALESTINIAN TERRITORY,', 'PS', 'ΠΑΛΑΙΣΤΙΝΙΑΚΟ ΚΡΑΤΟΣ', null, null);
INSERT INTO `countries` VALUES ('270', 'SAINT HELENA,', 'SH', 'ΝΗΣΟΣ ΑΓΙΑΣ ΕΛΛΕΝΗΣ', null, null);
INSERT INTO `countries` VALUES ('271', 'US MINOR OUTLYING ISLANDS', 'UM', 'ΑΠΟΜΑΚΡΥΣΜΕΝΕΣ ΝΗΣΙΔΕΣ ΗΠΑ', null, null);
INSERT INTO `countries` VALUES ('272', 'SAINT VINCENT AND GRENADINES', 'VC', 'ΑΓΙΟΣ ΒΙΚΕΝΤΙΟΣ & ΓΡΕΝΑΔΙΝΕΣ', null, null);
INSERT INTO `countries` VALUES ('273', 'VENEZUELA, BOLIVARIAN REPUBLIC', 'VE', 'ΒΕΝΕΖΟΥΕΛΑ', null, null);

-- ----------------------------
-- Table structure for `foreisasfalisis`
-- ----------------------------
CREATE TABLE `foreisasfalisis` (
  `IDC` int(11) NOT NULL AUTO_INCREMENT,
  `Perigrafi` varchar(100) DEFAULT NULL,
  PRIMARY KEY (`IDC`)
) ENGINE=InnoDB AUTO_INCREMENT=5 DEFAULT CHARSET=utf8;

-- ----------------------------
-- Records of foreisasfalisis
-- ----------------------------
INSERT INTO `foreisasfalisis` VALUES ('1', 'ΙΚΑ');
INSERT INTO `foreisasfalisis` VALUES ('2', 'ΟΓΑ');
INSERT INTO `foreisasfalisis` VALUES ('3', 'ΤΕΒΕ');
INSERT INTO `foreisasfalisis` VALUES ('4', 'ΤΣΜΕΔΕ');

-- ----------------------------
-- Table structure for `fylo`
-- ----------------------------
CREATE TABLE `fylo` (
  `IDc` int(11) NOT NULL AUTO_INCREMENT,
  `Perigrafi` varchar(10) DEFAULT NULL,
  PRIMARY KEY (`IDc`)
) ENGINE=InnoDB AUTO_INCREMENT=3 DEFAULT CHARSET=utf8;

-- ----------------------------
-- Records of fylo
-- ----------------------------
INSERT INTO `fylo` VALUES ('1', 'ΑΝΔΡΑΣ');
INSERT INTO `fylo` VALUES ('2', 'ΓΥΝΑΙΚΑ');

-- ----------------------------
-- Table structure for `ika`
-- ----------------------------
CREATE TABLE `ika` (
  `IDc` int(11) NOT NULL AUTO_INCREMENT,
  `Kodikos` double DEFAULT NULL,
  `Perigrafi` varchar(50) DEFAULT NULL,
  `Dnsi` varchar(50) DEFAULT NULL,
  `Poli` varchar(30) DEFAULT NULL,
  `TK` varchar(10) DEFAULT NULL,
  `Tilefono` varchar(30) DEFAULT NULL,
  `Sxolia` longtext,
  PRIMARY KEY (`IDc`),
  KEY `Perigrafi` (`Perigrafi`)
) ENGINE=InnoDB AUTO_INCREMENT=292 DEFAULT CHARSET=utf8;

-- ----------------------------
-- Records of ika
-- ----------------------------
INSERT INTO `ika` VALUES ('1', '1', 'ΑΘΗΝΑΣ', 'ΠΕΙΡΑΙΩΣ 64', 'ΑΘΗΝΑ', '104 36', null, null);
INSERT INTO `ika` VALUES ('2', '2', 'ΗΛΙΟΥΠΟΛΗΣ', 'ΚΟΥΝΤΟΥΡΙΩΤΗ 12', 'ΗΛΙΟΥΠΟΛΗ', '163 42', null, null);
INSERT INTO `ika` VALUES ('3', '3', 'ΧΑΙΔΑΡΙΟΥ', 'ΔΑΒΑΚΗ & ΔΩΔΕΚΑΝΗΣΟΥ', 'ΧΑΙΔΑΡΙ', '124 61', null, null);
INSERT INTO `ika` VALUES ('4', '4', 'ΑΓΙΟΥ ΙΕΡΟΘΕΟΥ', 'ΣΙΚΑΓΟΥ 12', 'ΠΕΡΙΣΤΕΡΙ', '121 35', null, null);
INSERT INTO `ika` VALUES ('5', '5', 'Ν.ΛΙΟΣΙΩΝ', 'ΑΧΑΙΑΣ & ΚΑΛΑΒΡΥΤΩΝ', 'Ν.ΛΙΟΣΙΑ', '131 21', '', '');
INSERT INTO `ika` VALUES ('6', '6', 'ΒΥΡΩΝΑ', 'ΝΕΑΠΟΛΕΩΣ 9-11', 'ΒΥΡΩΝΑΣ', '162 32', null, null);
INSERT INTO `ika` VALUES ('7', '9', 'ΑΓ.ΣΤΕΦΑΝΟΥ', 'ΧΕΛΜΟΥ 20', 'ΑΓ.ΣΤΕΦΑΝΟΣ', '145 65', null, null);
INSERT INTO `ika` VALUES ('8', '10', 'ΠΕΙΡΑΙΑ', 'ΚΟΛΟΚΟΤΡΩΝΗ 110', 'ΠΕΙΡΑΙΑΣ', '185 35', null, null);
INSERT INTO `ika` VALUES ('9', '11', 'ΑΜΦΙΑΛΗΣ', null, null, null, null, null);
INSERT INTO `ika` VALUES ('10', '21', 'ΛΑΥΡΙΟΥ', 'ΝΑΥΑΡΧΟΥ Π ΚΟΥΝΤΟΥΡΙΩΤΗ 6', 'ΛΑΥΡΙΟ', '195 00', null, null);
INSERT INTO `ika` VALUES ('11', '22', 'ΧΑΛΚΙΔΑΣ', 'ΠΛΑΤ. ΑΓΙΑΣ ΒΑΡΒΑΡΑΣ', 'ΧΑΛΚΙΔΑ', '341 00', null, null);
INSERT INTO `ika` VALUES ('12', '23', 'ΛΑΜΙΑΣ', 'ΠΑΛΑΙΟΛΟΓΟΥ 23', 'ΛΑΜΙΑ', '351 00', null, null);
INSERT INTO `ika` VALUES ('13', '24', 'ΑΓΡΙΝΙΟΥ', 'ΠΛΑΤ. ΛΟΥΡΙΩΤΗ 10', 'ΑΓΡΙΝΙΟ', '301 00', null, null);
INSERT INTO `ika` VALUES ('14', '25', 'ΜΕΣΟΛΟΓΓΙΟΥ', 'Κ.ΚΡΥΣΤΑΛΗ 5', 'ΜΕΣΟΛΟΓΓΙ', '302 00', null, null);
INSERT INTO `ika` VALUES ('15', '26', 'ΛΕΙΒΑΔΙΑΣ', 'ΓΕΩΡΓΑΝΤΑ 8Α', 'ΛΕΙΒΑΔΙΑ', '321 00', null, null);
INSERT INTO `ika` VALUES ('16', '27', 'ΕΛΕΥΣΙΝΑΣ', 'ΠΑΓΚΑΛΟΥ 56', 'ΕΛΕΥΣΙΝΑ', '192 00', null, null);
INSERT INTO `ika` VALUES ('17', '28', 'ΑΣΤΑΚΟΥ', null, 'ΑΣΤΑΚΟΣ', '300 06', null, null);
INSERT INTO `ika` VALUES ('18', '29', 'ΚΑΡΠΕΝΗΣΙΟΥ', 'ΡΗΓΑ ΦΕΡΑΙΟΥ 1', 'ΚΑΡΠΕΝΗΣΙ', '361 00', null, null);
INSERT INTO `ika` VALUES ('19', '30', 'ΑΛΙΒΕΡΙΟΥ', 'Γ.ΛΕΜΠΕΣΗ 33', 'ΑΛΙΒΕΡΙ', '345 00', null, null);
INSERT INTO `ika` VALUES ('20', '31', 'ΛΙΜΝΗΣ', null, 'ΛΙΜΝΗ ΕΥΒΟΙΑΣ', '340 05', null, null);
INSERT INTO `ika` VALUES ('21', '32', 'ΚΥΜΗΣ', null, 'ΚΥΜΗ ΕΥΒΟΙΑΣ', '340 03', null, null);
INSERT INTO `ika` VALUES ('22', '33', 'ΑΙΓΙΝΑΣ', null, 'ΑΙΓΙΝΑ', '180 10', null, null);
INSERT INTO `ika` VALUES ('23', '35', 'ΜΕΓΑΡΩΝ', 'Γ.ΜΑΥΡΟΥΚΑΚΗ 23', 'ΜΕΓΑΡΑ', '191 00', null, null);
INSERT INTO `ika` VALUES ('24', '36', 'ΑΛΙΑΤΡΟΥ', null, 'ΑΛΙΑΤΡΟΣ', '320 01', null, null);
INSERT INTO `ika` VALUES ('25', '37', 'ΘΗΒΑΣ', 'ΚΑΔΜΟΥ 4', 'ΘΗΒΑ', '322 00', null, null);
INSERT INTO `ika` VALUES ('26', '38', 'ΔΟΜΟΚΟΥ', null, 'ΔΟΜΟΚΟΣ', '350 10', null, null);
INSERT INTO `ika` VALUES ('27', '39', 'ΚΕΡΑΜΕΙΚΟΥ', 'ΚΕΙΡΙΑΔΩΝ 4', 'ΑΘΗΝΑ', '118 54', null, null);
INSERT INTO `ika` VALUES ('28', '40', 'ΠΑΤΗΣΙΩΝ', 'ΙΩΑΝ. ΔΡΟΣΟΠΟΥΛΟΥ 157', 'ΑΘΗΝΑ', '112 56', null, null);
INSERT INTO `ika` VALUES ('29', '41', 'ΑΛΕΞΑΝΔΡΑΣ', 'ΛΕΩΦ.ΑΛΕΞΑΝΔΡΑΣ 152', 'ΑΘΗΝΑ', '114 71', null, null);
INSERT INTO `ika` VALUES ('30', '42', 'ΠΑΓΚΡΑΤΙΟΥ', 'ΚΟΝΩΝΟΣ 54', 'ΑΘΗΝΑ', '116 33', null, null);
INSERT INTO `ika` VALUES ('31', '43', 'ΑΜΦΙΣΣΑΣ', 'ΠΛΑΤΕΙΑ ΚΕΧΑΓΙΑ', 'ΑΜΦΙΣΣΑ', '331 00', null, null);
INSERT INTO `ika` VALUES ('32', '44', 'ΚΑΛΛΙΘΕΑΣ', 'ΔΑΒΑΚΗ & ΣΩΚΡΑΤΟΥΣ', 'ΚΑΛΛΙΘΕΑ', '176 72', null, null);
INSERT INTO `ika` VALUES ('33', '4', '5 ΠΕΡΙΣΤΕΡΙΟΥ', 'ΒΑΣ.ΑΛΕΞΑΝΔΡΟΥ 105', 'ΠΕΡΙΣΤΕΡΙ', '121 3', null, '1');
INSERT INTO `ika` VALUES ('34', '46', 'ΝΕΟΥ ΚΟΣΜΟΥ', 'ΜΑΧΗΣ ΑΝΑΛΑΤΟΥ & ΛΑΓΟΥΜΙΤΖΗ', 'ΑΘΗΝΑ', '117 44', null, null);
INSERT INTO `ika` VALUES ('35', '47', 'ΧΑΛΑΝΔΡΙΟΥ', 'ΔΗΜΟΣΘΕΝΟΥΣ 8 & ΦΙΛΙΠΟΥ ΛΙΤΣΑ', 'ΧΑΛΑΝΔΡΙ', '152 34', null, null);
INSERT INTO `ika` VALUES ('36', '48', 'ΔΡΑΠΕΤΣΩΝΑΣ', 'ΤΑΞΙΑΡΧΩΝ 128', 'ΔΡΑΠΕΤΣΩΝΑ', '186 48', null, null);
INSERT INTO `ika` VALUES ('37', '49', 'ΣΤΥΛΙΔΑΣ', 'ΛΑΜΙΑΣ 23', 'ΣΤΥΛΙΔΑ', '353 00', null, null);
INSERT INTO `ika` VALUES ('38', '50', 'ΙΤΕΑΣ', null, 'ΙΤΕΑ ΦΩΚΙΔΑΣ', '332 00', null, null);
INSERT INTO `ika` VALUES ('39', '51', 'ΑΤΑΛΑΝΤΗΣ', null, 'ΑΤΑΛΑΝΤΗ', '352 00', null, null);
INSERT INTO `ika` VALUES ('40', '52', 'ΜΟΝΤΟΥΔΙΟΥ', null, 'ΜΟΝΤΟΥΔΙ', '340 04', null, null);
INSERT INTO `ika` VALUES ('41', '53', 'ΑΣΠΡΟΠΥΡΓΟΥ', 'ΠΑΡΑΛΙΑ ΑΣΠΡΟΠΥΡΓΟΥ', 'ΑΣΠΡΟΠΥΡΓΟΣ', '193 00', null, null);
INSERT INTO `ika` VALUES ('42', '54', 'ΝΕΑΣ ΙΩΝΙΑΣ', 'ΧΡΥΣ.ΣΜΥΡΝΗΣ 3', 'Ν.ΙΩΝΙΑ', '142 34', null, null);
INSERT INTO `ika` VALUES ('43', '55', 'ΣΑΛΑΜΙΝΑΣ', 'ΛΕΩΦ.ΣΑΛΑΜΙΝΑΣ & ΑΙΑΝΤΕΙΟΥ', 'ΣΑΛΑΜΙΝΑ', '189 00', null, null);
INSERT INTO `ika` VALUES ('44', '56', 'ΑΙΓΑΛΕΩ', 'ΚΑΠΟΔΙΣΤΡΙΟΥ 2', 'ΑΙΓΑΛΕΩ', '122 41', null, null);
INSERT INTO `ika` VALUES ('45', '57', 'ΑΓΙΑΣ ΣΟΦΙΑΣ', 'ΚΡΙΕΖΩΤΟΥ 52', 'ΠΕΙΡΑΙΑΣ', '185 45', null, null);
INSERT INTO `ika` VALUES ('46', '58', 'ΝΙΚΑΙΑΣ', 'Π. ΡΑΛΛΗ 144', 'ΝΙΚΑΙΑ', '184 53', null, null);
INSERT INTO `ika` VALUES ('47', '59', 'ΚΑΜΙΝΙΩΝ', 'ΜΟΥΤΣΟΠΟΥΛΟΥ 32', 'ΠΕΙΡΑΙΑΣ', '185 40', null, null);
INSERT INTO `ika` VALUES ('48', '60', 'ΠΛ.ΣΥΝΤΑΓΜΑΤΟΣ', 'ΑΜΕΡΙΚΗΣ 10', 'ΑΘΗΝΑ', '106 71', null, null);
INSERT INTO `ika` VALUES ('49', '61', 'ΠΛΑΤ.ΑΤΤΙΚΗΣ', 'ΤΣΟΥΔΕΡΟΥ 61', 'ΑΘΗΝΑ', '104 45', null, null);
INSERT INTO `ika` VALUES ('50', '62', 'ΠΛΑΤ.ΟΜΟΝΟΙΑΣ', 'ΚΑΠΟΔΙΣΤΡΙΟΥ 33 & Γ\'ΣΕΠΤΕΜΒΡΙΟΥ', 'ΑΘΗΝΑ', '104 32', null, null);
INSERT INTO `ika` VALUES ('51', '63', 'ΖΩΓΡΑΦΟΥ', 'ΠΑΠΑΔΙΑΜΑΝΤΟΠΟΥΛΟΥ 80', 'ΖΩΓΡΑΦΟΥ', '157 71', null, null);
INSERT INTO `ika` VALUES ('52', '64', 'ΑΜΑΡΟΥΣΙΟΥ', 'ΧΑΤΖΗΑΝΤΩΝΙΟΥ 14', 'ΑΜΑΡΟΥΣΙΟ', '151 24', null, null);
INSERT INTO `ika` VALUES ('53', '65', 'ΑΓ.ΠΑΡΑΣΚΕΥΗΣ', 'ΜΕΣΟΓΕΙΩΝ 493', 'ΑΓ.ΠΑΡΑΣΚΕΥΗ', '153 43', null, null);
INSERT INTO `ika` VALUES ('54', '66', 'ΑΙΔΗΨΟΥ', null, 'ΛΟΥΤΡΑ ΑΙΔΗΨΟΥ', '343 00', null, null);
INSERT INTO `ika` VALUES ('55', '67', 'ΣΠΕΤΣΩΝ', null, 'ΣΠΕΤΣΕΣ', '180 50', null, null);
INSERT INTO `ika` VALUES ('56', '68', 'ΠΟΡΟΥ', null, 'ΠΟΡΟΣ ΤΡΟΙΖΗΝΙΑΣ', '180 20', null, null);
INSERT INTO `ika` VALUES ('57', '70', 'ΑΜΦΙΛΟΧΙΑΣ', 'Ν.ΣΤΡΑΤΟΥ 20', 'ΑΜΦΙΛΟΧΙΑ', '305 00', null, null);
INSERT INTO `ika` VALUES ('58', '71', 'ΠΕΡΑΜΑΤΟΣ', 'ΕΘΝΑΡΧΟΥ ΜΑΚΑΡΙΟΥ 7', 'ΠΕΡΑΜΑ', '188 63', null, null);
INSERT INTO `ika` VALUES ('59', '72', 'ΠΑΡΑΛ.ΔΙΣΤΟΜΟΥ', 'ΡΗΓΑ ΦΕΡΑΙΟΥ 14', 'ΠΑΡΑΛ.ΔΙΣΤΟΜΟΥ', '320 03', null, null);
INSERT INTO `ika` VALUES ('60', '73', 'Ν.ΦΙΛΑΔΕΛΦΕΙΑΣ', 'ΑΓ.ΤΡΙΑΔΟΣ 6', 'Ν.ΦΙΛΑΔΕΛΦΕΙΑ', '143 41', null, null);
INSERT INTO `ika` VALUES ('61', '74', 'ΑΓ.ΚΩΝΣΤΑΝΤΙΝΟΥ', null, 'ΑΓ.ΚΩΝ/ΝΟΣ ΛΟΚ', '350 06', null, null);
INSERT INTO `ika` VALUES ('62', '75', 'ΚΑΡΥΣΤΟΥ', 'ΑΜΑΛΙΑΣ', 'ΚΑΡΥΣΤΟΣ', '340 01', null, null);
INSERT INTO `ika` VALUES ('63', '76', 'ΚΟΡΩΠΙΟΥ', 'ΒΑΣ.ΚΩΝ/ΝΟΥ 101', 'ΚΟΡΩΠΙ', '194 00', null, null);
INSERT INTO `ika` VALUES ('64', '77', 'ΙΣΤΙΑΙΑΣ', 'ΠΑΠΑΦΛΕΣΣΑ 6', 'ΙΣΤΙΑΙΑ', '342 00', null, null);
INSERT INTO `ika` VALUES ('65', '78', 'ΛΑΡΥΜΝΑΣ', null, 'ΛΑΡΥΜΝΑ', '350 12', null, null);
INSERT INTO `ika` VALUES ('66', '79', 'ΜΑΚΡΑΚΩΜΗΣ', null, 'ΜΑΚΡΑΚΩΜΗ', '350 11', null, null);
INSERT INTO `ika` VALUES ('67', '80', 'ΚΕΡΑΤΕΑΣ', 'ΓΡΗΓΟΡΙΟΥ Ε\' 11', 'ΚΕΡΑΤΕΑ', '190 01', null, null);
INSERT INTO `ika` VALUES ('68', '81', 'ΣΚΑΛΑΣ ΟΡΩΠΟΥ', 'ΠΛΑΤ.ΧΡΥΣ.ΣΜΥΡΝΗΣ', 'ΝΕΑ ΠΑΛΑΤΙΑ', '190 15', null, null);
INSERT INTO `ika` VALUES ('69', '82', 'ΡΑΦΗΝΑΣ', 'Β.ΓΕΩΡΓΙΟΥ 22', 'ΡΑΦΗΝΑ', '190 09', null, null);
INSERT INTO `ika` VALUES ('70', '83', 'ΑΓ.ΑΝΑΡΓΥΡΩΝ', 'ΕΡΕΧΘΕΙΩΝ 2 & ΗΡΩΩΝ ΠΟΛΥΤΕΧΝΕΙΟΥ', 'ΑΓ.ΑΝΑΡΓΥΡΟΙ', '135 61', null, null);
INSERT INTO `ika` VALUES ('71', '84', 'ΓΛΥΦΑΔΑΣ', 'ΦΑΙΔΡΑΣ 4', 'ΓΛΥΦΑΔΑ', '166 75', null, null);
INSERT INTO `ika` VALUES ('72', '85', 'ΟΙΝΟΦΥΤΩΝ', '25ΗΣ ΜΑΡΤΙΟΥ', 'ΟΙΝΟΦΥΤΑ', '320 11', null, null);
INSERT INTO `ika` VALUES ('73', '86', 'ΜΑΡΚΟΠΟΥΛΟΥ', 'Λ.ΑΘΗΝΩΝ 8', 'ΜΑΡΚΟΠΟΥΛΟ', '190 03', null, null);
INSERT INTO `ika` VALUES ('74', '87', 'ΔΙΣΤΟΜΟΥ', '10ΗΣ ΙΟΥΝΙΟΥ 51', 'ΔΙΣΤΟΜΟ', '320 05', null, null);
INSERT INTO `ika` VALUES ('75', '88', 'ΑΝΔΡΟΥ', null, 'ΑΝΔΡΟΣ', '845 00', null, null);
INSERT INTO `ika` VALUES ('76', '89', 'ΚΑΤΩ ΤΙΘΟΡΕΑΣ', null, 'ΚΑΤΩ ΤΙΘΟΡΕΑ', '350 15', null, null);
INSERT INTO `ika` VALUES ('77', '90', 'ΓΡΑΒΙΑΣ', null, 'ΓΡΑΒΙΑ', '330 57', null, null);
INSERT INTO `ika` VALUES ('78', '91', 'ΟΡΧΟΜΕΝΟΥ', 'ΚΗΦΗΣΟΥ 4', 'ΟΡΧΟΜΕΝΟΣ', '323 00', null, null);
INSERT INTO `ika` VALUES ('79', '93', 'ΚΑΜΑΤΕΡΟΥ', 'Β.ΓΕΩΡΓΙΟΥ 40', 'ΚΑΜΑΤΕΡΟ', '134 51', null, null);
INSERT INTO `ika` VALUES ('80', '94', 'ΣΠΑΤΩΝ', null, 'ΣΠΑΤΑ', '190 04', null, null);
INSERT INTO `ika` VALUES ('81', '95', 'ΑΧΑΡΝΩΝ', 'ΔΕΚΑΛΙΑΣ 34', 'ΑΧΑΡΝΕΣ', '136 71', null, null);
INSERT INTO `ika` VALUES ('82', '96', 'ΓΑΛΑΤΣΙΟΥ', 'ΒΕΙΚΟΥ 35', 'ΓΑΛΑΤΣΙ', '111 46', null, null);
INSERT INTO `ika` VALUES ('83', '97', 'ΔΑΦΝΗΣ', 'Λ.ΒΟΥΛΙΑΓΜΕΝΗΣ & ΕΛΛΗΣ 1', 'ΔΑΦΝΗ', '172 35', null, null);
INSERT INTO `ika` VALUES ('84', '98', 'ΜΟΣΧΑΤΟΥ', 'ΘΕΡΜΟΠΥΛΩΝ 53', 'ΜΟΣΧΑΤΟ', '183 45', null, null);
INSERT INTO `ika` VALUES ('85', '101', 'ΠΑΤΡΑΣ', 'ΚΟΡΙΝΘΟΥ 331', 'ΠΑΤΡΑ', '262 22', null, null);
INSERT INTO `ika` VALUES ('86', '102', 'ΚΑΛΑΜΑΤΑΣ', 'ΠΛΑΤΩΝΟΣ & ΚΑΝΑΡΗ', 'ΚΑΛΑΜΑΤΑ', '241 00', null, null);
INSERT INTO `ika` VALUES ('87', '103', 'ΑΙΓΙΟΥ', 'ΝΙΚ.ΠΛΑΣΤΗΡΑ 19', 'ΑΙΓΙΟ', '251 00', null, null);
INSERT INTO `ika` VALUES ('88', '104', 'ΠΥΡΓΟΥ', 'ΑΧΙΛΛΕΩΣ 23', 'ΠΥΡΓΟΣ ΗΛΕΙΑΣ', '271 00', null, null);
INSERT INTO `ika` VALUES ('89', '105', 'ΤΡΙΠΟΛΗΣ', 'ΔΑΒΙΑΣ 4', 'ΤΡΙΠΟΛΗ', '221 00', null, null);
INSERT INTO `ika` VALUES ('90', '106', 'ΑΡΓΟΥΣ', 'ΚΑΠΟΔΙΣΤΡΙΟΥ 6', 'ΑΡΓΟΣ', '212 00', null, null);
INSERT INTO `ika` VALUES ('91', '107', 'ΚΟΡΙΝΘΟΥ', 'ΔΕΡΒΕΝΑΚΙΩΝ 34', 'ΚΟΡΙΝΘΟΣ', '201 00', null, null);
INSERT INTO `ika` VALUES ('92', '108', 'ΣΠΑΡΤΗΣ', 'ΛΕΩΝΙΔΟΥ 82', 'ΣΠΑΡΤΗ', '231 00', null, null);
INSERT INTO `ika` VALUES ('93', '109', 'ΤΡΟΠΑΙΩΝ', null, 'ΤΡΟΠΑΙΑ', '220 08', null, null);
INSERT INTO `ika` VALUES ('94', '110', 'ΜΕΓΑΛΟΠΟΛΗΣ', 'ΓΟΡΤΥΝΙΑΣ 31', 'ΜΕΓΑΛΟΠΟΛΗ', '222 00', null, null);
INSERT INTO `ika` VALUES ('95', '111', 'ΝΑΥΠΛΙΟΥ', '25ΗΣ ΜΑΡΤΙΟΥ 45', 'ΝΑΥΠΛΙΟ', '211 00', null, null);
INSERT INTO `ika` VALUES ('96', '112', 'ΝΑΥΠAΚΤΟΥ', 'ΜΑΝΑΣΗ 121', 'ΝΑΥΠΑΚΤΟΣ', '303 00', null, null);
INSERT INTO `ika` VALUES ('97', '113', 'ΑΜΑΛΙΑΔΑΣ', 'ΚΑΛΑΒΡΥΤΩΝ 21', 'ΑΜΑΛΙΑΔΑ', '272 00', null, null);
INSERT INTO `ika` VALUES ('98', '114', 'ΠΥΛΟΥ', null, 'ΠΥΛΟΣ', '240 01', null, null);
INSERT INTO `ika` VALUES ('99', '115', 'ΜΕΣΣΗΝΗΣ', null, 'ΜΕΣΣΗΝΗ', '242 00', null, null);
INSERT INTO `ika` VALUES ('100', '116', 'ΚΙΑΤΟΥ', '28ΗΣ ΟΚΤΩΜΒΡΙΟΥ 6', 'ΚΙΑΤΟ', '202 00', null, null);
INSERT INTO `ika` VALUES ('101', '117', 'ΓΥΘΕΙΟΥ', 'ΒΑΣ.ΠΑΥΛΟΥ', 'ΓΥΘΕΙΟ', '232 00', null, null);
INSERT INTO `ika` VALUES ('102', '118', 'ΛΟΥΤΡΑΚΙΟΥ', 'Δ.ΣΟΛΩΜΟΥ 1', 'ΛΟΥΤΡΑΚΙ', '203 00', null, null);
INSERT INTO `ika` VALUES ('103', '119', 'ΚΥΠΑΡΙΣΣΙΑΣ', 'ΚΟΚΚΕΒΗ 16', 'ΚΥΠΑΡΙΣΣΙΑ', '245 00', null, null);
INSERT INTO `ika` VALUES ('104', '120', 'ΦΙΛΙΑΤΡΩΝ', null, 'ΦΙΛΙΑΤΡΑ', '243 00', null, null);
INSERT INTO `ika` VALUES ('105', '121', 'ΓΑΡΓΑΛΙΑΝΩΝ', 'ΝΙΚΟΛΟΠΟΥΛΟΥ 16', 'ΓΑΡΓΑΛΙΑΝΟΙ', '244 00', null, null);
INSERT INTO `ika` VALUES ('106', '122', 'ΖΑΧΑΡΩΣ', null, 'ΖΑΧΑΡΩ', '270 54', null, null);
INSERT INTO `ika` VALUES ('107', '123', 'ΚΡΕΣΤΕΝΩΝ', null, 'ΚΡΕΣΤΕΝΑ', '270 55', null, null);
INSERT INTO `ika` VALUES ('108', '124', 'ΕΡΜΙΟΝΗΣ', null, 'ΕΡΜΙΟΝΗ', '210 51', null, null);
INSERT INTO `ika` VALUES ('109', '125', 'ΜΕΛΙΓΑΛΑ', null, 'ΜΕΛΙΓΑΛΑΣ', '240 02', null, null);
INSERT INTO `ika` VALUES ('110', '126', 'ΞΥΛΟΚΑΣΤΡΟΥ', 'ΑΔΑΜΟΠΟΥΛΟΥ 5', 'ΞΥΛΟΚΑΣΤΡΟ', '204 00', null, null);
INSERT INTO `ika` VALUES ('111', '127', 'ΚΑΤΩ ΑΧΑΙΑΣ', 'ΠΑΛΑΙΑ ΠΛΑΤΕΙΑ', 'ΚΑΤΩ ΑΧΑΙΑ', '252 00', null, null);
INSERT INTO `ika` VALUES ('112', '128', 'ΛΕΧΑΙΝΩΝ', null, 'ΛΕΧΑΙΝΑ', '270 53', null, null);
INSERT INTO `ika` VALUES ('113', '129', 'ΓΑΣΤΟΥΝΗΣ', 'ΓΙΑΝΝΑΚΟΠΟΥΛΟΥ 5', 'ΓΑΣΤΟΥΝΗ', '273 00', null, null);
INSERT INTO `ika` VALUES ('114', '130', 'ΑΣΤΡΟΥΣ', null, 'ΑΣΤΡΟΣ', '220 01', null, null);
INSERT INTO `ika` VALUES ('115', '131', 'ΑΓΙΟΥ ΑΛΕΞΙΟΥ', 'ΓΙΑΝΝΙΤΣΩΝ 5', 'ΑΓ.ΑΛΕΞΙΟΣ ΠΑΤ.', '262 23', null, null);
INSERT INTO `ika` VALUES ('116', '132', 'ΑΝΩ ΠΟΛΗΣ ΠΑΤΡΑ', 'ΓΕΡΜΑΝΟΥ 128', 'ΑΝΩ ΠΟΛΗ ΠΑΤΡΑ', '263 31', null, null);
INSERT INTO `ika` VALUES ('117', '133', 'ΚΡΑΝΙΔΙΟΥ', null, 'ΚΡΑΝΙΔΙ', '213 00', null, null);
INSERT INTO `ika` VALUES ('118', '134', 'ΔΕΡΒΕΝΙΟΥ', null, 'ΔΕΡΒΕΝΙ', '200 09', null, null);
INSERT INTO `ika` VALUES ('119', '135', 'ΛΕΩΝΙΔΙΟΥ', null, 'ΛΕΩΝΙΔΙ', '223 00', null, null);
INSERT INTO `ika` VALUES ('120', '136', 'ΑΓ.ΑΝΝΑΣ', 'ΕΥΟΙΑΣ', 'ΑΓ.ΑΝΝΑ ΧΑΛΚΙΔΑΣ', '340 10', null, null);
INSERT INTO `ika` VALUES ('121', '137', 'ΜΟΛΑΩΝ', null, 'ΜΟΛΑΟΙ', '230 52', null, null);
INSERT INTO `ika` VALUES ('122', '138', 'ΣΚΑΛΑ ΛΑΚΩΝΙΑΣ', null, 'ΣΚΑΛΑ ΛΑΚΩΝΙΑΣ', '230 51', null, null);
INSERT INTO `ika` VALUES ('123', '139', 'ΝΕΑΠΟΛΗΣ ΛΑΚΩΝΙΑΣ', null, 'ΝΕΑΠΟΛΗ ΛΑΚΩΝΙΑΣ', '230 53', null, null);
INSERT INTO `ika` VALUES ('124', '140', 'ΒΑΡΘΟΛΟΜΙΟΥ', null, 'ΒΑΡΘΟΛΟΜΙΟ', '270 50', null, null);
INSERT INTO `ika` VALUES ('125', '141', 'ΦΟΥΡΝΩΝ', null, 'ΦΟΥΡΝΑ ΕΥΡΥΤΑΝΙΑΣ', '360 80', null, null);
INSERT INTO `ika` VALUES ('126', '142', 'ΒΑΡΚΙΖΑ', 'ΘΗΣΕΩΣ 28', 'ΒΑΡΚΙΖΑ', '166 72', null, null);
INSERT INTO `ika` VALUES ('127', '143', 'ΝΕΜΕΑΣ', 'ΔΕΡΒΕΝΑΚΙΩΝ 6', 'ΝΕΜΕΑ', '205 00', null, null);
INSERT INTO `ika` VALUES ('128', '144', 'ΡΙΟΥ', null, 'ΡΙΟ ΠΑΤΡΑΣ', '265 00', null, null);
INSERT INTO `ika` VALUES ('129', '145', 'ΑΡΧ. ΟΛΥΜΠΙΑΣ', null, null, null, null, null);
INSERT INTO `ika` VALUES ('130', '146', 'ΑΚΡΑΤΑΣ', null, 'ΑΚΡΑΤΑ', '250 06', null, null);
INSERT INTO `ika` VALUES ('131', '147', 'ΑΜΦΙΚΛΕΙΑΣ', null, 'ΑΜΦΙΚΛΕΙΑ', '350 02', null, null);
INSERT INTO `ika` VALUES ('132', '201', 'ΕΡΜΟΥΠΟΛΗΣ ΣΥΡΟΥ', 'ΒΑΣ.ΚΩΝ/ΝΟΥ 13', 'ΣΥΡΟΣ', '841 00', null, null);
INSERT INTO `ika` VALUES ('133', '202', 'ΧΙΟΥ', 'ΠΡΟΚΥΜΑΙΑΣ 60', 'ΧΙΟΣ', '821 00', null, null);
INSERT INTO `ika` VALUES ('134', '203', 'ΜΥΤΙΛΗΝΗΣ', 'ΠΛΑΤ.ΜΑΡΤΥΡΩΝ', 'ΜΥΤΙΛΗΝΗ', '811 00', null, null);
INSERT INTO `ika` VALUES ('135', '204', 'ΣΑΜΟΥ', 'ΘΕΜΙΣΤΟΚΛΗ ΣΟΦΟΥΛΗ 51', 'ΣΑΜΟΣ', '831 00', null, null);
INSERT INTO `ika` VALUES ('136', '205', 'ΜΗΛΟΥ', null, 'ΜΗΛΟΣ', '848 00', null, null);
INSERT INTO `ika` VALUES ('137', '206', 'ΚΑΡΛΟΒΑΣΙΟΥ', null, 'ΚΑΡΛΟΒΑΣΙ', '832 00', null, null);
INSERT INTO `ika` VALUES ('138', '207', 'ΜΥΡΙΝΑΣ ΛΗΜΝΟΥ', 'ΓΑΡΟΦΑΛΛΕΙΔΙΟΥ 10', 'ΜΥΡΙΝΑ', '814 00', null, null);
INSERT INTO `ika` VALUES ('139', '208', 'ΠΛΩΜΑΡΙΟΥ', null, 'ΠΛΩΜΑΡΙ', '812 00', null, null);
INSERT INTO `ika` VALUES ('140', '209', 'ΝΑΞΟΥ', null, 'ΝΑΞΟΣ', '843 00', null, null);
INSERT INTO `ika` VALUES ('141', '210', 'ΠΑΠΑΔΟΥ', null, 'ΠΑΠΠΑΔΟΣ', '811 06', null, null);
INSERT INTO `ika` VALUES ('142', '211', 'ΠΟΛΙΧΝΙΤΟΥ', 'ΑΓ.ΓΕΩΡΓΙΟΥ 23', 'ΠΟΛΙΧΝΙΤΟΣ', '813 00', null, null);
INSERT INTO `ika` VALUES ('143', '212', 'ΘΗΡΑΣ', null, 'ΘΗΡΑ', '847 00', null, null);
INSERT INTO `ika` VALUES ('144', '213', 'ΣΕΡΙΦΟΥ', null, 'ΣΕΡΙΦΟΣ', '840 05', null, null);
INSERT INTO `ika` VALUES ('145', '214', 'ΤΗΝΟΥ', 'ΛΕΩΦ.ΜΕΓΑΛΟΧΑΡΗΣ 19', 'ΤΗΝΟΣ', '842 00', null, null);
INSERT INTO `ika` VALUES ('146', '215', 'ΜΗΘΥΜΝΑΣ', null, 'ΜΗΘΥΜΝΑ', '811 08', null, null);
INSERT INTO `ika` VALUES ('147', '216', 'ΜΥΚΟΝΟΥ', null, 'ΜΥΚΟΝΟΣ', '846 00', null, null);
INSERT INTO `ika` VALUES ('148', '217', 'ΚΑΛΛΟΝΗΣ', null, 'ΚΑΛΛΟΝΗ ΛΕΣΒΟΥ', '811 07', null, null);
INSERT INTO `ika` VALUES ('149', '218', 'ΠΑΡΟΥ', 'ΠΛΑΤ.ΜΑΡΤΥΡΩΝ', 'ΠΑΡΟΣ', '844 00', null, null);
INSERT INTO `ika` VALUES ('150', '219', 'ΑΓΙΟΥ ΚΗΡΥΚΟΥ', null, 'ΑΓΙΟΣ ΚΗΡΥΚΟΣ', '833 00', null, null);
INSERT INTO `ika` VALUES ('151', '301', 'ΧΑΝΙΩΝ', 'ΒΟΛΟΥΔΑΚΗΔΩΝ 16', 'ΧΑΝΙΑ', '731 00', null, null);
INSERT INTO `ika` VALUES ('152', '302', 'ΗΡΑΚΛΕΙΟΥ', 'ΑΓ.ΜΗΝΑ 11', 'ΗΡΑΚΛΕΙΟ ΚΡΗΤΗΣ', '712 01', null, null);
INSERT INTO `ika` VALUES ('153', '303', 'ΡΕΘΥΜΝΟΥ', 'ΧΑΤΖΗΔΑΚΗ 29', 'ΡΕΘΥΜΝΟ', '741 00', null, null);
INSERT INTO `ika` VALUES ('154', '304', 'ΙΕΡΑΠΕΤΡΑΣ', 'ΓΙΑΝΝΑΚΟΥ 19', 'ΙΕΡΑΠΕΤΡΑ', '722 00', null, null);
INSERT INTO `ika` VALUES ('155', '305', 'ΑΓΙΟΥ ΝΙΚΟΛΑΟΥ', 'ΛΑΣΘΕΝΟΥΣ 7', 'ΑΓ.ΝΙΚΟΛΑΟΣ ΛΑ', '721 00', null, null);
INSERT INTO `ika` VALUES ('156', '306', 'ΣΗΤΕΙΑΣ', 'ΠΑΠΑΝΑΣΤΑΣΙΟΥ 39', 'ΣΗΤΕΙΑ', '723 00', null, null);
INSERT INTO `ika` VALUES ('157', '307', 'ΝΕΑΠΟΛΗΣ', '72400', 'ΝΕΑΠΟΛΗ ΚΡΗΤΗΣ', '724 00', null, null);
INSERT INTO `ika` VALUES ('158', '308', 'ΚΙΣΣΑΜΟΥ', null, 'ΚΙΣΣΑΜΟΣ', '734 00', null, null);
INSERT INTO `ika` VALUES ('159', '309', 'ΜΟΙΡΩΝ', 'ΑΓΙΟΥ ΓΕΩΡΓΙΟΥ & ΜΗΤΡΟΠΟΛΗΣ', 'ΜΟΙΡΕΣ', '704 00', null, null);
INSERT INTO `ika` VALUES ('160', '310', 'ΤΥΜΠΑΚΙΟΥ', null, 'ΤΥΜΠΑΚΙ', '702 00', null, null);
INSERT INTO `ika` VALUES ('161', '311', 'ΑΡΚΑΛΟΧΩΡΙΟΥ', 'ΕΘΝ.ΑΝΤΙΣΤΑΣΕΩΣ 18', 'ΑΡΚΑΛΟΧΩΡΙ ΗΡ.', '703 00', null, null);
INSERT INTO `ika` VALUES ('162', '312', 'ΛΙΜΕΝΑ ΧΕΡΣΟΝΗΣΟΥ', null, 'ΛΙΜΑΝΑΣ  ΧΕΡΣΟΝΗΣΟΥ', '700 1', null, '4');
INSERT INTO `ika` VALUES ('163', '313', 'ΠΕΡΑΜΑΤΟΣ ΡΕΘΥΜΝΟΥ', null, 'ΠΕΡΑΜΑ ΡΕΘΥΜΝΟΥ', '740 52', null, null);
INSERT INTO `ika` VALUES ('164', '314', 'Ν.ΑΛΙΚΑΡΝΑΣΣΟΥ', 'ΗΡΟΔΟΤΟΥ 122', 'Ν.ΑΛΙΚΑΡΝΑΣΣΟΣ', '714 08', null, null);
INSERT INTO `ika` VALUES ('165', '315', 'ΚΑΜΙΝΙΩΝ ΗΡΑΚΛΕΙΟΥ', 'ΥΑΚΙΝΘΟΥ 9', 'ΚΑΜΙΝΙΑ ΗΡΑΚΛΕΙΟΥ', '713 03', null, null);
INSERT INTO `ika` VALUES ('166', '401', 'ΡΟΔΟΥ', null, 'ΡΟΔΟΣ', '851 00', null, null);
INSERT INTO `ika` VALUES ('167', '402', 'ΚΑΛΥΜΝΟΥ', null, 'ΚΑΛΥΜΝΟΣ', '852 00', null, null);
INSERT INTO `ika` VALUES ('168', '403', 'ΚΩ', 'ΕΛ.ΒΕΝΙΖΕΛΟΥ 18Α', 'ΚΩΣ', '853 00', null, null);
INSERT INTO `ika` VALUES ('169', '404', 'ΛΕΡΟΥ', null, 'ΛΕΡΟΣ', '854 00', null, null);
INSERT INTO `ika` VALUES ('170', '405', 'ΑΡΧΑΓΓΕΛΟΥ', null, 'ΑΡΧΑΓΓΕΛΟΣ', '851 02', null, null);
INSERT INTO `ika` VALUES ('171', '406', 'ΚΑΡΠΑΘΟΥ', 'ΠΗΓΑΔΙΑ ΚΑΡΠΑΘΟΥ', 'ΚΑΡΠΑΘΟΣ', '857 00', null, null);
INSERT INTO `ika` VALUES ('172', '407', 'ΠΑΤΜΟΥ', null, 'ΠΑΤΜΟΣ', '855 00', null, null);
INSERT INTO `ika` VALUES ('173', '501', 'ΘΕΣΣΑΛΟΝΙΚΗΣ', 'ΑΡΙΣΤΟΤΕΛΟΥΣ 15-17', 'ΘΕΣΣΑΛΟΝΙΚΗ', '546 24', null, null);
INSERT INTO `ika` VALUES ('174', '502', 'ΤΟΥΜΠΑΣ', 'ΕΠΙΔΑΥΡΟΥ 355', 'ΘΕΣ/ΝΙΚΗ', '544 54', null, null);
INSERT INTO `ika` VALUES ('175', '503', 'ΚΑΛΑΜΑΡΙΑΣ', null, null, null, null, null);
INSERT INTO `ika` VALUES ('176', '504', 'ΕΥΟΣΜΟΥ', null, null, null, null, null);
INSERT INTO `ika` VALUES ('177', '510', 'ΚΑΒΑΛΑΣ', 'ΦΙΛΙΚΗΣ ΕΤΑΙΡΙΑΣ 6', 'ΚΑΒΑΛΑ', '654 03', null, null);
INSERT INTO `ika` VALUES ('178', '511', 'ΒΕΡΟΙΑΣ', 'ΑΓΙΟΥ ΑΝΤΩΝΙΟΥ 1', 'ΒΕΡΟΙΑ', '591 00', null, null);
INSERT INTO `ika` VALUES ('179', '512', 'ΝΑΟΥΣΑΣ', 'ΤΣΑΜΗ ΚΑΡΑΤΑΣΟΥ 1', 'ΝΑΟΥΣΑ', '592 00', null, null);
INSERT INTO `ika` VALUES ('180', '513', 'ΕΔΕΣΣΑΣ', 'ΦΛΩΡΙΝΑΣ 2', 'ΕΔΕΣΣΑ', '582 00', null, null);
INSERT INTO `ika` VALUES ('181', '514', 'ΔΡΑΜΑΣ', 'ΑΓΑΜΕΜΝΟΝΟΣ', 'ΔΡΑΜΑ', '661 00', null, null);
INSERT INTO `ika` VALUES ('182', '515', 'ΣΕΡΡΩΝ', 'ΠΡΙΓΚ.ΧΡΙΣΤΟΦΟΡΟΥ 25', 'ΣΕΡΡΕΣ', '621 00', null, null);
INSERT INTO `ika` VALUES ('183', '516', 'ΦΛΩΡΙΝΑΣ', 'Π.ΚΥΡΟΥ 10', 'ΦΛΩΡΙΝΑ', '531 00', null, null);
INSERT INTO `ika` VALUES ('184', '517', 'ΚΑΣΤΟΡΙΑΣ', 'ΙΟΥΣΤΙΝΙΑΝΟΥ 7', 'ΚΑΣΤΟΡΙΑ', '521 00', null, null);
INSERT INTO `ika` VALUES ('185', '518', 'ΚΑΤΕΡΙΝΗΣ', 'ΠΑΡΘ.ΒΑΡΔΑΚΑ 12', 'ΚΑΤΕΡΙΝΗ', '601 00', null, null);
INSERT INTO `ika` VALUES ('186', '519', 'ΚΙΛΚΙΣ', 'ΘΕΣΣΑΛΟΝΙΚΗΣ 17', 'ΚΙΛΚΙΣ', '611 00', null, null);
INSERT INTO `ika` VALUES ('187', '520', 'ΚΟΖΑΝΗΣ', 'ΑΡΙΣΤΟΦΑΝΟΥΣ 5Α', 'ΚΟΖΑΝΗ', '501 00', null, null);
INSERT INTO `ika` VALUES ('188', '521', 'ΣΤΡΑΤΩΝΙΟΥ', null, 'ΣΤΡΑΤΩΝΙΟ', '630 82', null, null);
INSERT INTO `ika` VALUES ('189', '522', 'ΛΑΓΚΑΔΑ', 'ΜΠΑΡΕΤΗ 15', 'ΛΑΓΚΑΔΑΣ', '572 00', null, null);
INSERT INTO `ika` VALUES ('190', '523', 'ΕΛΕΥΘΕΡΟΥΠΟΛΗΣ', 'ΦΡ.ΠΑΠΑΧΡΗΣΤΟΥ 102', 'ΕΛΕΥΘΕΡΟΥΠΟΛΗ', '641 00', null, null);
INSERT INTO `ika` VALUES ('191', '524', 'ΧΡΥΣΟΥΠΟΛΗΣ', 'ΑΓ.ΔΗΜΗΤΡΙΟΥ 6', 'ΧΡΥΣΟΥΠΟΛΗ', '642 00', null, null);
INSERT INTO `ika` VALUES ('192', '525', 'ΑΛΕΞΑΝΔΡΕΙΑΣ', 'Δ.ΒΕΤΣΟΠΟΥΛΟΥ 115', 'ΑΛΕΞΑΝΔΡΕΙΑ', '593 00', null, null);
INSERT INTO `ika` VALUES ('193', '526', 'ΑΜΥΝΤΑΙΟΥ', 'ΠΑΥΛΟΥ ΜΕΛΑ 18', 'ΑΜΥΝΤΑΙΟ', '532 00', null, null);
INSERT INTO `ika` VALUES ('194', '527', 'ΠΤΟΛΕΜΑΙΔΑΣ', 'ΠΟΝΤΟΥ 15', 'ΠΤΟΛΕΜΑΙΔΑ', '502 00', null, null);
INSERT INTO `ika` VALUES ('195', '528', 'ΛΙΜΕΝΑ ΘΑΣΟΥ', null, 'ΘΑΣΟΣ', '640 04', null, null);
INSERT INTO `ika` VALUES ('196', '529', 'ΛΙΜΕΝΑΡΙΩΝ ΘΑΣΟΥ', null, 'ΛΙΜΕΝΑΡΙΑ', '640 02', null, null);
INSERT INTO `ika` VALUES ('197', '530', 'ΠΟΛΥΓΥΡΟΥ', 'ΒΑΣ.ΟΛΓΑΣ 227', 'ΠΟΛΥΓΥΡΟΣ', '631 00', null, null);
INSERT INTO `ika` VALUES ('198', '531', '25ΗΣ ΜΑΡΤΙΟΥ', 'ΒΑΣ.ΟΛΓΑΣ 227', 'ΘΕΣΣΑΛΟΝΙΚΗ', '546 46', null, null);
INSERT INTO `ika` VALUES ('199', '532', 'ΑΓ.ΤΡΙΑΔΑΣ', null, null, null, null, null);
INSERT INTO `ika` VALUES ('200', '533', 'ΠΥΛΗΣ ΑΞΙΟΥ', 'ΠΟΛΥΤΕΧΝΕΙΟΥ 2', 'ΘΕΣΣΑΛΟΝΙΚΗ', '546 26', null, null);
INSERT INTO `ika` VALUES ('201', '534', 'ΝΕΑΣ ΜΗΧΝΙΩΝΑΣ', 'ΑΓΙΟΥ ΝΙΚΟΛΑΟΥ 33', 'ΝΕΑ ΜΗΧΑΝΙΩΝΑ', '570 04', null, null);
INSERT INTO `ika` VALUES ('202', '535', 'ΓΙΑΝΝΙΤΣΩΝ', 'ΧΑΤΖΗΔΗΜΗΤΡΙΟΥ 92', 'ΓΙΑΝΝΙΤΑ', '581 00', null, null);
INSERT INTO `ika` VALUES ('203', '536', 'ΝΕΩΝ ΜΟΥΔΙΑΝΩΝ', null, 'ΝΕΑ ΜΟΥΔΑΝΙΑ', '632 00', null, null);
INSERT INTO `ika` VALUES ('204', '537', 'ΓΑΛΑΤΙΣΤΑΣ', null, 'ΓΑΛΑΤΙΣΤΑ', '630 73', null, null);
INSERT INTO `ika` VALUES ('205', '538', 'ΓΕΡΑΚΙΝΗΣ', null, 'ΠΟΛΥΓΥΡΟΣ', '631 00', null, null);
INSERT INTO `ika` VALUES ('206', '539', 'ΝΙΓΡΙΤΑΣ', 'ΘΕΜΙΔΟΣ 2', 'ΝΙΓΡΙΤΑ', '622 00', null, null);
INSERT INTO `ika` VALUES ('207', '540', 'ΣΙΔΗΡΟΚΑΣΤΡΟΥ', null, 'ΣΙΔΗΡΟΚΑΣΤΡΟ', '623 00', null, null);
INSERT INTO `ika` VALUES ('208', '541', 'ΓΡΕΒΕΝΩΝ', 'ΠΑΡ.Β ΚΩΝ/ΝΟΥ 2', 'ΓΡΕΒΕΝΑ', '511 00', null, null);
INSERT INTO `ika` VALUES ('209', '542', 'ΛΙΤΟΧΩΡΟΥ', 'ΕΝΙΠΕΩΣ 2', 'ΛΙΤΟΧΩΡΟ', '602 00', null, null);
INSERT INTO `ika` VALUES ('210', '543', 'ΑΡΙΔΑΙΑΣ', 'ΚΥΠΡΟΥ 15', 'ΑΡΙΔΑΙΑ', '584 00', null, null);
INSERT INTO `ika` VALUES ('211', '544', 'ΑΞΙΟΥΠΟΛΗΣ', null, 'ΑΞΙΟΥΠΟΛΗ', '614 00', null, null);
INSERT INTO `ika` VALUES ('212', '545', 'ΑΡΝΑΙΑΣ', null, 'ΑΡΝΑΙΑ', '630 74', null, null);
INSERT INTO `ika` VALUES ('213', '546', 'ΗΡΑΚΛΕΙΑΣ', 'ΜΑΚΕΔΟΝΟΜΑΧΩΝ 20', 'ΗΡΑΚΛΕΙΑ', '624 00', null, null);
INSERT INTO `ika` VALUES ('214', '547', 'ΒΑΣΙΛΙΚΩΝ', null, 'ΒΑΣΙΛΙΚΑ ΘΕΣ/ΚΗΣ', '570 06', null, null);
INSERT INTO `ika` VALUES ('215', '548', 'ΣΙΑΤΙΣΤΑΣ', null, 'ΣΙΑΤΙΣΤΑ', '503 00', null, null);
INSERT INTO `ika` VALUES ('216', '549', 'ΚΟΥΦΑΛΙΩΝ', null, 'ΚΟΥΦΑΛΙΑ', '571 00', null, null);
INSERT INTO `ika` VALUES ('217', '550', 'ΧΑΛΚΗΔΟΝΑΣ', null, 'ΧΑΛΚΗΔΟΝΑ ΘΕΣ/ΚΗΣ', '570 07', null, null);
INSERT INTO `ika` VALUES ('218', '551', 'ΓΟΥΜΕΝΙΣΣΑΣ', 'ΣΑΚΕΛΛΑΡΙΟΥ 6', 'ΓΟΥΜΕΝΙΣΣΑ', '613 00', null, null);
INSERT INTO `ika` VALUES ('219', '552', 'ΚΑΣΣΑΝΔΡΑΣ', null, 'ΚΑΣΣΑΝΔΡΕΙΑ', '630 77', null, null);
INSERT INTO `ika` VALUES ('220', '553', 'ΣΚΥΔΡΑΣ', 'Β.ΓΕΩΡΓΙΟΥ 21', 'ΣΚΥΔΡΑ', '585 00', null, null);
INSERT INTO `ika` VALUES ('221', '554', 'ΣΕΡΒΙΩΝ', 'ΛΑΣΑΝΗ 8', 'ΣΕΡΒΙΑ', '505 00', null, null);
INSERT INTO `ika` VALUES ('222', '555', 'ΤΣΟΤΥΛΙΟΥ', null, 'ΤΣΟΤΥΛΙ', '500 02', null, null);
INSERT INTO `ika` VALUES ('223', '556', 'ΝΕΑΠΟΛΗΣ', 'ΛΑΓΚΑΔΑ 116', 'ΝΕΑΠΟΛΗ', '567 27', null, null);
INSERT INTO `ika` VALUES ('224', '557', 'ΠΟΛΥΚΑΣΤΡΟΥ', null, 'ΠΟΛΥΚΑΣΤΡΟ', '612 00', null, null);
INSERT INTO `ika` VALUES ('225', '559', 'Ν.ΚΑΛΛΙΚΡΑΤΕΙΑΣ', null, 'Ν.ΚΑΛΛΙΚΡΑΤΕΙΑ', '630 80', null, null);
INSERT INTO `ika` VALUES ('226', '560', 'ΣΤΑΥΡΟΥ', null, 'ΣΤΑΥΡΟΣ ΛΑΓΚΑΔΑ', '570 14', null, null);
INSERT INTO `ika` VALUES ('227', '561', 'ΑΙΓΙΝΙΟΥ', 'ΑΛΕΞ.ΠΑΠΑΓΟΥ 79', 'ΑΙΓΙΝΙΟ ΠΙΕΡΙΑΣ', '603 00', null, null);
INSERT INTO `ika` VALUES ('228', '562', 'ΔΕΣΚΑΤΗΣ', 'ΠΛΑΤ.ΔΗΜΑΡΧΕΙΟΥ', 'ΓΡΕΒΕΝΑ', '512 00', null, null);
INSERT INTO `ika` VALUES ('229', '563', 'Ν.ΖΙΧΝΗΣ', null, 'ΝΕΑ ΖΙΧΝΗ', '620 42', null, null);
INSERT INTO `ika` VALUES ('230', '564', 'Ν.ΣΑΝΤΑΣ', null, 'Ν.ΣΑΝΤΑ ΘΕΣ/ΝΙΚΗΣ', '545 00', null, null);
INSERT INTO `ika` VALUES ('231', '565', 'ΑΡΓΟΣ ΟΡΕΣΤΙΚΟΥ', 'ΑΠΟΣΤΟΛΙΔΟΥ 12', 'ΑΡΓΟΣ ΟΡΕΣΤ.', '522 00', null, null);
INSERT INTO `ika` VALUES ('232', '566', 'ΚΡΥΑΣ ΒΡΥΣΗΣ', 'Β.ΠΑΥΛΟΥ 65', 'ΚΡΥΑ ΒΡΥΣΗ', '583 00', null, null);
INSERT INTO `ika` VALUES ('233', '601', 'ΒΟΛΟΥ', 'ΕΛΕΥΘΕΡΙΟΥ ΒΕΝΙΖΕΛΟΥ 102', 'ΒΟΛΟΣ', '382 21', null, null);
INSERT INTO `ika` VALUES ('234', '602', 'ΛΑΡΙΣΑΣ', 'ΗΠΕΙΡΟΥ & ΑΣΚΛΗΠΙΟΥ 43', 'ΛΑΡΙΣΣΑ', '412 22', null, null);
INSERT INTO `ika` VALUES ('235', '603', 'ΤΡΙΚΑΛΩΝ', 'ΑΣΚΛΗΠΙΟΥ 83', 'ΤΡΙΚΑΛΑ', '421 00', null, null);
INSERT INTO `ika` VALUES ('236', '604', 'ΚΑΡΔΙΤΣΑΣ', 'ΙΕΖΕΚΙΗΛ 76', 'ΚΑΡΔΙΤΣΑ', '431 00', null, null);
INSERT INTO `ika` VALUES ('237', '605', 'ΑΛΜΥΡΟΥ', 'ΑΘΗΝΩΝ 6Α', 'ΑΛΜΥΡΟΣ', '371 00', null, null);
INSERT INTO `ika` VALUES ('238', '606', 'ΕΛΑΣΣΟΝΑΣ', 'ΟΙΚΟΝΟΜΟΥ 13', 'ΕΛΑΣΣΟΝΑ', '402 00', null, null);
INSERT INTO `ika` VALUES ('239', '607', 'ΤΥΡΝΑΒΟΥ', null, 'ΤΥΡΝΑΒΟΣ', '401 00', null, null);
INSERT INTO `ika` VALUES ('240', '608', 'ΚΑΛΑΜΠΑΚΑΣ', 'ΤΡΙΚΑΛΩΝ 67', 'ΚΑΛΑΜΠΑΚΑ', '422 00', null, null);
INSERT INTO `ika` VALUES ('241', '609', 'ΕΡΕΤΡΕΙΑΣ', null, null, null, null, null);
INSERT INTO `ika` VALUES ('242', '610', 'ΑΓΡΙΑΣ', 'ΑΓ.ΓΕΩΡΓΙΟΥ 4', 'ΑΓΡΙΑ', '373 00', null, null);
INSERT INTO `ika` VALUES ('243', '611', 'ΦΑΡΣΑΛΩΝ', null, 'ΦΑΡΣΑΛΑ', '403 00', null, null);
INSERT INTO `ika` VALUES ('244', '612', 'ΣΟΦΑΔΩΝ', 'ΚΑΡΑΙΣΚΑΚΗ 36Α', 'ΣΟΦΑΔΕΣ', '433 00', null, null);
INSERT INTO `ika` VALUES ('245', '613', 'ΜΟΥΖΑΚΙΟΥ', null, 'ΜΟΥΖΑΚΙ ΚΑΡΔΙΤΣΑΣ', '430 60', null, null);
INSERT INTO `ika` VALUES ('246', '614', 'ΑΓΙΑΣ', 'ΑΓΙΟΚΑΜΠΟΥ 26', 'ΑΓΙΑ ΛΑΡΙΣΑΣ', '400 03', null, null);
INSERT INTO `ika` VALUES ('247', '615', 'ΣΚΙΑΘΟΥ', null, 'ΣΚΙΑΘΟΣ', '370 02', null, null);
INSERT INTO `ika` VALUES ('248', '616', 'ΠΑΛΑΜΑ', 'ΑΘΗΝΑΣ 41', 'ΠΑΛΑΜΑΣ ΚΑΡΔΙΤΣΑΣ', '432 00', null, null);
INSERT INTO `ika` VALUES ('249', '617', 'ΝΕΑΣ ΑΓΧΙΑΛΟΥ', null, 'ΝΕΑ ΑΓΧΙΑΛΟΣ', '374 00', null, null);
INSERT INTO `ika` VALUES ('250', '618', 'ΠΥΛΗΣ', 'ΕΡΜΟΥ 50', 'ΠΥΛΗ ΤΡΙΚΑΛΩΝ', '420 32', null, null);
INSERT INTO `ika` VALUES ('251', '619', 'ΒΕΛΕΣΤΙΝΟΥ', null, 'ΒΕΛΕΣΤΙΝΟ', '375 00', null, null);
INSERT INTO `ika` VALUES ('252', '620', 'ΣΚΟΠΕΛΟΥ', null, 'ΣΚΟΠΕΛΟΣ', '370 03', null, null);
INSERT INTO `ika` VALUES ('253', '621', 'Ν.ΙΩΝΙΑ ΒΟΛΟΥ', 'ΧΡ.ΣΜΥΡΝΗΣ 3', 'ΝΕΑ ΙΩΝΙΑ', '142 34', null, null);
INSERT INTO `ika` VALUES ('254', '622', 'ΦΑΡΚΑΔΟΝΑΣ', null, 'ΦΑΡΚΑΔΟΝΑ', '420 31', null, null);
INSERT INTO `ika` VALUES ('255', '623', 'ΖΑΓΟΡΑΣ', null, 'ΖΑΓΟΡΑ', '370 01', null, null);
INSERT INTO `ika` VALUES ('256', '701', 'ΑΛΕΞΑΝΔΡΟΥΠΟΛΗΣ', 'ΑΝΑΤ.ΘΡΑΚΗΣ 58', 'ΑΛΕΞΑΝΔΡΟΥΠΟΛΗ', '681 00', null, null);
INSERT INTO `ika` VALUES ('257', '702', 'ΚΟΜΟΤΗΝΗΣ', 'ΠΑΡΑΣΙΟΥ 4', 'ΚΟΜΟΤΗΝΗ', '691 00', null, null);
INSERT INTO `ika` VALUES ('258', '703', 'ΞΑΝΘΗΣ', 'ΑΝΔΡΕΟΥ ΔΗΜΗΤΡΙΟΥ 1', 'ΞΑΝΘΗ', '671 00', null, null);
INSERT INTO `ika` VALUES ('259', '704', 'ΣΟΥΦΛΙΟΥ', 'ΒΑΣ.ΓΕΩΡΓΙΟΥ 135', 'ΣΟΥΦΛΙ', '684 00', null, null);
INSERT INTO `ika` VALUES ('260', '705', 'ΟΡΕΣΤΙΑΔΑΣ', 'ΚΩΝ/ΠΟΛΗΣ & 11ΗΣ ΔΙΛΟΧΙΑΣ', 'ΟΡΕΣΤΙΑΔΑ', '682 00', null, null);
INSERT INTO `ika` VALUES ('261', '706', 'ΔΙΔΥΜΟΤΕΙΧΟΥ', '28ΗΣ ΜΑΙΟΥ 10', 'ΔΙΔΥΜΟΤΕΙΧΟ', '683 00', null, null);
INSERT INTO `ika` VALUES ('262', '707', 'ΣΑΠΩΝ', 'ΑΛΕΞΑΝΔΡΟΥΠΟΛΗΣ', 'ΣΑΠΕΣ', '693 00', null, null);
INSERT INTO `ika` VALUES ('263', '708', 'ΦΕΡΩΝ', 'ΟΛΥΜΠΟΥ 1', 'ΦΕΡΕΣ', '685 00', null, null);
INSERT INTO `ika` VALUES ('264', '709', 'ΚΑΤΩ ΝΕΥΡΟΚΟΠΙΟΥ', null, 'ΚΑΤΩ ΝΕΥΡΟΚΟΠΙ', '660 33', null, null);
INSERT INTO `ika` VALUES ('265', '801', 'ΙΩΑΝΝΙΝΩΝ', 'ΑΛΕΞ.ΔΙΑΚΟΥ 14', 'ΙΩΑΝΝΙΝΑ', '452 21', null, null);
INSERT INTO `ika` VALUES ('266', '802', 'ΠΡΕΒΕΖΑΣ', 'Κ.ΚΑΡΥΩΤΑΚΗ 47', 'ΠΡΕΒΕΖΑ', '481 00', null, null);
INSERT INTO `ika` VALUES ('267', '803', 'ΑΡΤΑΣ', 'ΑΜΒΡΑΚΙΑΣ 14', 'ΑΡΤΑ', '471 00', null, null);
INSERT INTO `ika` VALUES ('268', '804', 'ΠΑΡΑΜΥΘΙΑΣ', null, 'ΠΑΡΑΜΥΘΙΑ', '462 00', null, null);
INSERT INTO `ika` VALUES ('269', '805', 'ΚΟΝΙΤΣΑΣ', 'ΚΩΝ.ΚΑΡΑΜΑΝΛΗ 2', 'ΚΟΝΙΤΣΑ', '441 00', null, null);
INSERT INTO `ika` VALUES ('270', '806', 'ΦΙΛΙΑΤΩΝ', null, 'ΦΙΛΙΑΤΕΣ', '463 00', null, null);
INSERT INTO `ika` VALUES ('271', '807', 'ΠΑΡΓΑΣ', 'ΚΕΝΤΡΙΚΗ ΠΛΑΤ.ΔΗΜΑΡΧΕΙΟΥ 25', 'ΠΑΡΓΑ', '480 60', null, null);
INSERT INTO `ika` VALUES ('272', '808', 'ΦΙΛΙΠΠΙΑΔΑΣ', 'ΑΒΕΡΩΦ 9', 'ΦΙΛΙΠΠΙΑΔΑ', '482 00', null, null);
INSERT INTO `ika` VALUES ('273', '809', 'ΜΕΤΣΟΒΟΥ', null, 'ΜΕΤΣΟΒΟ', '442 00', null, null);
INSERT INTO `ika` VALUES ('274', '901', 'ΚΕΡΚΥΡΑΣ', 'ΓΕΡ. ΜΑΡΚΟΡΑ 22', 'ΚΕΡΚΥΡΑ', '491 00', null, null);
INSERT INTO `ika` VALUES ('275', '902', 'ΖΑΚΥΝΘΟΥ', 'ΛΟΜΒΑΡΔΟΥ 16', 'ΖΑΚΥΝΘΟΣ', '291 00', null, null);
INSERT INTO `ika` VALUES ('276', '903', 'ΑΡΓΟΣΤΟΛΙΟΥ', 'Π.ΒΑΛΛΙΑΝΟΥ 9', 'ΑΡΓΟΣΤΟΛΙ', '281 00', null, null);
INSERT INTO `ika` VALUES ('277', '904', 'ΛΗΞΟΥΡΙΟΥ', 'ΜΠΑΣΙΑ 1', 'ΛΗΞΟΥΡΙ', '282 00', null, null);
INSERT INTO `ika` VALUES ('278', '905', 'ΛΕΥΚΑΔΑΣ', 'ΣΤ.ΠΑΝΑΔΑ 9', 'ΛΕΥΚΑΔΑ', '311 00', null, null);
INSERT INTO `ika` VALUES ('279', '906', 'ΗΓΟΥΜΕΝΙΤΣΑΣ', 'ΚΥΠΡΟΥ 8', 'ΗΓΟΥΜΕΝΙΤΣΑ', '461 00', null, null);
INSERT INTO `ika` VALUES ('280', '907', 'ΒΟΝΙΤΣΑΣ', null, 'ΒΟΝΙΤΣΑ', '300 02', null, null);
INSERT INTO `ika` VALUES ('281', '908', 'ΙΘΑΚΗΣ', 'ΔΟΥΡΕΙΟΥ ΙΠΠΟΥ 16', 'ΙΘΑΚΗ', '283 00', null, null);
INSERT INTO `ika` VALUES ('282', '909', 'ΑΝΩ ΛΕΥΚΥΜΜΗΣ', null, 'ΑΝ.ΛΕΥΚΥΜΜΗ', '490 80', null, null);
INSERT INTO `ika` VALUES ('283', '910', 'ΚΑΡΟΥΣΑΔΩΝ', null, null, null, null, null);
INSERT INTO `ika` VALUES ('284', '911', 'ΠΟΡΟΥ ΚΕΦΑΛΛΗΝΙΑΣ', null, 'ΧΙΟΝΑΤΑ ΚΕΦΑΛΛΗΝΙΑΣ', '280 82', null, null);
INSERT INTO `ika` VALUES ('285', '980', 'ΤΑΜΕΙΑ ΙΚΑ', 'ΔΟΥΡΕΙΟΥ ΙΠΠΟΥ 16', 'ΙΘΑΚΗ', '283 00', null, null);
INSERT INTO `ika` VALUES ('286', '981', 'ΤΑΜΕΙΟ Α ΙΚΑ', 'ΧΑΛΚΟΚΟΝΔΥΛΗ 5', 'ΑΘΗΝΑ', '106 67', null, null);
INSERT INTO `ika` VALUES ('287', '982', 'ΤΑΜΕΙΟ Β ΙΚΑ', 'ΚΑΠΟΔΙΣΤΡΙΟΥ 33 & Γ\' ΣΕΠΤΕΜΒΡΙΟΥ', 'ΑΘΗΝΑ', '104 32', null, null);
INSERT INTO `ika` VALUES ('288', '983', 'ΤΑΜΕΙΟ Γ ΙΚΑ', 'ΙΠΠΟΚΡΑΤΟΥΣ 19', 'ΑΘΗΝΑ', '106 79', null, null);
INSERT INTO `ika` VALUES ('289', '984', 'ΤΑΜΕΙΟ Δ ΙΚΑ', 'ΜΕΝΑΝΔΡΟΥ 41', 'ΑΘΗΝΑ', '104 37', null, null);
INSERT INTO `ika` VALUES ('290', '985', 'ΤΑΜΕΙΟ ΠΕΙΡΑΙΑ', 'ΓΟΥΝΑΡΗ 27', 'ΠΕΙΡΑΙΑΣ', '185 31', null, null);
INSERT INTO `ika` VALUES ('291', '986', 'ΤΑΜΕΙΟ ΘΕΣ/ΚΗΣ', 'ΔΩΔΕΚΑΝΗΣΟΥ 7', 'ΘΕΣ/ΝΙΚΗ', '546 26', null, null);

-- ----------------------------
-- Table structure for `papersizes`
-- ----------------------------
CREATE TABLE `papersizes` (
  `AA` int(11) DEFAULT NULL,
  `Perigrafi` varchar(255) DEFAULT NULL,
  `VbString` varchar(255) DEFAULT NULL,
  `Platos` double DEFAULT '0',
  `Ycos` double DEFAULT '0'
) ENGINE=InnoDB DEFAULT CHARSET=utf8;

-- ----------------------------
-- Records of papersizes
-- ----------------------------
INSERT INTO `papersizes` VALUES ('1', 'Letter, 8 1/2 x 11 in', 'vbPRPSLetter', '21.59', '27.94');
INSERT INTO `papersizes` VALUES ('2', '+A611Letter Small, 8 1/2 x 11 in', 'vbPRPSLetterSmall', null, null);
INSERT INTO `papersizes` VALUES ('3', 'Tabloid, 11 x 17 in', 'vbPRPSTabloid', '27.94', '43.18');
INSERT INTO `papersizes` VALUES ('4', 'Ledger, 17 x 11 in', 'vbPRPSLedger', null, null);
INSERT INTO `papersizes` VALUES ('5', 'Legal, 8 1/2 x 14 in', 'vbPRPSLegal', null, null);
INSERT INTO `papersizes` VALUES ('6', 'Statement, 5 1/2 x 8 1/2 in', 'vbPRPSStatement', null, null);
INSERT INTO `papersizes` VALUES ('7', 'Executive, 7 1/2 x 10 1/2 in', 'vbPRPSExecutive', null, null);
INSERT INTO `papersizes` VALUES ('8', 'A3, 297 x 420 mm', 'vbPRPSA3', null, null);
INSERT INTO `papersizes` VALUES ('9', 'A4, 210 x 297 mm', 'vbPRPSA4', '21', '29.7');
INSERT INTO `papersizes` VALUES ('10', 'A4 Small, 210 x 297 mm', 'vbPRPSA4Small', '21', '297');
INSERT INTO `papersizes` VALUES ('11', 'A5, 148 x 210 mm', 'vbPRPSA5', null, null);
INSERT INTO `papersizes` VALUES ('12', 'B4, 250 x 354 mm', 'vbPRPSB4', null, null);
INSERT INTO `papersizes` VALUES ('13', 'B5, 182 x 257 mm', 'vbPRPSB5', null, null);
INSERT INTO `papersizes` VALUES ('14', 'Folio, 8 1/2 x 13 in', 'vbPRPSFolio', null, null);
INSERT INTO `papersizes` VALUES ('15', 'Quarto, 215 x 275 mm', 'vbPRPSQuarto', null, null);
INSERT INTO `papersizes` VALUES ('16', '10 x 14 in', 'vbPRPS1&H14', null, null);
INSERT INTO `papersizes` VALUES ('17', '11 x 17 in', 'vbPRPS11x17', null, null);
INSERT INTO `papersizes` VALUES ('18', 'Note, 8 1/2 x 11 in', 'vbPRPSNote', null, null);
INSERT INTO `papersizes` VALUES ('19', 'Envelope #9, 3 7/8 x 8 7/8 in', 'vbPRPSEnv9', null, null);
INSERT INTO `papersizes` VALUES ('20', 'Envelope #10, 4 1/8 x 9 1/2 in', 'vbPRPSEnv10', null, null);
INSERT INTO `papersizes` VALUES ('21', 'Envelope #11, 4 1/2 x 10 3/8 in', 'vbPRPSEnv11', null, null);
INSERT INTO `papersizes` VALUES ('22', 'Envelope #12, 4 1/2 x 11 in', 'vbPRPSEnv12', null, null);
INSERT INTO `papersizes` VALUES ('23', 'Envelope #14, 5 x 11 1/2 in', 'vbPRPSEnv14', null, null);
INSERT INTO `papersizes` VALUES ('24', 'C size sheet', 'vbPRPSCSheet', null, null);
INSERT INTO `papersizes` VALUES ('25', 'D size sheet', 'vbPRPSDSheet', null, null);
INSERT INTO `papersizes` VALUES ('26', 'E size sheet', 'vbPRPSESheet', null, null);
INSERT INTO `papersizes` VALUES ('27', 'Envelope DL, 110 x 220 mm', 'vbPRPSEnvDL', '11', '22');
INSERT INTO `papersizes` VALUES ('29', 'Envelope C3, 324 x 458 mm', 'vbPRPSEnvC3', '32.4', '45.8');
INSERT INTO `papersizes` VALUES ('30', 'Envelope C4, 229 x 324 mm', 'vbPRPSEnvC4', '22.9', '324');
INSERT INTO `papersizes` VALUES ('28', 'Envelope C5, 162 x 229 mm', 'vbPRPSEnvC5', '16.2', '22.9');
INSERT INTO `papersizes` VALUES ('31', 'Envelope C6, 114 x 162 mm', 'vbPRPSEnvC6', '11.4', '16.2');
INSERT INTO `papersizes` VALUES ('32', 'Envelope C65, 114 x 229 mm', 'vbPRPSEnvC65', '11.4', '22.9');
INSERT INTO `papersizes` VALUES ('33', 'Envelope B4, 250 x 353 mm', 'vbPRPSEnvB4', '25', '25.3');
INSERT INTO `papersizes` VALUES ('34', 'Envelope B5, 176 x 250 mm', 'vbPRPSEnvB5', '17.6', '250');
INSERT INTO `papersizes` VALUES ('35', 'Envelope B6, 176 x 125 mm', 'vbPRPSEnvB6', '17.6', '25');
INSERT INTO `papersizes` VALUES ('36', 'Envelope, 110 x 230 mm', 'vbPRPSEnvItaly', '11', '23');
INSERT INTO `papersizes` VALUES ('37', 'Envelope Monarch, 3 7/8 x 7 1/2 in', 'vbPRPSEnvMonarch', null, null);
INSERT INTO `papersizes` VALUES ('38', 'Envelope, 3 5/8 x 6 1/2 in', 'vbPRPSEnvPersonal', null, null);
INSERT INTO `papersizes` VALUES ('39', 'U.S. Standard Fanfold, 14 7/8 x 11 in', 'vbPRPSFanfoldUS', null, null);
INSERT INTO `papersizes` VALUES ('40', 'German Standard Fanfold, 8 1/2 x 12 in', 'vbPRPSFanfoldStdGerman', null, null);
INSERT INTO `papersizes` VALUES ('41', 'German Legal Fanfold, 8 1/2 x 13 in', 'vbPRPSFanfoldLglGerman', null, null);
INSERT INTO `papersizes` VALUES ('256', 'User-defined', 'vbPRPSUser', null, null);

-- ----------------------------
-- Table structure for `pelateskiniseis`
-- ----------------------------
CREATE TABLE `pelateskiniseis` (
  `IDKinisis` int(11) NOT NULL AUTO_INCREMENT,
  `IDPelati` int(11) DEFAULT '0',
  `Hmerominia` datetime DEFAULT NULL,
  `Ora` datetime DEFAULT NULL,
  `AAParastatikou` varchar(30) DEFAULT NULL,
  `Aitiologia` varchar(150) DEFAULT NULL,
  `Xreosi` double DEFAULT '0',
  `Pistosi` double DEFAULT '0',
  `Ypoloipo` double DEFAULT '0',
  `HmerominiaNumber` int(11) DEFAULT NULL,
  `OraNumber` int(11) DEFAULT NULL,
  `Sxolia` longtext,
  PRIMARY KEY (`IDKinisis`),
  KEY `Hmerominia` (`Hmerominia`),
  KEY `HmerominiaNumber` (`HmerominiaNumber`),
  KEY `IDPelati` (`IDPelati`),
  KEY `OraNumber` (`OraNumber`)
) ENGINE=InnoDB DEFAULT CHARSET=utf8;

-- ----------------------------
-- Records of pelateskiniseis
-- ----------------------------

-- ----------------------------
-- Table structure for `poleis`
-- ----------------------------
CREATE TABLE `poleis` (
  `IDC` int(11) NOT NULL AUTO_INCREMENT,
  `Perigrafi` varchar(100) DEFAULT NULL,
  `TK` varchar(10) DEFAULT NULL,
  PRIMARY KEY (`IDC`)
) ENGINE=InnoDB AUTO_INCREMENT=166 DEFAULT CHARSET=utf8;

-- ----------------------------
-- Records of poleis
-- ----------------------------
INSERT INTO `poleis` VALUES ('1', 'ΑΛΕΞΑΝΔΡΟΥΠΟΛΗ', '68100');
INSERT INTO `poleis` VALUES ('2', 'ΦΕΡΕΣ', '68500');
INSERT INTO `poleis` VALUES ('3', 'ΤΡΑΪΑΝΟΥΠΟΛΗ', '68100');
INSERT INTO `poleis` VALUES ('4', 'ΔΙΔΥΜΟΤΕΙΧΟ', '68300');
INSERT INTO `poleis` VALUES ('5', 'ΜΕΤΑΞΑΔΕΣ', '68010');
INSERT INTO `poleis` VALUES ('6', 'ΟΡΦΕΑΣ', '68004');
INSERT INTO `poleis` VALUES ('7', 'ΟΡΕΣΤΙΑΔΑ', '68200');
INSERT INTO `poleis` VALUES ('8', 'ΤΡΙΓΩΝΟ', '68007');
INSERT INTO `poleis` VALUES ('9', 'ΚΥΠΡΙΝΟΣ', '68006');
INSERT INTO `poleis` VALUES ('10', 'ΝΕΑ ΒΥΣΣΑ', '68200');
INSERT INTO `poleis` VALUES ('11', 'ΧΩΡΑ-ΣΑΜΟΘΡΑΚΗ', '68002');
INSERT INTO `poleis` VALUES ('12', 'ΣΟΥΦΛΙ', '68400');
INSERT INTO `poleis` VALUES ('13', 'ΤΥΧΕΡΟ', '68003');
INSERT INTO `poleis` VALUES ('14', 'ΑΘΗΝΑ', null);
INSERT INTO `poleis` VALUES ('15', 'ΚΟΜΟΤΗΝΗ', '69100');
INSERT INTO `poleis` VALUES ('16', 'ΘΕΣΣΑΛΟΝΙΚΗ', null);
INSERT INTO `poleis` VALUES ('17', 'ΞΑΝΘΗ', '67100');
INSERT INTO `poleis` VALUES ('18', 'ΤΡΙΚΑΛΑ', '42100');
INSERT INTO `poleis` VALUES ('19', 'ΕΛΑΤΗ-ΑΙΘΗΚΩΝ', '42032');
INSERT INTO `poleis` VALUES ('20', 'ΑΓ.ΝΙΚΟΛΑΟΣ-ΑΙΘΗΚΩΝ', '42037');
INSERT INTO `poleis` VALUES ('21', 'ΑΘΑΜΑΝΙΑ-ΑΙΘΗΚΩΝ', '42037');
INSERT INTO `poleis` VALUES ('22', 'ΒΡΟΝΤΕΡΟ-ΑΙΘΗΚΩΝ', '42032');
INSERT INTO `poleis` VALUES ('23', 'ΓΑΡΔΙΚΙ-ΑΙΘΗΚΩΝ', '42037');
INSERT INTO `poleis` VALUES ('24', 'ΔΕΣΗ-ΑΙΘΗΚΩΝ', '42037');
INSERT INTO `poleis` VALUES ('25', 'ΔΡΟΣΟΧΩΡΙ-ΑΙΘΗΚΩΝ', '42037');
INSERT INTO `poleis` VALUES ('26', 'ΚΑΛΟΓΗΡΟΙ-ΑΙΘΗΚΩΝ', '42032');
INSERT INTO `poleis` VALUES ('27', 'ΝΕΡΑΙΔΟΧΩΡΙ-ΑΙΘΗΚΩΝ', '42032');
INSERT INTO `poleis` VALUES ('28', 'ΠΕΡΤΟΥΛΙ-ΑΙΘΗΚΩΝ', '42032');
INSERT INTO `poleis` VALUES ('29', 'ΠΥΡΡΑ-ΑΙΘΗΚΩΝ', '42032');
INSERT INTO `poleis` VALUES ('30', 'ΒΑΣΙΛΙΚΗ-ΒΑΣΙΛΙΚΗΣ', '42200');
INSERT INTO `poleis` VALUES ('31', 'ΒΑΣΙΛΙΚΗ', '42200');
INSERT INTO `poleis` VALUES ('32', 'ΘΕΟΠΕΤΡΑ-ΒΑΣΙΛΙΚΗΣ', '42200');
INSERT INTO `poleis` VALUES ('33', 'ΠΕΡΙΣΤΕΡΑ-ΒΑΣΙΛΙΚΗΣ', '42200');
INSERT INTO `poleis` VALUES ('34', 'ΛΥΓΑΡΙΑ-ΓΟΜΦΩΝ', '42100');
INSERT INTO `poleis` VALUES ('35', 'ΓΟΜΦΟΙ-ΓΟΜΦΩΝ', '42100');
INSERT INTO `poleis` VALUES ('36', 'ΔΡΟΣΕΡΟ-ΓΟΜΦΩΝ', '42100');
INSERT INTO `poleis` VALUES ('37', 'ΜΟΥΡΙΑ-ΓΟΜΦΩΝ', '42100');
INSERT INTO `poleis` VALUES ('38', 'ΠΑΛΑΙΟΜΟΝΑΣΤΗΡΟ-ΓΟΜΦΩΝ', '42100');
INSERT INTO `poleis` VALUES ('39', 'ΠΗΓΗ-ΓΟΜΦΩΝ', '42100');
INSERT INTO `poleis` VALUES ('40', 'ΜΕΓΑΛΟΧΩΡΙ-ΕΣΤΙΑΙΩΤΙΔΑΣ', '42100');
INSERT INTO `poleis` VALUES ('41', 'ΛΟΓΓΟΣ-ΕΣΤΙΑΙΩΤΙΔΑΣ', '42100');
INSERT INTO `poleis` VALUES ('42', 'ΠΑΤΟΥΛΙΑ-ΕΣΤΙΑΙΩΤΙΔΑΣ', '42100');
INSERT INTO `poleis` VALUES ('43', 'ΧΡΥΣΑΥΓΗ-ΕΣΤΙΑΙΩΤΙΔΑΣ', '42100');
INSERT INTO `poleis` VALUES ('44', 'ΚΑΛΑΜΠΑΚΑ', '42200');
INSERT INTO `poleis` VALUES ('45', 'ΑΥΡΑ-ΚΑΛΑΜΠΑΚΑΣ', '42200');
INSERT INTO `poleis` VALUES ('46', 'ΒΛΑΧΑΒΑ-ΚΑΛΑΜΠΑΚΑΣ', '42200');
INSERT INTO `poleis` VALUES ('47', 'ΔΙΑΒΑ-ΚΑΛΑΜΠΑΚΑΣ', '42200');
INSERT INTO `poleis` VALUES ('48', 'ΚΑΣΤΡΑΚΙ-ΚΑΛΑΜΠΑΚΑΣ', '42200');
INSERT INTO `poleis` VALUES ('49', 'ΚΡΥΑ ΒΡΥΣΗ-ΚΑΛΑΜΠΑΚΑΣ', '42200');
INSERT INTO `poleis` VALUES ('50', 'Μ.ΚΕΡΑΣΕΑ-ΚΑΛΑΜΠΑΚΑΣ', '42200');
INSERT INTO `poleis` VALUES ('51', 'ΟΡΘΟΒΟΥΝΙ-ΚΑΛΑΜΠΑΚΑΣ', '42200');
INSERT INTO `poleis` VALUES ('52', 'ΣΑΡΑΚΗΝΑ-ΚΑΛΑΜΠΑΚΑΣ', '42200');
INSERT INTO `poleis` VALUES ('53', 'ΒΑΛΤΙΝΟ-ΚΑΛΛΙΔΕΝΔΡΟΥ', '42100');
INSERT INTO `poleis` VALUES ('54', 'ΔΕΝΔΡΟΧΩΡΙ-ΚΑΛΛΙΔΕΝΔΡΟΥ', '42100');
INSERT INTO `poleis` VALUES ('55', 'ΚΑΤΩ ΕΛΑΤΗ-ΚΑΛΛΙΔΕΝΔΡΟΥ', '42100');
INSERT INTO `poleis` VALUES ('56', 'ΦΩΤΑΔΑ-ΚΑΛΛΙΔΕΝΔΡΟΥ', '42100');
INSERT INTO `poleis` VALUES ('57', 'ΚΑΣΤΑΝΙΑ', '42036');
INSERT INTO `poleis` VALUES ('58', 'ΑΜΑΡΑΝΤΟΣ-ΚΑΣΤΑΝΙΑΣ', '42036');
INSERT INTO `poleis` VALUES ('59', 'ΑΜΠΕΛΟΧΩΡΙ-ΚΑΣΤΑΝΙΑΣ', '42200');
INSERT INTO `poleis` VALUES ('60', 'ΚΑΛΟΜΟΙΡΑ-ΚΑΣΤΑΝΙΑΣ', '42036');
INSERT INTO `poleis` VALUES ('61', 'ΜΑΤΟΝΕΡΙ-ΚΑΣΤΑΝΙΑΣ', '42036');
INSERT INTO `poleis` VALUES ('62', 'ΚΛΕΙΝΟΣ-ΚΛΕΙΝΟΒΟΥ', '42200');
INSERT INTO `poleis` VALUES ('63', 'ΑΗΔΟΝΑ-ΚΛΕΙΝΟΒΟΥ', '42200');
INSERT INTO `poleis` VALUES ('64', 'ΓΛΥΚΟΜΗΛΕΑ-ΚΛΕΙΝΟΒΟΥ', '42200');
INSERT INTO `poleis` VALUES ('65', 'ΚΑΛΟΓΡΙΑΝΗ-ΚΛΕΙΝΟΒΟΥ', '42200');
INSERT INTO `poleis` VALUES ('66', 'ΠΑΛΑΙΟΧΩΡΙ-ΚΛΕΙΝΟΒΟΥ', '42200');
INSERT INTO `poleis` VALUES ('67', 'ΧΡΥΣΟΜΗΛΕΑ-ΚΛΕΙΝΟΒΟΥ', '42200');
INSERT INTO `poleis` VALUES ('68', 'ΠΡΙΝΟΣ-ΚΟΖΙΑΚΑ', '42100');
INSERT INTO `poleis` VALUES ('69', 'ΓΕΝΕΣΙ-ΚΟΖΙΑΚΑ', '42100');
INSERT INTO `poleis` VALUES ('70', 'ΓΟΡΓΟΓΥΡΙ-ΚΟΖΙΑΚΑ', '42100');
INSERT INTO `poleis` VALUES ('71', 'ΞΥΛΟΠΑΡΟΙΚΟ-ΚΟΖΙΑΚΑ', '42100');
INSERT INTO `poleis` VALUES ('72', 'ΠΡΟΔΡΟΜΟΣ-ΚΟΖΙΑΚΑ', '42100');
INSERT INTO `poleis` VALUES ('73', 'ΠΑΝΑΓΙΑ-ΜΑΛΑΚΑΣΙΟΥ', '42200');
INSERT INTO `poleis` VALUES ('74', 'ΚΟΡΥΔΑΛΛΟΣ-ΜΑΛΑΚΑΣΙΟΥ', '42200');
INSERT INTO `poleis` VALUES ('75', 'ΜΑΛΑΚΑΣΙΟΥ', '42200');
INSERT INTO `poleis` VALUES ('76', 'ΠΕΥΚΗΣ-ΜΑΛΑΚΑΣΙΟΥ', '42200');
INSERT INTO `poleis` VALUES ('77', 'ΤΡΥΓΩΝΑ-ΜΑΛΑΚΑΣΙΟΥ', '42200');
INSERT INTO `poleis` VALUES ('78', 'ΜΕΓΑΛΩΝ ΚΑΛΥΒΙΩΝ', '42030');
INSERT INTO `poleis` VALUES ('79', 'ΑΓ.ΚΥΡΙΑΚΗΣ ΜΕΓ.ΚΑΛΥΒΙΩΝ', '42100');
INSERT INTO `poleis` VALUES ('80', 'ΓΛΙΝΟΥ-ΜΕΓΑΛΩΝ ΚΑΛΥΒΙΩΝ', '42100');
INSERT INTO `poleis` VALUES ('81', 'ΟΙΧΑΛΙΑΣ', '42300');
INSERT INTO `poleis` VALUES ('82', 'ΓΕΩΡΓΑΝΑΔΕΣ-ΟΙΧΑΛΙΑΣ', '42300');
INSERT INTO `poleis` VALUES ('83', 'ΚΛΟΚΟΤΟ-ΟΙΧΑΛΙΑΣ', '42031');
INSERT INTO `poleis` VALUES ('84', 'ΚΡΗΝΗ-ΟΙΧΑΛΙΑΣ', '42300');
INSERT INTO `poleis` VALUES ('85', 'ΠΕΤΡΩΤΟΥ-ΟΙΧΑΛΙΑΣ', '42300');
INSERT INTO `poleis` VALUES ('86', 'ΠΑΛΑΙΟΠΥΡΓΟΣ-ΠΑΛΗΟΚΑΣΤΡΟΥ', '42100');
INSERT INTO `poleis` VALUES ('87', 'ΑΓΡΕΛΙΑ-ΠΑΛΗΟΚΑΣΤΡΟΥ', '42100');
INSERT INTO `poleis` VALUES ('88', 'ΑΡΔΑΝΙΟ-ΠΑΛΗΟΚΑΣΤΡΟΥ', '42100');
INSERT INTO `poleis` VALUES ('89', 'ΖΗΛΕΥΤΗΣ-ΠΑΛΗΟΚΑΣΤΡΟΥ', '42100');
INSERT INTO `poleis` VALUES ('90', 'ΚΟΥΜΑΡΙΑ-ΠΑΛΗΟΚΑΣΤΡΟΥ', '42100');
INSERT INTO `poleis` VALUES ('91', 'ΚΡΗΝΙΤΣΑ-ΠΑΛΗΟΚΑΣΤΡΟΥ', '42100');
INSERT INTO `poleis` VALUES ('92', 'ΛΙΟΠΡΑΣΟΥ-ΠΑΛΗΟΚΑΣΤΡΟΥ', '42100');
INSERT INTO `poleis` VALUES ('93', 'ΡΙΖΩΜΑΤΟΣ-ΠΑΡΑΛΗΘΑΙΩΝ', '42100');
INSERT INTO `poleis` VALUES ('94', 'ΕΛΛΗΝΟΚΑΣΤΡΟΥ-ΠΑΡΑΛΗΘΑΙΩΝ', '42100');
INSERT INTO `poleis` VALUES ('95', 'ΠΛΑΤΑΝΟΥ-ΠΑΡΑΛΗΘΑΙΩΝ', '42100');
INSERT INTO `poleis` VALUES ('96', 'ΡΑΞΑΣ-ΠΑΡΑΛΗΘΑΙΩΝ', '42100');
INSERT INTO `poleis` VALUES ('97', 'ΣΠΑΘΑΔΕΣ-ΠΑΡΑΛΗΘΑΙΩΝ', '42200');
INSERT INTO `poleis` VALUES ('98', 'ΤΑΞΙΑΡΧΩΝ-ΠΕΛΛΙΝΑΙΩΝ', '42100');
INSERT INTO `poleis` VALUES ('99', 'ΝΟΜΗΣ-ΠΕΛΛΙΝΑΙΩΝ', '42100');
INSERT INTO `poleis` VALUES ('100', 'ΠΕΤΡΟΠΟΡΟΥ-ΠΕΛΛΙΝΑΙΩΝ', '42100');
INSERT INTO `poleis` VALUES ('101', 'ΣΕΡΒΩΤΑ-ΠΕΛΛΙΝΑΙΩΝ', '42100');
INSERT INTO `poleis` VALUES ('102', 'ΦΑΝΕΡΩΜΕΝΗ-ΠΕΛΛΙΝΑΙΩΝ', '42100');
INSERT INTO `poleis` VALUES ('103', 'ΦΗΚΗ-ΠΙΑΛΕΙΩΝ', '42100');
INSERT INTO `poleis` VALUES ('104', 'ΕΛΕΥΘΕΡΟΧΩΡΙΟΥ-ΠΙΑΛΕΙΩΝ', '42100');
INSERT INTO `poleis` VALUES ('105', 'ΠΑΡΑΠΟΤΑΜΟΣ-ΠΙΑΛΕΙΩΝ', '42100');
INSERT INTO `poleis` VALUES ('106', 'ΠΙΑΛΕΙΑ-ΠΙΑΛΕΙΩΝ', '42100');
INSERT INTO `poleis` VALUES ('107', 'ΦΙΛΥΡΑ-ΠΙΑΛΕΙΩΝ', '42100');
INSERT INTO `poleis` VALUES ('108', 'ΠΥΛΗΣ', '42032');
INSERT INTO `poleis` VALUES ('109', 'ΑΓ.ΒΗΣΣΑΡΙΩΝΑ-ΠΥΛΗΣ', '42032');
INSERT INTO `poleis` VALUES ('110', 'ΑΓ.ΠΡΟΚΟΠΙΟΥ-ΠΥΛΗΣ', '42032');
INSERT INTO `poleis` VALUES ('111', 'ΚΟΤΡΩΝΙ-ΠΥΛΗΣ', '42032');
INSERT INTO `poleis` VALUES ('112', 'ΠΑΛΑΙΟΚΑΡΥΑ-ΠΥΛΗΣ', '42032');
INSERT INTO `poleis` VALUES ('113', 'ΠΕΤΡΟΧΩΡΙ-ΠΥΛΗΣ', '42032');
INSERT INTO `poleis` VALUES ('114', 'ΡΟΠΟΤΟΣ-ΠΥΛΗΣ', '42032');
INSERT INTO `poleis` VALUES ('115', 'ΣΤΟΥΡΝΑΡΑΙΙΚΑ-ΠΥΝΔΑΙΩΝ', '42032');
INSERT INTO `poleis` VALUES ('116', 'ΒΑΘΥΡΡΕΥΜΑ-ΠΥΝΔΑΙΩΝ', '42037');
INSERT INTO `poleis` VALUES ('117', 'ΒΑΛΚΑΝΟ-ΠΥΝΔΑΙΩΝ', '42037');
INSERT INTO `poleis` VALUES ('118', 'ΛΙΒΑΔΟΧΩΡΙ-ΠΥΝΔΑΙΙΩΝ', '42037');
INSERT INTO `poleis` VALUES ('119', 'ΠΕΠΛΟΣ', '');
INSERT INTO `poleis` VALUES ('120', 'ΜΕΓΑΛΟ ΔΕΡΕΙΟ', '');
INSERT INTO `poleis` VALUES ('121', 'ΜΙΚΡΟ ΔΕΡΕΙΟ', '');
INSERT INTO `poleis` VALUES ('122', 'ΑΝΘΕΙΑ', '');
INSERT INTO `poleis` VALUES ('123', 'ΑΡΙΣΤΕΙΝΟ', '');
INSERT INTO `poleis` VALUES ('124', 'ΛΟΥΤΡΑ', '');
INSERT INTO `poleis` VALUES ('125', 'ΛΑΓΥΝΑ', '');
INSERT INTO `poleis` VALUES ('126', 'ΙΤΕΑ', '');
INSERT INTO `poleis` VALUES ('127', 'ΜΕΛΙΑ', '');
INSERT INTO `poleis` VALUES ('128', 'ΚΑΒΗΣΟΣ', '');
INSERT INTO `poleis` VALUES ('129', 'ΠΟΡΟΣ-ΦΕΡΩΝ', '');
INSERT INTO `poleis` VALUES ('130', 'ΓΕΜΙΣΤΗ', '');
INSERT INTO `poleis` VALUES ('131', 'ΛΥΡΑ', '');
INSERT INTO `poleis` VALUES ('132', 'ΠΑΛΑΓΙΑ', '');
INSERT INTO `poleis` VALUES ('133', 'ΚΑΜΑΡΙΩΤΙΣΣΑ', '');
INSERT INTO `poleis` VALUES ('134', 'ΘΕΡΜΑ-ΣΑΜΟΘΡΑΚΗΣ', '');
INSERT INTO `poleis` VALUES ('135', 'ΣΑΜΟΘΡΑΚΗ', '68100');
INSERT INTO `poleis` VALUES ('136', 'ΑΠΑΛΟΣ', '');
INSERT INTO `poleis` VALUES ('137', 'ΚΑΣΤΟΡΙΑ', '');
INSERT INTO `poleis` VALUES ('138', 'ΧΙΛΗ-ΑΛΕΞ/ΠΟΛΗΣ', '');
INSERT INTO `poleis` VALUES ('139', 'ΜΑΚΡΗ-ΑΛΕΞ/ΠΟΛΗΣ', '');
INSERT INTO `poleis` VALUES ('140', 'ΜΑΙΣΤΡΟΣ', '');
INSERT INTO `poleis` VALUES ('141', 'ΧΡΥΣΟΥΠΟΛΗ ΚΑΒΑΛΑΣ', null);
INSERT INTO `poleis` VALUES ('142', 'ΔΡΑΜΑ', null);
INSERT INTO `poleis` VALUES ('143', 'ΚΑΒΑΛΑ ', null);
INSERT INTO `poleis` VALUES ('144', 'ΠΑΛΙΟ ΚΑΒΑΛΑΣ', null);
INSERT INTO `poleis` VALUES ('145', 'ΚΙΛΚΙΣ', null);
INSERT INTO `poleis` VALUES ('146', 'ΠΟΛΥΓΥΡΟΣ', null);
INSERT INTO `poleis` VALUES ('147', 'ΡΟΔΟΠΗ', null);
INSERT INTO `poleis` VALUES ('148', 'ΚΕΡΚΥΡΑ', null);
INSERT INTO `poleis` VALUES ('149', 'ΘΑΣΟΣ', null);
INSERT INTO `poleis` VALUES ('150', 'ΑΤΤΙΚΗΣ', null);
INSERT INTO `poleis` VALUES ('151', 'ΑΣΠΡΟΒΑΛΤΑ', null);
INSERT INTO `poleis` VALUES ('152', 'ΧΑΛΚΙΔΙΚΗ', null);
INSERT INTO `poleis` VALUES ('153', 'ΣΕΡΡΕΣ', null);
INSERT INTO `poleis` VALUES ('154', 'ΚΕΡΑΤΣΙΝΙ ΑΘΗΝΑ', null);
INSERT INTO `poleis` VALUES ('155', 'ΑΡΤΑ', null);
INSERT INTO `poleis` VALUES ('156', 'ΠΥΡΓΟΣ ΗΛΕΙΑΣ', null);
INSERT INTO `poleis` VALUES ('157', 'ΠΑΤΡΑ', '26224');
INSERT INTO `poleis` VALUES ('158', 'ΜΥΤΙΛΗΝΗ', null);
INSERT INTO `poleis` VALUES ('159', 'ΚΑΡΠΕΝΗΣΙ', null);
INSERT INTO `poleis` VALUES ('160', 'ΠΕΙΡΑΙΑΣ', null);
INSERT INTO `poleis` VALUES ('161', 'ΛΑΡΙΣΑ', null);
INSERT INTO `poleis` VALUES ('162', 'ΚΑΤΕΡΙΝΗ', null);
INSERT INTO `poleis` VALUES ('163', 'ΒΑΡΗ', null);
INSERT INTO `poleis` VALUES ('164', 'ΒΑΡΗ ΑΘΗΝΑ', null);
INSERT INTO `poleis` VALUES ('165', 'ΛΑΒΑΡΑ', '');

-- ----------------------------
-- Table structure for `selectall`
-- ----------------------------
CREATE TABLE `selectall` (
  `ΕπιλογηText` varchar(50) DEFAULT NULL,
  `ΕπιλογηΣυμβολο` varchar(50) DEFAULT NULL,
  `ΑΑ` smallint(6) DEFAULT '0'
) ENGINE=InnoDB DEFAULT CHARSET=utf8;

-- ----------------------------
-- Records of selectall
-- ----------------------------
INSERT INTO `selectall` VALUES ('************', '*', '0');

-- ----------------------------
-- Table structure for `terminals`
-- ----------------------------
CREATE TABLE `terminals` (
  `IDTerminal` int(11) NOT NULL AUTO_INCREMENT,
  `TerminalNo` int(11) DEFAULT '0',
  `TerminalPerigrafi` varchar(255) NOT NULL,
  `Titlos` varchar(100) DEFAULT NULL,
  `Ypotitlos` varchar(100) DEFAULT NULL,
  `Tilefono` varchar(50) DEFAULT NULL,
  `email` varchar(100) DEFAULT NULL,
  `PhotoFileName` varchar(250) DEFAULT NULL,
  `isActive` tinyint(1) DEFAULT '-1',
  `Sxolia` longtext,
  PRIMARY KEY (`IDTerminal`),
  KEY `ThesiPerigrafi` (`TerminalPerigrafi`)
) ENGINE=InnoDB AUTO_INCREMENT=605 DEFAULT CHARSET=utf8;

-- ----------------------------
-- Records of terminals
-- ----------------------------
INSERT INTO `terminals` VALUES ('155', '3', 'ΧΕΛΗΣ ΛΕΩΝΙΔΑΣ', 'ΟΓΚΟΛΟΓΟΣ', '', '25510 12234, 6977 123456', 'xelis@dpth.gr', 'Nick1.jpg', '-1', '');
INSERT INTO `terminals` VALUES ('447', '2', 'ΑΜΑΡΑΝΤΙΔΗΣ ΚΥΡΙΑΚΟΣ', 'ΟΓΚΟΛΟΓΟΣ', '', '25510 11111', 'k.amarantidis@gmail.com', 'Nick1.jpg', '-1', 'θα απουσιάζει από 15/7 - 22/7-2015');
INSERT INTO `terminals` VALUES ('450', '1', 'ΞΕΝΙΔΗΣ ΝΙΚΟΛΑΟΣ', 'ΟΓΚΟΛΟΓΟΣ', '', '25510 22222 , εσ. 102', 'xenidis@dpth.gr', 'm1.jpg', '-1', '');
INSERT INTO `terminals` VALUES ('600', '5', 'ΑΙΘΟΥΣΑ 5', '', '', '', '', '', '0', '');
INSERT INTO `terminals` VALUES ('601', '4', 'ΑΙΘΟΥΣΑ 4', '', '', '', '', '', '0', '');
INSERT INTO `terminals` VALUES ('602', '6', 'ΑΙΘΟΥΣΑ 6', '', '', '', '', '', '0', '');
INSERT INTO `terminals` VALUES ('603', '7', 'ΑΙΘΟΥΣΑ 7', '', '', '', '', '', '0', '');
INSERT INTO `terminals` VALUES ('604', '8', 'ΑΙΘΟΥΣΑ 8', '', '', '', '', '', '0', '');

-- ----------------------------
-- Table structure for `terminalstats`
-- ----------------------------
CREATE TABLE `terminalstats` (
  `IDc` int(11) NOT NULL AUTO_INCREMENT,
  `IDTerminal` int(11) DEFAULT NULL,
  `TerminalNo` int(11) DEFAULT '0',
  `Hmnia` date DEFAULT NULL,
  `HmniaNum` int(11) DEFAULT NULL,
  `StartTime` time DEFAULT NULL,
  `StartTimeNum` int(11) DEFAULT '0',
  `LastTime` time DEFAULT NULL,
  `LastTimeNum` int(11) DEFAULT '0',
  `CustomersPosMax` int(11) DEFAULT NULL,
  `CustomersTerminalMax` int(11) DEFAULT NULL,
  `CustomersNoService` int(11) DEFAULT NULL,
  `Sxolia` longtext,
  PRIMARY KEY (`IDc`)
) ENGINE=InnoDB AUTO_INCREMENT=347 DEFAULT CHARSET=utf8 ROW_FORMAT=COMPACT;

-- ----------------------------
-- Records of terminalstats
-- ----------------------------
INSERT INTO `terminalstats` VALUES ('286', '155', '3', '2015-07-16', '20150716', '09:45:00', '155', '13:55:14', '50114', '6', '3', '0', null);
INSERT INTO `terminalstats` VALUES ('287', '447', '2', '2015-07-16', '20150716', '08:12:00', '447', '20:14:07', '72847', '24', '8', '3', null);
INSERT INTO `terminalstats` VALUES ('288', '450', '1', '2015-07-16', '20150716', '08:22:00', '450', '15:37:46', '56266', '16', '5', '3', null);
INSERT INTO `terminalstats` VALUES ('289', '447', '2', '2015-07-17', '20150717', '07:53:15', '447', '07:53:15', '28395', '4', '1', '0', null);
INSERT INTO `terminalstats` VALUES ('290', '450', '1', '2015-07-17', '20150717', '08:03:12', '28992', '18:21:24', '66084', '14', '5', '1', null);
INSERT INTO `terminalstats` VALUES ('291', '450', '1', '2015-07-18', '20150718', '09:49:28', '35368', '20:52:26', '75146', '11', '4', '1', null);
INSERT INTO `terminalstats` VALUES ('292', '447', '2', '2015-07-18', '20150718', '09:49:56', '35396', '21:03:54', '75834', '14', '3', '0', null);
INSERT INTO `terminalstats` VALUES ('293', '155', '3', '2015-07-18', '20150718', '16:51:28', '60688', '17:04:57', '61497', '10', '2', '0', null);
INSERT INTO `terminalstats` VALUES ('294', '447', '2', '2015-07-22', '20150722', '20:53:43', '75223', '21:47:59', '78479', '8', '2', '0', null);
INSERT INTO `terminalstats` VALUES ('295', '450', '1', '2015-07-22', '20150722', '21:57:16', '79036', '21:57:16', '79036', '8', '1', '0', null);
INSERT INTO `terminalstats` VALUES ('296', '450', '1', '2015-07-24', '20150724', '19:44:32', '71072', '19:44:32', '71072', '4', '1', '0', null);
INSERT INTO `terminalstats` VALUES ('297', '450', '1', '2015-07-26', '20150726', '11:26:06', '41166', '22:32:41', '81161', '13', '3', '0', null);
INSERT INTO `terminalstats` VALUES ('298', '447', '2', '2015-07-26', '20150726', '13:13:41', '47621', '22:32:26', '81146', '13', '3', '1', null);
INSERT INTO `terminalstats` VALUES ('299', '450', '1', '2015-05-30', '20150530', '00:00:00', '0', '00:00:00', '0', '21', '4', null, null);
INSERT INTO `terminalstats` VALUES ('300', '450', '1', '2015-06-05', '20150605', '00:00:00', '0', '00:00:00', '0', '17', '6', null, null);
INSERT INTO `terminalstats` VALUES ('301', '450', '1', '2015-06-06', '20150606', '00:00:00', '0', '00:00:00', '0', '2', '2', null, null);
INSERT INTO `terminalstats` VALUES ('302', '450', '1', '2015-06-08', '20150608', '00:00:00', '0', '00:00:00', '0', '2', '1', null, null);
INSERT INTO `terminalstats` VALUES ('303', '450', '1', '2015-06-09', '20150609', '00:00:00', '0', '00:00:00', '0', '25', '2', null, null);
INSERT INTO `terminalstats` VALUES ('304', '450', '1', '2015-06-11', '20150611', '00:00:00', '0', '00:00:00', '0', '20', '2', null, null);
INSERT INTO `terminalstats` VALUES ('305', '450', '1', '2015-07-04', '20150704', '00:00:00', '0', '00:00:00', '0', '18', '1', null, null);
INSERT INTO `terminalstats` VALUES ('306', '450', '1', '2015-07-05', '20150705', '00:00:00', '0', '00:00:00', '0', '23', '3', null, null);
INSERT INTO `terminalstats` VALUES ('307', '450', '1', '2015-07-06', '20150706', '00:00:00', '0', '00:00:00', '0', '21', '1', null, null);
INSERT INTO `terminalstats` VALUES ('308', '450', '1', '2015-07-08', '20150708', '00:00:00', '0', '00:00:00', '0', '5', '1', null, null);
INSERT INTO `terminalstats` VALUES ('309', '450', '1', '2015-07-09', '20150709', '00:00:00', '0', '00:00:00', '0', '11', '2', null, null);
INSERT INTO `terminalstats` VALUES ('310', '450', '1', '2015-07-13', '20150713', '00:00:00', '0', '00:00:00', '0', '22', '1', null, null);
INSERT INTO `terminalstats` VALUES ('311', '450', '1', '2015-07-14', '20150714', '00:00:00', '0', '00:00:00', '0', '25', '4', null, null);
INSERT INTO `terminalstats` VALUES ('312', '450', '1', '2015-07-15', '20150715', '00:00:00', '0', '00:00:00', '0', '17', '2', null, null);
INSERT INTO `terminalstats` VALUES ('313', '447', '2', '2015-05-30', '20150530', '00:00:00', '0', '00:00:00', '0', '21', '4', null, null);
INSERT INTO `terminalstats` VALUES ('314', '447', '2', '2015-06-05', '20150605', '00:00:00', '0', '00:00:00', '0', '17', '2', null, null);
INSERT INTO `terminalstats` VALUES ('315', '447', '2', '2015-06-09', '20150609', '00:00:00', '0', '00:00:00', '0', '25', '2', null, null);
INSERT INTO `terminalstats` VALUES ('316', '447', '2', '2015-06-10', '20150610', '00:00:00', '0', '00:00:00', '0', '3', '1', null, null);
INSERT INTO `terminalstats` VALUES ('317', '447', '2', '2015-06-11', '20150611', '00:00:00', '0', '00:00:00', '0', '20', '1', null, null);
INSERT INTO `terminalstats` VALUES ('318', '447', '2', '2015-07-04', '20150704', '00:00:00', '0', '00:00:00', '0', '18', '5', null, null);
INSERT INTO `terminalstats` VALUES ('319', '447', '2', '2015-07-05', '20150705', '00:00:00', '0', '00:00:00', '0', '23', '3', null, null);
INSERT INTO `terminalstats` VALUES ('320', '447', '2', '2015-07-06', '20150706', '00:00:00', '0', '00:00:00', '0', '21', '3', null, null);
INSERT INTO `terminalstats` VALUES ('321', '447', '2', '2015-07-08', '20150708', '00:00:00', '0', '00:00:00', '0', '5', '1', null, null);
INSERT INTO `terminalstats` VALUES ('322', '447', '2', '2015-07-09', '20150709', '00:00:00', '0', '00:00:00', '0', '11', '3', null, null);
INSERT INTO `terminalstats` VALUES ('323', '447', '2', '2015-07-13', '20150713', '00:00:00', '0', '00:00:00', '0', '22', '3', null, null);
INSERT INTO `terminalstats` VALUES ('324', '447', '2', '2015-07-14', '20150714', '00:00:00', '0', '00:00:00', '0', '25', '2', null, null);
INSERT INTO `terminalstats` VALUES ('325', '447', '2', '2015-07-15', '20150715', '00:00:00', '0', '00:00:00', '0', '17', '3', null, null);
INSERT INTO `terminalstats` VALUES ('326', '155', '3', '2015-05-30', '20150530', '00:00:00', '0', '00:00:00', '0', '21', '10', null, null);
INSERT INTO `terminalstats` VALUES ('327', '155', '3', '2015-06-05', '20150605', '00:00:00', '0', '00:00:00', '0', '17', '3', null, null);
INSERT INTO `terminalstats` VALUES ('328', '155', '3', '2015-06-09', '20150609', '00:00:00', '0', '00:00:00', '0', '25', '2', null, null);
INSERT INTO `terminalstats` VALUES ('329', '155', '3', '2015-06-11', '20150611', '00:00:00', '0', '00:00:00', '0', '20', '4', null, null);
INSERT INTO `terminalstats` VALUES ('330', '155', '3', '2015-07-04', '20150704', '00:00:00', '0', '00:00:00', '0', '18', '5', null, null);
INSERT INTO `terminalstats` VALUES ('331', '155', '3', '2015-07-05', '20150705', '00:00:00', '0', '00:00:00', '0', '23', '4', null, null);
INSERT INTO `terminalstats` VALUES ('332', '155', '3', '2015-07-06', '20150706', '00:00:00', '0', '00:00:00', '0', '21', '2', null, null);
INSERT INTO `terminalstats` VALUES ('333', '155', '3', '2015-07-14', '20150714', '00:00:00', '0', '00:00:00', '0', '25', '5', null, null);
INSERT INTO `terminalstats` VALUES ('334', '155', '3', '2015-07-15', '20150715', '00:00:00', '0', '00:00:00', '0', '17', '1', null, null);
INSERT INTO `terminalstats` VALUES ('335', '601', '4', '2015-06-09', '20150609', '00:00:00', '0', '00:00:00', '0', '25', '2', null, null);
INSERT INTO `terminalstats` VALUES ('336', '600', '5', '2015-06-05', '20150605', '00:00:00', '0', '00:00:00', '0', '17', '1', null, null);
INSERT INTO `terminalstats` VALUES ('337', '155', '3', '2015-07-26', '20150726', '22:32:52', '81172', '22:32:52', '81172', '13', '1', '0', null);
INSERT INTO `terminalstats` VALUES ('338', '155', '3', '2015-07-27', '20150727', '21:30:35', '77435', '21:34:05', '77645', '5', '2', '0', null);
INSERT INTO `terminalstats` VALUES ('339', '447', '2', '2015-07-27', '20150727', '21:35:00', '77700', '22:27:04', '80824', '13', '3', '0', null);
INSERT INTO `terminalstats` VALUES ('340', '450', '1', '2015-07-27', '20150727', '22:28:06', '80886', '22:28:06', '80886', '13', '1', '0', null);
INSERT INTO `terminalstats` VALUES ('341', '450', '1', '2015-07-28', '20150728', '08:42:34', '31354', '09:53:18', '35598', '25', '4', '1', null);
INSERT INTO `terminalstats` VALUES ('342', '447', '2', '2015-07-28', '20150728', '09:39:16', '34756', '12:42:32', '45752', '25', '3', '0', null);
INSERT INTO `terminalstats` VALUES ('343', '155', '3', '2015-07-28', '20150728', '10:03:53', '36233', '22:44:13', '81853', '25', '9', '1', null);
INSERT INTO `terminalstats` VALUES ('344', '450', '1', '2015-07-29', '20150729', '08:34:37', '30877', '13:24:44', '48284', '15', '5', '1', null);
INSERT INTO `terminalstats` VALUES ('345', '447', '2', '2015-07-29', '20150729', '08:35:23', '30923', '09:16:29', '33389', '15', '2', '0', null);
INSERT INTO `terminalstats` VALUES ('346', '155', '3', '2015-07-29', '20150729', '08:49:16', '31756', '09:17:53', '33473', '15', '2', '0', null);

-- ----------------------------
-- Table structure for `updatepos`
-- ----------------------------
CREATE TABLE `updatepos` (
  `IDc` int(11) NOT NULL AUTO_INCREMENT,
  `Hmnia` date DEFAULT NULL,
  `HmniaNum` int(11) DEFAULT NULL,
  `StartTime` time DEFAULT NULL,
  `StartTimeNum` int(11) DEFAULT '0',
  `MaxNo` int(11) DEFAULT NULL,
  `LastInputNo` int(11) DEFAULT NULL,
  `LastTime` time DEFAULT NULL,
  `LastTimeNum` int(11) DEFAULT '0',
  `LastTerminalCall` int(11) DEFAULT '0',
  `TimeBetwenCalls` int(11) DEFAULT NULL,
  `Message1` varchar(255) DEFAULT NULL,
  `Message2` varchar(255) DEFAULT NULL,
  `Message3` varchar(255) DEFAULT NULL,
  `Message4` varchar(255) DEFAULT NULL,
  `LastTimeNumParams` int(11) DEFAULT '0',
  PRIMARY KEY (`IDc`)
) ENGINE=InnoDB AUTO_INCREMENT=47 DEFAULT CHARSET=utf8;

-- ----------------------------
-- Records of updatepos
-- ----------------------------
INSERT INTO `updatepos` VALUES ('1', '2015-05-29', '20150529', '22:12:00', '2212', '5', '0', '22:36:00', '2236', null, '0', null, null, null, null, '0');
INSERT INTO `updatepos` VALUES ('2', '2015-05-30', '20150530', '08:20:00', '820', '21', '18', '11:29:05', '41345', '1', '0', null, null, null, null, '0');
INSERT INTO `updatepos` VALUES ('3', '2015-05-31', '20150531', '15:31:00', '55903', '3', '0', '15:34:00', '56082', '0', '0', null, null, null, null, '0');
INSERT INTO `updatepos` VALUES ('4', '2015-06-01', '20150601', '09:40:00', '34839', '1', '0', '09:40:00', '34839', '0', '0', null, null, null, null, '0');
INSERT INTO `updatepos` VALUES ('5', '2015-06-02', '20150602', '14:45:00', '53122', '2', '0', '14:46:00', '53187', '0', '0', null, null, null, null, '0');
INSERT INTO `updatepos` VALUES ('6', '2015-06-04', '20150604', '09:19:00', '33550', '3', '0', '09:21:00', '33682', '0', '0', null, null, null, null, '0');
INSERT INTO `updatepos` VALUES ('7', '2015-06-05', '20150605', '09:04:00', '32680', '17', '12', '17:40:46', '63646', '1', '0', null, null, null, null, '0');
INSERT INTO `updatepos` VALUES ('8', '2015-06-06', '20150606', '09:45:00', '35142', '2', '2', '09:47:05', '35225', '1', '0', null, null, null, null, '0');
INSERT INTO `updatepos` VALUES ('9', '2015-06-08', '20150608', '22:57:00', '82643', '2', '1', '22:58:49', '82729', '1', '0', null, null, null, null, '0');
INSERT INTO `updatepos` VALUES ('10', '2015-06-09', '20150609', '08:52:00', '31935', '25', '8', '09:37:13', '34633', '2', '0', null, null, null, null, '0');
INSERT INTO `updatepos` VALUES ('11', '2015-06-10', '20150610', '08:19:00', '29983', '3', '1', '08:21:49', '30109', '2', '0', null, null, null, null, '0');
INSERT INTO `updatepos` VALUES ('12', '2015-06-11', '20150611', '00:39:00', '2364', '20', '7', '20:19:00', '73196', '3', '0', null, null, null, null, '0');
INSERT INTO `updatepos` VALUES ('13', '2015-06-16', '20150616', '21:38:00', '77936', '2', '0', '21:45:00', '78330', '0', '0', null, null, null, null, '0');
INSERT INTO `updatepos` VALUES ('14', '2015-06-17', '20150617', '12:13:00', '44005', '3', '0', '12:13:00', '44038', '0', '0', null, null, null, null, '0');
INSERT INTO `updatepos` VALUES ('18', '2015-07-03', '20150703', '15:21:00', '55283', '2', '0', '18:38:00', '67106', '0', '0', null, null, null, null, '0');
INSERT INTO `updatepos` VALUES ('19', '2015-07-04', '20150704', '00:12:00', '742', '18', '11', '23:43:36', '85416', '3', '0', null, null, null, null, '0');
INSERT INTO `updatepos` VALUES ('20', '2015-07-05', '20150705', '00:47:00', '2828', '23', '10', '15:10:39', '54639', '3', '0', null, null, null, null, '0');
INSERT INTO `updatepos` VALUES ('21', '2015-07-06', '20150706', '19:03:00', '68635', '21', '6', '19:20:57', '69657', '2', '0', null, null, null, null, '0');
INSERT INTO `updatepos` VALUES ('22', '2015-07-08', '20150708', '20:43:00', '74598', '5', '2', '21:54:22', '78862', '1', '0', null, null, null, null, '0');
INSERT INTO `updatepos` VALUES ('23', '2015-07-09', '20150709', '09:42:00', '34964', '11', '5', '10:49:00', '38941', '1', '0', null, null, null, null, '38906');
INSERT INTO `updatepos` VALUES ('25', '2015-07-13', '20150713', '16:28:00', '59332', '22', '4', '23:54:00', '86096', '2', '0', null, null, null, null, '79640');
INSERT INTO `updatepos` VALUES ('26', '2015-07-14', '20150714', '00:02:00', '152', '25', '11', '14:13:02', '51182', '3', '0', null, null, null, null, '50757');
INSERT INTO `updatepos` VALUES ('32', '2015-07-15', '20150715', '10:53:00', '39216', '17', '6', '21:12:47', '76367', '3', '0', null, null, null, null, '72073');
INSERT INTO `updatepos` VALUES ('34', '2015-07-16', '20150716', '13:53:00', '49986', '24', '17', '20:14:00', '72894', '2', '0', null, null, null, null, '0');
INSERT INTO `updatepos` VALUES ('35', '2015-07-17', '20150717', '07:52:00', '28367', '14', '6', '22:05:00', '79557', '1', '0', null, null, null, null, '38017');
INSERT INTO `updatepos` VALUES ('36', '2015-07-18', '20150718', '09:46:00', '35169', '14', '9', '21:03:54', '75834', '2', '0', null, null, null, null, '44898');
INSERT INTO `updatepos` VALUES ('37', '2015-07-22', '20150722', '20:47:00', '74874', '9', '3', '21:58:00', '79132', '1', '0', null, null, null, null, '0');
INSERT INTO `updatepos` VALUES ('38', '2015-07-23', '20150723', '13:55:00', '50131', '4', '0', '14:44:14', '53054', '0', '0', null, null, null, null, '0');
INSERT INTO `updatepos` VALUES ('39', '2015-07-24', '20150724', '19:44:05', '71045', '6', '1', '21:53:19', '78799', '1', '0', null, null, null, null, '0');
INSERT INTO `updatepos` VALUES ('40', '2015-07-26', '20150726', '09:06:54', '32814', '13', '7', '22:32:52', '81172', '3', '0', null, null, null, null, '48370');
INSERT INTO `updatepos` VALUES ('42', '2015-07-27', '20150727', '09:19:32', '33572', '14', '6', '22:31:03', '81063', '1', '0', null, null, null, null, '0');
INSERT INTO `updatepos` VALUES ('43', '2015-07-28', '20150728', '08:41:05', '31265', '25', '16', '22:44:13', '81853', '3', '0', null, null, null, null, '38044');
INSERT INTO `updatepos` VALUES ('44', '2015-07-29', '20150729', '08:29:41', '30581', '15', '9', '13:44:22', '49462', '1', '0', null, null, null, null, '75223');
INSERT INTO `updatepos` VALUES ('45', '2018-09-21', '20180921', '15:34:00', '56072', '2', '0', '16:12:00', '58334', '0', '0', null, null, null, null, '0');
INSERT INTO `updatepos` VALUES ('46', '2019-05-15', '20190515', '13:48:00', '49703', null, '0', null, '0', '0', '0', null, null, null, null, '49703');

-- ----------------------------
-- Table structure for `updateterminal`
-- ----------------------------
CREATE TABLE `updateterminal` (
  `IDc` int(11) NOT NULL AUTO_INCREMENT,
  `IDTerminal` int(11) DEFAULT NULL,
  `TerminalNo` int(11) DEFAULT '0',
  `Hmnia` date DEFAULT NULL,
  `HmniaNum` int(11) DEFAULT NULL,
  `StartTime` time DEFAULT NULL,
  `StartTimeNum` int(11) DEFAULT '0',
  `CurrentNo` int(11) DEFAULT NULL,
  `MaxNo` int(11) DEFAULT NULL,
  `CallTime` time DEFAULT NULL,
  `CallTimeNum` int(11) DEFAULT '0',
  `Message1` varchar(255) DEFAULT NULL,
  `Message2` varchar(255) DEFAULT NULL,
  `Message3` varchar(255) DEFAULT NULL,
  `Message4` varchar(255) DEFAULT NULL,
  PRIMARY KEY (`IDc`)
) ENGINE=InnoDB AUTO_INCREMENT=434 DEFAULT CHARSET=utf8;

-- ----------------------------
-- Records of updateterminal
-- ----------------------------
INSERT INTO `updateterminal` VALUES ('417', '450', '1', '2015-07-29', '20150729', '08:29:41', '30581', '1', '1', '08:34:37', '30877', null, null, null, null);
INSERT INTO `updateterminal` VALUES ('418', '447', '2', '2015-07-29', '20150729', '08:29:57', '30597', '2', '2', '08:35:23', '30923', null, null, null, null);
INSERT INTO `updateterminal` VALUES ('419', '450', '1', '2015-07-29', '20150729', '08:30:08', '30608', '3', '3', '08:48:28', '31708', null, null, null, null);
INSERT INTO `updateterminal` VALUES ('420', '155', '3', '2015-07-29', '20150729', '08:31:12', '30672', '4', '4', '08:49:16', '31756', null, null, null, null);
INSERT INTO `updateterminal` VALUES ('421', '447', '2', '2015-07-29', '20150729', '08:32:03', '30723', '5', '5', '09:16:29', '33389', null, null, null, null);
INSERT INTO `updateterminal` VALUES ('422', '450', '1', '2015-07-29', '20150729', '08:32:44', '30764', '6', '6', '09:17:48', '33468', null, null, null, null);
INSERT INTO `updateterminal` VALUES ('423', '155', '3', '2015-07-29', '20150729', '08:49:06', '31746', '7', '7', '09:17:53', '33473', null, null, null, null);
INSERT INTO `updateterminal` VALUES ('424', '450', '1', '2015-07-29', '20150729', '09:16:29', '33389', '8', '8', '13:24:35', '48275', null, null, null, null);
INSERT INTO `updateterminal` VALUES ('425', '450', '1', '2015-07-29', '20150729', '09:18:10', '33490', '9', '9', '13:24:44', '48284', null, null, null, null);
INSERT INTO `updateterminal` VALUES ('426', null, '0', '2015-07-29', '20150729', '09:18:15', '33495', '10', '10', null, '0', null, null, null, null);
INSERT INTO `updateterminal` VALUES ('427', null, '0', '2015-07-29', '20150729', '09:18:20', '33500', '11', '11', null, '0', null, null, null, null);
INSERT INTO `updateterminal` VALUES ('428', null, '0', '2015-07-29', '20150729', '10:41:01', '38461', '12', '12', null, '0', null, null, null, null);
INSERT INTO `updateterminal` VALUES ('429', null, '0', '2015-07-29', '20150729', '13:23:18', '48198', '13', '13', null, '0', null, null, null, null);
INSERT INTO `updateterminal` VALUES ('430', null, '0', '2015-07-29', '20150729', '13:24:02', '48242', '14', '14', null, '0', null, null, null, null);
INSERT INTO `updateterminal` VALUES ('431', null, '0', '2015-07-29', '20150729', '13:44:22', '49462', '15', '15', null, '0', null, null, null, null);
INSERT INTO `updateterminal` VALUES ('432', null, '0', '2018-09-21', '20180921', '15:34:00', '56072', '1', '1', null, '0', null, null, null, null);
INSERT INTO `updateterminal` VALUES ('433', null, '0', '2018-09-21', '20180921', '16:12:00', '58334', '2', '2', null, '0', null, null, null, null);

-- ----------------------------
-- Table structure for `_dataversion`
-- ----------------------------
CREATE TABLE `_dataversion` (
  `No` varchar(50) DEFAULT NULL
) ENGINE=InnoDB DEFAULT CHARSET=utf8;

-- ----------------------------
-- Records of _dataversion
-- ----------------------------
INSERT INTO `_dataversion` VALUES ('7.0');

-- ----------------------------
-- Table structure for `_updated`
-- ----------------------------
CREATE TABLE `_updated` (
  `IDc` int(11) NOT NULL AUTO_INCREMENT,
  `LastDate` int(11) DEFAULT NULL,
  `LastTime` int(11) DEFAULT NULL,
  `UpdateIDThesis` int(11) DEFAULT NULL,
  `UpdateThesi` varchar(100) DEFAULT NULL,
  `UpdateUser` varchar(50) DEFAULT NULL,
  `LastDateParams` int(11) DEFAULT '0',
  `LastTimeParams` int(11) DEFAULT '0',
  `closePos` int(11) DEFAULT NULL,
  `CloseScreenTv` int(11) DEFAULT NULL,
  PRIMARY KEY (`IDc`)
) ENGINE=InnoDB AUTO_INCREMENT=2 DEFAULT CHARSET=utf8;

-- ----------------------------
-- Records of _updated
-- ----------------------------
INSERT INTO `_updated` VALUES ('1', '20150530', '134823', null, '0', null, null, null, null, null);

-- ----------------------------
-- View structure for `q_terminalstatswithterminals`
-- ----------------------------
DROP VIEW IF EXISTS `q_terminalstatswithterminals`;
CREATE ALGORITHM=UNDEFINED DEFINER=`my.sqluser`@`%` SQL SECURITY DEFINER VIEW `q_terminalstatswithterminals` AS select `terminalstats`.`IDc` AS `IDc`,`terminalstats`.`IDTerminal` AS `IDTerminal`,`terminalstats`.`TerminalNo` AS `TerminalNo`,`terminalstats`.`Hmnia` AS `Hmnia`,`terminalstats`.`HmniaNum` AS `HmniaNum`,`terminalstats`.`StartTime` AS `StartTime`,`terminalstats`.`StartTimeNum` AS `StartTimeNum`,`terminalstats`.`LastTime` AS `LastTime`,`terminalstats`.`LastTimeNum` AS `LastTimeNum`,`terminalstats`.`CustomersPosMax` AS `CustomersPosMax`,`terminalstats`.`CustomersTerminalMax` AS `CustomersTerminalMax`,`terminalstats`.`CustomersNoService` AS `CustomersNoService`,`terminalstats`.`Sxolia` AS `Sxolia`,`terminals`.`TerminalPerigrafi` AS `TerminalPerigrafi`,`terminals`.`Titlos` AS `Titlos`,`terminals`.`Ypotitlos` AS `Ypotitlos`,`terminals`.`Tilefono` AS `Tilefono`,`terminals`.`email` AS `email`,`terminals`.`PhotoFileName` AS `PhotoFileName`,`terminals`.`isActive` AS `isActive`,`terminals`.`Sxolia` AS `SxoliaTermatikou` from (`terminalstats` join `terminals` on((`terminals`.`IDTerminal` = `terminalstats`.`IDTerminal`))) ;
